{"id":10222,"date":"2024-07-10T15:44:56","date_gmt":"2024-07-10T13:44:56","guid":{"rendered":"https:\/\/rankomat.pl\/finanse\/?page_id=10222"},"modified":"2024-11-08T09:56:17","modified_gmt":"2024-11-08T08:56:17","slug":"konta-bankowe","status":"publish","type":"page","link":"https:\/\/rankomat.pl\/finanse\/banki\/alior-bank\/konta-bankowe\/","title":{"rendered":"Konta bankowe w Alior Banku"},"content":{"rendered":"<p><strong>Rachunek osobisty to podstawowe narz\u0119dzie do zarz\u0105dzania swoimi finansami. W Alior Banku rodzaj konta osobistego mo\u017cesz dopasowa\u0107 do swoich potrzeb korzystaj\u0105c z elastycznych rozwi\u0105za\u0144. Mo\u017cliwo\u015b\u0107 po\u0142\u0105czenia kilku produkt\u00f3w: rachunku rozliczeniowego z kontem oszcz\u0119dno\u015bciowym czy wielowalutowym, daje Ci kompleksowe rozwi\u0105zanie dostosowane do ka\u017cdej sytuacji.<\/strong><\/p>\n<h2>Jakie konta osobiste dost\u0119pne s\u0105 w Alior Banku?<\/h2>\n<p>W Alior Banku znajdziesz szerok\u0105 ofert\u0119 kont rozliczeniowo &#8211; oszcz\u0119dno\u015bciowych, kt\u00f3re zapewni\u0105 Ci mo\u017cliwo\u015b\u0107 zarz\u0105dzania finansami. Opr\u00f3cz typowych ROR-\u00f3w Alior Bank dla klient\u00f3w indywidualnych oferuje r\u00f3wnie\u017c rachunki oszcz\u0119dno\u015bciowe, walutowe czy konta dla m\u0142odych.<\/p>\n<h3><a href=\"https:\/\/rankomat.pl\/finanse\/konta\/konto-jakze-osobiste-w-alior-banku\/\"><strong>Konto Jak\u017ce Osobiste w Alior Banku<\/strong><\/a><\/h3>\n<p>Standardowy rachunek rozliczeniowo &#8211; oszcz\u0119dno\u015bciowy. Spe\u0142nienie kilku prostych warunk\u00f3w sprawi, \u017ce za korzystanie z konta i karty debetowej nic nie zap\u0142acisz. W ramach promocyjnych warunk\u00f3w jako nowy klient masz szans\u0119 na zdobycie dodatkowej got\u00f3wki, a w po\u0142\u0105czeniu z rachunkiem oszcz\u0119dno\u015bciowym wy\u017cszego oprocentowania. Dopasuj konto do swoich potrzeb &#8211; masz do wyboru a\u017c 11 korzy\u015bci przydatnych na co dzie\u0144 i podczas podr\u00f3\u017cy.<\/p>\n<h3><strong>Konto dla graczy w Alior Banku<\/strong><\/h3>\n<p>Alior Bank daje Ci mo\u017cliwo\u015b\u0107 po\u0142\u0105czenia pasji z praktycznym bankowaniem na co dzie\u0144. Rachunek otworzysz online, a je\u015bli nie uko\u0144czy\u0142e\u015b jeszcze 26 lat, z konta skorzystasz bezp\u0142atnie. Wyr\u00f3\u017cnisz si\u0119 dzi\u0119ki unikatowej karcie z wizerunkiem postaci z gry, kt\u00f3ra dodatkowo da Ci mo\u017cliwo\u015b\u0107 dost\u0119pu do wyj\u0105tkowych nagr\u00f3d w programie Bezcenne Chwile.<\/p>\n<h3><strong>Konto dla m\u0142odych w Alior Banku<\/strong><\/h3>\n<p>Rachunek dla os\u00f3b od 13 do 17 lat, kt\u00f3ry otworzysz za zgod\u0105 rodzica. Bez op\u0142at za prowadzenie konta i z dodatkowymi bonusami na start. Klasyczne rozwi\u0105zanie jako dobry spos\u00f3b na nauk\u0119 zarz\u0105dzania swoimi finansami.<\/p>\n<h3><strong>Konto Internetowe w Alior Banku<\/strong><\/h3>\n<p>Darmowe konto rozliczeniowo &#8211; oszcz\u0119dno\u015bciowe bez \u017cadnych warunk\u00f3w. Z oferty mog\u0105 skorzysta\u0107 zar\u00f3wno osoby pe\u0142noletnie, jak i klienci, kt\u00f3rzy nie uko\u0144czyli jeszcze 18 lat. Prosty i uniwersalny rachunek z minimum koszt\u00f3w.<\/p>\n<h3><strong>Konto walutowe w Alior Banku<\/strong><\/h3>\n<p>Bezp\u0142atny rachunek, kt\u00f3ry mo\u017ce by\u0107 prowadzony w jednej z czterech podstawowych walut: EUR, USA, CHF, GBP. W po\u0142\u0105czeniu z Kontem Jak\u017ce Osobistym daje Ci mo\u017cliwo\u015b\u0107 korzystania z us\u0142ugi wielowalutowej i wymiany walut online. Praktyczne rozwi\u0105zanie, nie tylko dla os\u00f3b ceni\u0105cych dalsze podr\u00f3\u017ce.<\/p>\n<h3><strong>Podstawowy Rachunek P\u0142atniczy w Alior Banku<\/strong><\/h3>\n<p>Bezp\u0142atne konto bankowe dla os\u00f3b, kt\u00f3re nie posiadaj\u0105 innych rachunk\u00f3w bankowych. Realizuje cele okre\u015blone w przepisach i oferuje ograniczony zakres funkcjonalno\u015bci, zapewniaj\u0105c jednocze\u015bnie realizacj\u0119 podstawowych transakcji bez koszt\u00f3w.<\/p>\n<h2>Jak za\u0142o\u017cy\u0107 konto osobiste w Alior Banku?<\/h2>\n<p>Spos\u00f3b za\u0142o\u017cenia konta osobistego w Alior Banku zale\u017cy od rodzaju rachunku, ale zwykle zak\u0142ada mo\u017cliwo\u015b\u0107 skorzystania z jednego z trzech kana\u0142\u00f3w do wyboru. Mo\u017cliwe jest zar\u00f3wno nowoczesne, jak i tradycyjne podej\u015bcie.<\/p>\n<ul>\n<li><strong>Online<\/strong> &#8211; Najwygodniejszy spos\u00f3b na otwarcie rachunku bankowego o dowolnej godzinie i ka\u017cdego dnia, zak\u0142ada korzystanie z kana\u0142\u00f3w online. Wniosek o konto z\u0142o\u017cysz w aplikacji mobilnej Alior Mobile lub na stronie internetowej Alior Banku. Dane potwierdzisz przelewem weryfikacyjnym z innego banku lub za pomoc\u0105 VideoSelfie w aplikacji Alior Mobile.<\/li>\n<li><strong>Tradycyjnie<\/strong> &#8211; W jednej z plac\u00f3wek stacjonarnych Alior Banku. Wystarczy, \u017ce zabierzesz ze sob\u0105 dow\u00f3d osobisty. Minusem metody tradycyjnej jest konieczno\u015b\u0107 dostosowania si\u0119 do godzin pracy oddzia\u0142u. Natomiast niew\u0105tpliw\u0105 zalet\u0105 jest bezpo\u015brednie wsparcie konsultanta zar\u00f3wno na etapie wyboru konta, jak i jego otwarcia.<\/li>\n<\/ul>\n<h2>Kto mo\u017ce otworzy\u0107 konto w Alior Banku?<\/h2>\n<p>Konto bankowe w Alior Banku mo\u017ce otworzy\u0107 osoba pe\u0142noletnia bez wzgl\u0119du na wysoko\u015b\u0107 osi\u0105ganych dochod\u00f3w, histori\u0119 kredytow\u0105 czy form\u0119 zatrudnienia. Wystarczy dow\u00f3d osobisty. Do otwarcia rachunku dla m\u0142odych w wieku od 13 do 17 lat opr\u00f3cz dokument\u00f3w potwierdzaj\u0105cych to\u017csamo\u015b\u0107 wnioskodawcy, konieczna b\u0119dzie jeszcze zgoda opiekuna prawnego &#8211; najcz\u0119\u015bciej rodzica.<\/p>\n<h2>Ile kosztuje za\u0142o\u017cenie i prowadzenie konta osobistego w Alior Banku?<\/h2>\n<p>Otwarcie i prowadzenie konta w Alior Banku jest darmowe. Koszty mog\u0105 pojawi\u0107 si\u0119 opcjonalnie w przypadku braku aktywno\u015bci na rachunku czy w zwi\u0105zku z korzystaniem z dodatkowych korzy\u015bci proponowanych opcjonalnie.<\/p>\n<h2>Czy do konta osobistego mo\u017cna wyrobi\u0107 kart\u0119 w Alior Banku?<\/h2>\n<p>Otwieraj\u0105c rachunek osobisty w Alior Banku masz mo\u017cliwo\u015b\u0107 wyrobienia karty p\u0142atniczej do konta. Wydanie pierwszej karty jest bezp\u0142atne, a jej aktywne wykorzystanie zwykle oznacza zwolnienie z dodatkowych op\u0142at.<\/p>\n<h2>Jakie konta oszcz\u0119dno\u015bciowe dost\u0119pne s\u0105 w Alior Banku?<\/h2>\n<p>Opr\u00f3cz tradycyjnych rachunk\u00f3w rozliczeniowych w ofercie Alior Banku znajdziesz r\u00f3wnie\u017c konta oszcz\u0119dno\u015bciowe w wersji podstawowej i promocyjnej. Rachunek oszcz\u0119dno\u015bciowy w Alior Banku pozwoli Ci po\u0142\u0105czy\u0107<strong> mo\u017cliwo\u015b\u0107 oszcz\u0119dzania z elastycznym dost\u0119pem do got\u00f3wki<\/strong> bez utraty odsetek. Oferta kont oszcz\u0119dno\u015bciowych w Alior Banku aktualna na dzie\u0144 30.06.2024 roku prezentuje si\u0119 nast\u0119puj\u0105co:<\/p>\n<h3><strong>Konto oszcz\u0119dno\u015bciowe<\/strong><\/h3>\n<p>Podstawowa wersja rachunku oszcz\u0119dno\u015bciowego, kt\u00f3ry daje Ci mo\u017cliwo\u015b\u0107 nieograniczonych wp\u0142at i wyp\u0142at \u015brodk\u00f3w w dowolnej wysoko\u015bci. Dodatkowe korzy\u015bci, w tym wy\u017csze oprocentowanie na rachunku oszcz\u0119dno\u015bciowym, zyskasz z Kontem Jak\u017ce Osobistym w pakiecie.<\/p>\n<h3><strong>Konto Mega Oszcz\u0119dno\u015bciowe<\/strong><\/h3>\n<p>Promocyjna wersja rachunku oszcz\u0119dno\u015bciowego, kt\u00f3ry da Ci jeszcze wy\u017csze oprocentowanie. Podwy\u017cszone oprocentowanie dotyczy 4 miesi\u0119cy i wymaga otwarcia Konta Jak\u017ce Osobistego. Warunkiem skorzystania z oferty jest przyst\u0105pienie do promocji w wyznaczonym terminie oraz realizacja wymaganej liczby transakcji kart\u0105 w ci\u0105gu miesi\u0105ca. Cho\u0107 Konto Mega Oszcz\u0119dno\u015bciowe to oferta ograniczona w czasie, to jednak promocja pojawia si\u0119 cyklicznie.<\/p>\n<h2>FAQ &#8211; najcz\u0119\u015bciej zadawane pytania<\/h2>\n<h3><strong>Czy konto bankowe w Alior Banku jest oprocentowane?<\/strong><\/h3>\n<p>Pomimo nazwy, typowy ROR czyli rachunek rozliczeniowo &#8211; oszcz\u0119dno\u015bciowy nie jest oprocentowany. Oprocentowane jest jedynie konto oszcz\u0119dno\u015bciowe.<\/p>\n<h3><strong>Jaki jest numer IBAN konta w Alior Banku?<\/strong><\/h3>\n<p>IBAN czyli Mi\u0119dzynarodowy Numer Rachunku Bankowego w Alior Banku sk\u0142ada si\u0119 z 26 cyfr Twojego rachunku osobistego poprzedzonego skr\u00f3tem PL oznaczaj\u0105cym kraj. Numer IBAN wpisujesz ci\u0105giem bez przerw pomi\u0119dzy znakami. Powy\u017cszy schemat jest w\u0142a\u015bciwy dla naszego kraju. Rachunki bankowe innych pa\u0144stw b\u0119d\u0105 mia\u0142y inny, w\u0142a\u015bciwy dla kraju schemat numeru IBAN.<\/p>\n<h3><strong>Czy mo\u017cna zmieni\u0107 wariant konta w Alior Banku?<\/strong><\/h3>\n<p>Tak, Alior Bank umo\u017cliwia zmian\u0119 wariantu rachunku na Konto Jak\u017ce Osobiste z mo\u017cliwo\u015bci\u0105 zachowania dotychczasowego numeru rachunku. Zmian\u0119 mo\u017cesz zleci\u0107 w plac\u00f3wce stacjonarnej banku, aplikacji mobilnej Alior Mobile lub bankowo\u015bci elektronicznej Alior Online. Z mo\u017cliwo\u015bci zmiany wy\u0142\u0105czone jest Konto Walutowe i Konta Private Banking.<\/p>\n<h3><strong>Czy mo\u017cna za\u0142o\u017cy\u0107 konto wsp\u00f3lne w Alior Banku?<\/strong><\/h3>\n<p>Tak, Alior Bank daje Ci mo\u017cliwo\u015b\u0107 zar\u00f3wno otwarcia osobistego rachunku wsp\u00f3lnego, jak i zamiany konta indywidualnego na wsp\u00f3lne w oddziale banku lub plac\u00f3wce partnerskiej.<\/p>\n<h3><strong>Jak pobra\u0107 wyci\u0105g z konta w Alior Banku?<\/strong><\/h3>\n<p>Wyci\u0105g z histori\u0105 transakcji miesi\u0119cznych pobierzesz w aplikacji mobilnej Alior Mobile lub bankowo\u015bci elektronicznej Alior Online. Po zalogowaniu na swoje konto wejd\u017a w szczeg\u00f3\u0142y rachunku, nast\u0119pnie wybierz opcj\u0119 \u201cWyci\u0105gi\u201d i pobierz zestawienie za interesuj\u0105cy Ci\u0119 okres.<\/p>\n","protected":false},"excerpt":{"rendered":"<p>Rachunek osobisty to podstawowe narz\u0119dzie do zarz\u0105dzania swoimi finansami. W Alior Banku rodzaj konta osobistego mo\u017cesz dopasowa\u0107 do swoich potrzeb [&hellip;]<\/p>\n","protected":false},"author":66,"featured_media":0,"parent":633,"menu_order":0,"comment_status":"closed","ping_status":"closed","template":"page_bank_product.php","meta":{"_acf_changed":false,"yasr_overall_rating":0,"yasr_post_is_review":"","yasr_auto_insert_disabled":"","yasr_review_type":"","footnotes":""},"class_list":["post-10222","page","type-page","status-publish","hentry"],"acf":[],"yoast_head":"<!-- This site is optimized with the Yoast SEO plugin v27.1.1 - https:\/\/yoast.com\/product\/yoast-seo-wordpress\/ -->\n<title>Konta bankowe w Alior Banku | Por\u00f3wnywarka finansowa Rankomat<\/title>\n<meta name=\"robots\" content=\"index, follow, max-snippet:-1, max-image-preview:large, max-video-preview:-1\" \/>\n<link rel=\"canonical\" href=\"https:\/\/rankomat.pl\/finanse\/banki\/alior-bank\/konta-bankowe\/\" \/>\n<meta property=\"og:locale\" content=\"pl_PL\" \/>\n<meta property=\"og:type\" content=\"article\" \/>\n<meta property=\"og:title\" content=\"Konta bankowe w Alior Banku | Por\u00f3wnywarka finansowa Rankomat\" \/>\n<meta property=\"og:description\" content=\"Rachunek osobisty to podstawowe narz\u0119dzie do zarz\u0105dzania swoimi finansami. W Alior Banku rodzaj konta osobistego mo\u017cesz dopasowa\u0107 do swoich potrzeb [&hellip;]\" \/>\n<meta property=\"og:url\" content=\"https:\/\/rankomat.pl\/finanse\/banki\/alior-bank\/konta-bankowe\/\" \/>\n<meta property=\"og:site_name\" content=\"Por\u00f3wnywarka finansowa Rankomat\" \/>\n<meta property=\"article:publisher\" content=\"https:\/\/www.facebook.com\/rankomatpl\/\" \/>\n<meta property=\"article:modified_time\" content=\"2024-11-08T08:56:17+00:00\" \/>\n<meta property=\"og:image\" content=\"https:\/\/rankomat.pl\/finanse\/wp-content\/uploads\/2021\/03\/rankomat-star-og.png\" \/>\n\t<meta property=\"og:image:width\" content=\"480\" \/>\n\t<meta property=\"og:image:height\" content=\"320\" \/>\n\t<meta property=\"og:image:type\" content=\"image\/png\" \/>\n<meta name=\"twitter:card\" content=\"summary_large_image\" \/>\n<meta name=\"twitter:site\" content=\"@rankomat\" \/>\n<meta name=\"twitter:label1\" content=\"Szacowany czas czytania\" \/>\n\t<meta name=\"twitter:data1\" content=\"6 minut\" \/>\n<script type=\"application\/ld+json\" class=\"yoast-schema-graph\">{\"@context\":\"https:\/\/schema.org\",\"@graph\":[{\"@type\":\"BreadcrumbList\",\"@id\":\"https:\/\/rankomat.pl\/finanse\/banki\/alior-bank\/konta-bankowe\/#breadcrumb\",\"itemListElement\":[{\"@type\":\"ListItem\",\"position\":1,\"name\":\"Finanse\",\"item\":\"https:\/\/rankomat.pl\/finanse\/\"},{\"@type\":\"ListItem\",\"position\":2,\"name\":\"Banki\",\"item\":\"https:\/\/rankomat.pl\/finanse\/banki\/\"},{\"@type\":\"ListItem\",\"position\":3,\"name\":\"Alior Bank\",\"item\":\"https:\/\/rankomat.pl\/finanse\/banki\/alior-bank\/\"},{\"@type\":\"ListItem\",\"position\":4,\"name\":\"Konta bankowe w Alior Banku\"}]}]}<\/script>\n<!-- \/ Yoast SEO plugin. -->","yoast_head_json":{"title":"Konta bankowe w Alior Banku | Por\u00f3wnywarka finansowa Rankomat","robots":{"index":"index","follow":"follow","max-snippet":"max-snippet:-1","max-image-preview":"max-image-preview:large","max-video-preview":"max-video-preview:-1"},"canonical":"https:\/\/rankomat.pl\/finanse\/banki\/alior-bank\/konta-bankowe\/","og_locale":"pl_PL","og_type":"article","og_title":"Konta bankowe w Alior Banku | Por\u00f3wnywarka finansowa Rankomat","og_description":"Rachunek osobisty to podstawowe narz\u0119dzie do zarz\u0105dzania swoimi finansami. W Alior Banku rodzaj konta osobistego mo\u017cesz dopasowa\u0107 do swoich potrzeb [&hellip;]","og_url":"https:\/\/rankomat.pl\/finanse\/banki\/alior-bank\/konta-bankowe\/","og_site_name":"Por\u00f3wnywarka finansowa Rankomat","article_publisher":"https:\/\/www.facebook.com\/rankomatpl\/","article_modified_time":"2024-11-08T08:56:17+00:00","og_image":[{"width":480,"height":320,"url":"https:\/\/rankomat.pl\/finanse\/wp-content\/uploads\/2021\/03\/rankomat-star-og.png","type":"image\/png"}],"twitter_card":"summary_large_image","twitter_site":"@rankomat","twitter_misc":{"Szacowany czas czytania":"6 minut"},"schema":{"@context":"https:\/\/schema.org","@graph":[{"@type":"BreadcrumbList","@id":"https:\/\/rankomat.pl\/finanse\/banki\/alior-bank\/konta-bankowe\/#breadcrumb","itemListElement":[{"@type":"ListItem","position":1,"name":"Finanse","item":"https:\/\/rankomat.pl\/finanse\/"},{"@type":"ListItem","position":2,"name":"Banki","item":"https:\/\/rankomat.pl\/finanse\/banki\/"},{"@type":"ListItem","position":3,"name":"Alior Bank","item":"https:\/\/rankomat.pl\/finanse\/banki\/alior-bank\/"},{"@type":"ListItem","position":4,"name":"Konta bankowe w Alior Banku"}]}]}},"yasr_visitor_votes":{"stars_attributes":{"read_only":false,"span_bottom":false},"number_of_votes":0,"sum_votes":0},"_links":{"self":[{"href":"https:\/\/rankomat.pl\/finanse\/wp-json\/wp\/v2\/pages\/10222","targetHints":{"allow":["GET"]}}],"collection":[{"href":"https:\/\/rankomat.pl\/finanse\/wp-json\/wp\/v2\/pages"}],"about":[{"href":"https:\/\/rankomat.pl\/finanse\/wp-json\/wp\/v2\/types\/page"}],"author":[{"embeddable":true,"href":"https:\/\/rankomat.pl\/finanse\/wp-json\/wp\/v2\/users\/66"}],"replies":[{"embeddable":true,"href":"https:\/\/rankomat.pl\/finanse\/wp-json\/wp\/v2\/comments?post=10222"}],"version-history":[{"count":0,"href":"https:\/\/rankomat.pl\/finanse\/wp-json\/wp\/v2\/pages\/10222\/revisions"}],"up":[{"embeddable":true,"href":"https:\/\/rankomat.pl\/finanse\/wp-json\/wp\/v2\/pages\/633"}],"wp:attachment":[{"href":"https:\/\/rankomat.pl\/finanse\/wp-json\/wp\/v2\/media?parent=10222"}],"curies":[{"name":"wp","href":"https:\/\/api.w.org\/{rel}","templated":true}]}}