{"id":10233,"date":"2024-07-11T09:38:41","date_gmt":"2024-07-11T07:38:41","guid":{"rendered":"https:\/\/rankomat.pl\/finanse\/?page_id=10233"},"modified":"2024-07-25T14:15:34","modified_gmt":"2024-07-25T12:15:34","slug":"lokaty-oszczednosciowe","status":"publish","type":"page","link":"https:\/\/rankomat.pl\/finanse\/banki\/millennium-bank\/lokaty-oszczednosciowe\/","title":{"rendered":"Lokaty oszcz\u0119dno\u015bciowe w Millennium Banku"},"content":{"rendered":"<p><strong>Lokata to proste rozwi\u0105zanie, kt\u00f3re pozwala na bezpieczne pomna\u017canie\u00a0 oszcz\u0119dno\u015bci. Dost\u0119pne w Millennium Banku depozyty mo\u017cesz dopasowa\u0107 do swoich potrzeb zar\u00f3wno w zakresie czasu trwania lokaty, deponowanej kwoty, jak i wysoko\u015bci oprocentowania.<\/strong><\/p>\n<h2>Jakie lokaty terminowe dost\u0119pne s\u0105 w Millennium Banku?<\/h2>\n<p>Millennium Bank oferuje szeroki wyb\u00f3r bezpiecznych mo\u017cliwo\u015bci oszcz\u0119dzania na lokacie lub w ramach konta oszcz\u0119dno\u015bciowego. Zr\u00f3\u017cnicowane warunki w zakresie okresu depozytu, wysoko\u015bci oprocentowania i mo\u017cliwo\u015bci wyboru waluty lokaty to podstawowe atuty przygotowanej przez Millennium Bank oferty, kt\u00f3ra uwzgl\u0119dnia szerokie spektrum oczekiwa\u0144 klient\u00f3w.<\/p>\n<p>Millennium Bank posiada w swojej ofercie depozyty, z kt\u00f3rych mog\u0105 skorzysta\u0107 zar\u00f3wno nowi, jak i stali klienci. Dost\u0119pne propozycje prezentuj\u0105 si\u0119 nast\u0119puj\u0105co (stan na 30.06.2024 roku):<\/p>\n<h3><strong>Lokata Horyzont Zysku w Millennium Banku<\/strong><\/h3>\n<p>Klasyczny depozyt ze sta\u0142ym oprocentowaniem w wysoko\u015bci uzale\u017cnionej od okresu umowy. Lokat\u0119 mo\u017cesz otworzy\u0107 na nowe \u015brodki na 6, 12 lub 18 miesi\u0119cy zar\u00f3wno zdalnie w aplikacji mobilnej lub bankowo\u015bci elektronicznej Millenet, jak i stacjonarnie w oddziale banku. Minimalna kwota depozytu wynosi 1 000 z\u0142.<\/p>\n<h3><strong>Lokata mobilna <\/strong><strong>w Millennium Banku<\/strong><\/h3>\n<p>Depozyt nieodnawialny z oprocentowaniem sta\u0142ym, kt\u00f3ry otworzysz w aplikacji mobilnej. Charakteryzuje si\u0119 niskim progiem wej\u015bcia: minimalna kwota inwestycji to tylko 500 z\u0142. Maksymalnie mo\u017cesz zdeponowa\u0107 a\u017c 25 000 z\u0142. Mo\u017cesz posiada\u0107 otwart\u0105 tylko jedn\u0105 lokat\u0119 mobiln\u0105 na okres 3 miesi\u0119cy.<\/p>\n<h3><strong>Lokata Millenet <\/strong><strong>w Millennium Banku<\/strong><\/h3>\n<p>Elastyczne rozwi\u0105zanie, kt\u00f3re daje Ci mo\u017cliwo\u015b\u0107 wyboru waluty (PLN, USD,EUR lub GBP) i czasu trwania depozytu (od 1 do 732 dni). Lokata z oprocentowaniem sta\u0142ym zale\u017cnym od wybranego okresu depozytu, skierowana do nowych i sta\u0142ych klient\u00f3w Millennium Banku. Wymaga otwarcia rachunku osobistego.<\/p>\n<h3><strong>Lokata Aukcje <\/strong><strong>w Millennium Banku<\/strong><\/h3>\n<p>Kr\u00f3tkoterminowy depozyt (do 15 dni) o sta\u0142ym oprocentowaniu, kt\u00f3re waha si\u0119 pomi\u0119dzy 0,50% a 4% i jest ustalane w ramach aukcji. Oferta promocyjna skierowana do wszystkich u\u017cytkownik\u00f3w systemu Millenet, po zaakceptowaniu obowi\u0105zuj\u0105cego regulaminu aukcji.<\/p>\n<h2>Jak otworzy\u0107 lokat\u0119 terminow\u0105 w Millenium Banku?<\/h2>\n<p>Millennium Bank daje Ci do wyboru cztery kana\u0142y otwarcia lokaty terminowej, przy czym nie ka\u017cda mo\u017cliwo\u015b\u0107 dost\u0119pna jest dla ka\u017cdego rodzaju depozytu (np. lokat\u0119 mobiln\u0105 otworzysz tylko w aplikacji banku). Mo\u017cesz skorzysta\u0107 z tradycyjnego podej\u015bcia i z\u0142o\u017cy\u0107 zlecenie otwarcia lokaty w dowolnym oddziale banku. Otwarcie depozytu zdalnie jest mo\u017cliwe za po\u015brednictwem aplikacji mobilnej, bankowo\u015bci elektronicznej Millenet i telefonicznego biura obs\u0142ugi klienta TeleMillennium.<\/p>\n<h2>Jakie jest oprocentowanie lokat terminowych w Millennium Banku?<\/h2>\n<p>Wysoko\u015b\u0107 oprocentowania lokat terminowych oferowanych przez Millennium Bank zale\u017cy od rodzaju wybranej oferty depozytu oraz czasu trwania lokaty. Przygotowana oferta odzwierciedla warunki rynkowe.<\/p>\n<h2>Kto mo\u017ce za\u0142o\u017cy\u0107 lokat\u0119 terminow\u0105 w Millennium Banku?<\/h2>\n<p>Depozyty oferowane przez Millennium Bank dost\u0119pne s\u0105 zar\u00f3wno dla nowych, jak i dotychczasowych klient\u00f3w. Otwarcie lokaty terminowej wymaga dope\u0142nienia minimum formalno\u015bci. Czasem jednak wi\u0105\u017ce si\u0119 z konieczno\u015bci\u0105 otwarcia rachunku osobistego i spe\u0142nienia innych warunk\u00f3w np. otwarcia depozytu w ramach okre\u015blonego kana\u0142u (np. tylko zdalnie).<\/p>\n<h2>Jakie s\u0105 konsekwencje zerwania lokaty przed czasem w Millennium Banku?<\/h2>\n<p>Zerwanie lokaty otwartej w Millennium Banku przed terminem okre\u015blonym w umowie jest mo\u017cliwe w\u0142a\u015bciwie w dowolnym momencie, ale jego konsekwencj\u0105 b\u0119dzie ca\u0142kowita utrata wypracowanych ju\u017c odsetek. W praktyce oznacza to, \u017ce po zako\u0144czeniu depozytu bank zwr\u00f3ci Ci tylko pe\u0142n\u0105 kwot\u0119 zainwestowanego kapita\u0142u.<\/p>\n<h2>Ile kosztuje za\u0142o\u017cenie lokaty terminowej w Millennium Banku?<\/h2>\n<p>Otwarcie depozytu w Millenium Banku jest bezp\u0142atne. Uruchomienie lokaty w praktyce oznacza, \u017ce to bank \u201cpo\u017cycza\u201d od Ciebie pieni\u0105dze i z tego tytu\u0142u zobowi\u0105zuje si\u0119 do wyp\u0142aty Ci okre\u015blonego wynagrodzenia pod postaci\u0105 odsetek w przypadku dotrzymania warunk\u00f3w umowy. Ewentualne przedwczesne zerwanie lokaty oznacza utrat\u0119 wypracowanych odsetek bez dodatkowych konsekwencji finansowych.<\/p>\n<h2>FAQ &#8211; najcz\u0119\u015bciej zadawane pytania<\/h2>\n<h3><strong>Lokata czy konto oszcz\u0119dno\u015bciowe?<\/strong><\/h3>\n<p>Lokata terminowa i konto oszcz\u0119dno\u015bciowe to dwa bezpieczne sposoby na pomna\u017canie kapita\u0142u. Lokaty mog\u0105 by\u0107 nieco wy\u017cej oprocentowane ni\u017c konta oszcz\u0119dno\u015bciowe, jednak wymagaj\u0105 zamro\u017cenia kapita\u0142u na okre\u015blony czas. <strong>Rachunek oszcz\u0119dno\u015bciowy daje Ci za to swobod\u0119<\/strong> w dysponowaniu powierzonymi \u015brodkami, a w okresie promocyjnym zwykle r\u00f3wnie\u017c atrakcyjne oprocentowanie. Przed wyborem produktu oszcz\u0119dno\u015bciowego warto por\u00f3wna\u0107 wady i zalety ka\u017cdej z opcji. Najkorzystniejsze rozwi\u0105zanie b\u0119dzie najwy\u017cej oprocentowane.<\/p>\n<h3><strong>Czy od odsetek z lokaty trzeba zap\u0142aci\u0107 podatek?<\/strong><\/h3>\n<p>Wypracowany na lokacie zysk podlega opodatkowaniu podatkiem od zysk\u00f3w kapita\u0142owych, kt\u00f3ry wynosi 19%. Bank przed wyp\u0142at\u0105 odsetek, potr\u0105ci i odprowadzi nale\u017cny podatek do urz\u0119du skarbowego, a nast\u0119pnie przeka\u017ce Ci wypracowane odsetki pomniejszone o kwot\u0119 pobranej daniny.<\/p>\n<h3><strong>Na czym polega kapitalizacja odsetek przy lokacie bankowej?<\/strong><\/h3>\n<p>Kapitalizacja odsetek oznacza dopisanie odsetek do kwoty kapita\u0142u zdeponowanego na lokacie. Najcz\u0119\u015bciej kapitalizacja ma miejsce w terminie zapadalno\u015bci lokaty, a wi\u0119c na koniec okresu obowi\u0105zywania depozytu. Wypracowany na lokacie zysk jest opodatkowany, dlatego bank dopisze odsetki pomniejszone o wysoko\u015b\u0107 potr\u0105conego podatku.<\/p>\n<h3><strong>Czy pieni\u0105dze na lokacie w Millennium Banku s\u0105 bezpieczne?<\/strong><\/h3>\n<p>\u015arodki, kt\u00f3re deponujesz na lokacie obj\u0119te s\u0105 gwarancj\u0105 Bankowego Funduszu Gwarancyjnego. Gwarancja wyp\u0142aty pieni\u0119dzy np. w razie upadku banku, dotyczy depozyt\u00f3w, kt\u00f3rych \u0142\u0105czna warto\u015b\u0107 nie przekracza r\u00f3wnowarto\u015bci 100 000 euro.<\/p>\n","protected":false},"excerpt":{"rendered":"<p>Lokata to proste rozwi\u0105zanie, kt\u00f3re pozwala na bezpieczne pomna\u017canie\u00a0 oszcz\u0119dno\u015bci. Dost\u0119pne w Millennium Banku depozyty mo\u017cesz dopasowa\u0107 do swoich potrzeb [&hellip;]<\/p>\n","protected":false},"author":30,"featured_media":0,"parent":898,"menu_order":0,"comment_status":"closed","ping_status":"closed","template":"page_bank_product.php","meta":{"_acf_changed":false,"yasr_overall_rating":0,"yasr_post_is_review":"","yasr_auto_insert_disabled":"","yasr_review_type":"","footnotes":""},"class_list":["post-10233","page","type-page","status-publish","hentry"],"acf":[],"yoast_head":"<!-- This site is optimized with the Yoast SEO plugin v27.1.1 - https:\/\/yoast.com\/product\/yoast-seo-wordpress\/ -->\n<title>Lokaty oszcz\u0119dno\u015bciowe w Millennium Banku | Por\u00f3wnywarka finansowa Rankomat<\/title>\n<meta name=\"robots\" content=\"index, follow, max-snippet:-1, max-image-preview:large, max-video-preview:-1\" \/>\n<link rel=\"canonical\" href=\"https:\/\/rankomat.pl\/finanse\/banki\/millennium-bank\/lokaty-oszczednosciowe\/\" \/>\n<meta property=\"og:locale\" content=\"pl_PL\" \/>\n<meta property=\"og:type\" content=\"article\" \/>\n<meta property=\"og:title\" content=\"Lokaty oszcz\u0119dno\u015bciowe w Millennium Banku | Por\u00f3wnywarka finansowa Rankomat\" \/>\n<meta property=\"og:description\" content=\"Lokata to proste rozwi\u0105zanie, kt\u00f3re pozwala na bezpieczne pomna\u017canie\u00a0 oszcz\u0119dno\u015bci. Dost\u0119pne w Millennium Banku depozyty mo\u017cesz dopasowa\u0107 do swoich potrzeb [&hellip;]\" \/>\n<meta property=\"og:url\" content=\"https:\/\/rankomat.pl\/finanse\/banki\/millennium-bank\/lokaty-oszczednosciowe\/\" \/>\n<meta property=\"og:site_name\" content=\"Por\u00f3wnywarka finansowa Rankomat\" \/>\n<meta property=\"article:publisher\" content=\"https:\/\/www.facebook.com\/rankomatpl\/\" \/>\n<meta property=\"article:modified_time\" content=\"2024-07-25T12:15:34+00:00\" \/>\n<meta property=\"og:image\" content=\"https:\/\/rankomat.pl\/finanse\/wp-content\/uploads\/2021\/03\/rankomat-star-og.png\" \/>\n\t<meta property=\"og:image:width\" content=\"480\" \/>\n\t<meta property=\"og:image:height\" content=\"320\" \/>\n\t<meta property=\"og:image:type\" content=\"image\/png\" \/>\n<meta name=\"twitter:card\" content=\"summary_large_image\" \/>\n<meta name=\"twitter:site\" content=\"@rankomat\" \/>\n<meta name=\"twitter:label1\" content=\"Szacowany czas czytania\" \/>\n\t<meta name=\"twitter:data1\" content=\"5 minut\" \/>\n<script type=\"application\/ld+json\" class=\"yoast-schema-graph\">{\"@context\":\"https:\/\/schema.org\",\"@graph\":[{\"@type\":\"BreadcrumbList\",\"@id\":\"https:\/\/rankomat.pl\/finanse\/banki\/millennium-bank\/lokaty-oszczednosciowe\/#breadcrumb\",\"itemListElement\":[{\"@type\":\"ListItem\",\"position\":1,\"name\":\"Finanse\",\"item\":\"https:\/\/rankomat.pl\/finanse\/\"},{\"@type\":\"ListItem\",\"position\":2,\"name\":\"Banki\",\"item\":\"https:\/\/rankomat.pl\/finanse\/banki\/\"},{\"@type\":\"ListItem\",\"position\":3,\"name\":\"Millennium Bank\",\"item\":\"https:\/\/rankomat.pl\/finanse\/banki\/millennium-bank\/\"},{\"@type\":\"ListItem\",\"position\":4,\"name\":\"Lokaty oszcz\u0119dno\u015bciowe w Millennium Banku\"}]}]}<\/script>\n<!-- \/ Yoast SEO plugin. -->","yoast_head_json":{"title":"Lokaty oszcz\u0119dno\u015bciowe w Millennium Banku | Por\u00f3wnywarka finansowa Rankomat","robots":{"index":"index","follow":"follow","max-snippet":"max-snippet:-1","max-image-preview":"max-image-preview:large","max-video-preview":"max-video-preview:-1"},"canonical":"https:\/\/rankomat.pl\/finanse\/banki\/millennium-bank\/lokaty-oszczednosciowe\/","og_locale":"pl_PL","og_type":"article","og_title":"Lokaty oszcz\u0119dno\u015bciowe w Millennium Banku | Por\u00f3wnywarka finansowa Rankomat","og_description":"Lokata to proste rozwi\u0105zanie, kt\u00f3re pozwala na bezpieczne pomna\u017canie\u00a0 oszcz\u0119dno\u015bci. Dost\u0119pne w Millennium Banku depozyty mo\u017cesz dopasowa\u0107 do swoich potrzeb [&hellip;]","og_url":"https:\/\/rankomat.pl\/finanse\/banki\/millennium-bank\/lokaty-oszczednosciowe\/","og_site_name":"Por\u00f3wnywarka finansowa Rankomat","article_publisher":"https:\/\/www.facebook.com\/rankomatpl\/","article_modified_time":"2024-07-25T12:15:34+00:00","og_image":[{"width":480,"height":320,"url":"https:\/\/rankomat.pl\/finanse\/wp-content\/uploads\/2021\/03\/rankomat-star-og.png","type":"image\/png"}],"twitter_card":"summary_large_image","twitter_site":"@rankomat","twitter_misc":{"Szacowany czas czytania":"5 minut"},"schema":{"@context":"https:\/\/schema.org","@graph":[{"@type":"BreadcrumbList","@id":"https:\/\/rankomat.pl\/finanse\/banki\/millennium-bank\/lokaty-oszczednosciowe\/#breadcrumb","itemListElement":[{"@type":"ListItem","position":1,"name":"Finanse","item":"https:\/\/rankomat.pl\/finanse\/"},{"@type":"ListItem","position":2,"name":"Banki","item":"https:\/\/rankomat.pl\/finanse\/banki\/"},{"@type":"ListItem","position":3,"name":"Millennium Bank","item":"https:\/\/rankomat.pl\/finanse\/banki\/millennium-bank\/"},{"@type":"ListItem","position":4,"name":"Lokaty oszcz\u0119dno\u015bciowe w Millennium Banku"}]}]}},"yasr_visitor_votes":{"stars_attributes":{"read_only":false,"span_bottom":false},"number_of_votes":0,"sum_votes":0},"_links":{"self":[{"href":"https:\/\/rankomat.pl\/finanse\/wp-json\/wp\/v2\/pages\/10233","targetHints":{"allow":["GET"]}}],"collection":[{"href":"https:\/\/rankomat.pl\/finanse\/wp-json\/wp\/v2\/pages"}],"about":[{"href":"https:\/\/rankomat.pl\/finanse\/wp-json\/wp\/v2\/types\/page"}],"author":[{"embeddable":true,"href":"https:\/\/rankomat.pl\/finanse\/wp-json\/wp\/v2\/users\/30"}],"replies":[{"embeddable":true,"href":"https:\/\/rankomat.pl\/finanse\/wp-json\/wp\/v2\/comments?post=10233"}],"version-history":[{"count":0,"href":"https:\/\/rankomat.pl\/finanse\/wp-json\/wp\/v2\/pages\/10233\/revisions"}],"up":[{"embeddable":true,"href":"https:\/\/rankomat.pl\/finanse\/wp-json\/wp\/v2\/pages\/898"}],"wp:attachment":[{"href":"https:\/\/rankomat.pl\/finanse\/wp-json\/wp\/v2\/media?parent=10233"}],"curies":[{"name":"wp","href":"https:\/\/api.w.org\/{rel}","templated":true}]}}