{"id":10241,"date":"2024-07-11T10:15:55","date_gmt":"2024-07-11T08:15:55","guid":{"rendered":"https:\/\/rankomat.pl\/finanse\/?page_id=10241"},"modified":"2024-07-11T10:15:55","modified_gmt":"2024-07-11T08:15:55","slug":"kredyty-hipoteczne","status":"publish","type":"page","link":"https:\/\/rankomat.pl\/finanse\/banki\/santander-bank-polska\/kredyty-hipoteczne\/","title":{"rendered":"Kredyty hipoteczne w Santander Bank Polska"},"content":{"rendered":"<p><strong>Santander Bank Polska wychodzi naprzeciw potrzebom klient\u00f3w planuj\u0105cych po\u017cyczy\u0107 pieni\u0105dze na zakup mieszkania, domu, dzia\u0142ki lub budow\u0119 nieruchomo\u015bci mieszkalnej oferuj\u0105c elastyczne produkty hipoteczne. Masz te\u017c mo\u017cliwo\u015b\u0107 przeznaczenia \u015brodk\u00f3w pochodz\u0105cych z kredytu hipotecznego na m.in. remont nieruchomo\u015bci (w tym modernizacj\u0119 poprawiaj\u0105c\u0105 energooszcz\u0119dno\u015b\u0107) lub sp\u0142at\u0119 kredytu mieszkaniowego zaci\u0105gni\u0119tego w innym banku.<\/strong><\/p>\n<h2>Jakie kredyty hipoteczne s\u0105 dost\u0119pne w Santander Bank Polska?<\/h2>\n<p>Na kategori\u0119 produkt\u00f3w hipotecznych w Santander Bank Polska sk\u0142adaj\u0105 si\u0119 trzy rozwi\u0105zania: standardowy kredyt hipoteczny, Rodzinny Kredyt Mieszkaniowy oraz po\u017cyczka hipoteczna. Dzi\u0119ki temu mo\u017cesz precyzyjniej dopasowa\u0107 finansowanie do swoich indywidualnych potrzeb i sytuacji finansowej. Poni\u017csze produkty opisali\u015bmy na podstawie informacji z dnia 29 czerwca 2024 roku.<\/p>\n<h3>Kredyt hipoteczny w Santander Bank Polska<\/h3>\n<p>Kredyt hipoteczny w Santander Bank Polska <strong>pozwoli Ci po\u017cyczy\u0107 \u015brodki na cel zwi\u0105zany z potrzebami mieszkaniowymi<\/strong>. Poj\u0119cie to obejmuje m.in. zakup mieszkania lub domu, budow\u0119 domu lub remont. Warto wspomnie\u0107, \u017ce do 30% po\u017cyczonych pieni\u0119dzy mo\u017cesz przeznaczy\u0107 na wyposa\u017cenie mieszkania lub domu albo na dowolne cele niemieszkaniowe.<\/p>\n<p>Kredyt hipoteczny udzielany jest tylko w PLN i przeznaczony jest dla os\u00f3b zarabiaj\u0105cych w z\u0142otych polskich. Podstawowe elementy tej propozycji prezentuj\u0105 si\u0119 nast\u0119puj\u0105co:<\/p>\n<ul>\n<li><strong>Maksymalna kwota:<\/strong> 10 mln z\u0142<\/li>\n<li><strong>Maksymalny okres sp\u0142aty:<\/strong> 30 lat<\/li>\n<li><strong>Waluta:<\/strong> PLN<\/li>\n<li><strong>Oprocentowanie nominalne:<\/strong> uzale\u017cnione od pozosta\u0142ych parametr\u00f3w oferty<\/li>\n<li><strong>Rodzaj oprocentowania:<\/strong> okresowo sta\u0142e przez 5 pierwszych lat kredytowania lub zmienne (wska\u017anik WIBOR 3M + mar\u017ca banku)<\/li>\n<li><strong>Prowizja:<\/strong> maksymalnie 3% (brak prowizji za udzielenie kredytu z ubezpieczeniem na \u017cycie Spokojna Hipoteka)<\/li>\n<li><strong>Wk\u0142ad w\u0142asny:<\/strong> minimum 10% warto\u015bci nieruchomo\u015bci<\/li>\n<li><strong>Przeznaczenie:<\/strong> cele mieszkaniowe.<\/li>\n<\/ul>\n<p>Kredyt hipoteczny w Santander Bank Polska mo\u017cesz sp\u0142aca\u0107 w ratach r\u00f3wnych lub malej\u0105cych. \u015arodki mog\u0105 by\u0107 wyp\u0142acone jednorazowo lub w transzach, jednak przez okres nie d\u0142u\u017cszy ni\u017c 24 miesi\u0105ce od dnia wyp\u0142aty pierwszej transzy. Kredyt hipoteczny mo\u017ce by\u0107 te\u017c obj\u0119ty dodatkow\u0105 karencj\u0105 do 6 miesi\u0119cy &#8211; od dnia wyp\u0142aty ostatniej transzy.<\/p>\n<h3>Rodzinny Kredyt Mieszkaniowy w Santander Bank Polska<\/h3>\n<p>Rodzinny Kredyt Mieszkaniowy przeznaczony jest dla os\u00f3b, kt\u00f3rych dochody pozwalaj\u0105 na sp\u0142at\u0119 kredytu mieszkaniowego, ale<strong> jednocze\u015bnie nie maj\u0105 one \u015brodk\u00f3w na wymagany wk\u0142ad w\u0142asn<\/strong>y. Szczeg\u00f3\u0142owe warunki tego programu znajdziesz na stronie rz\u0105dowej i w ustawie o rodzinnym kredycie mieszkaniowym i bezpiecznym kredycie 2%. Podstawowe parametry tego produktu w Santander Bank Polska prezentuj\u0105 si\u0119 tak:<\/p>\n<ul>\n<li><strong>Maksymalna kwota:<\/strong> 1 mln z\u0142<\/li>\n<li><strong>Maksymalny okres sp\u0142aty:<\/strong> 30 lat<\/li>\n<li><strong>Waluta:<\/strong> PLN<\/li>\n<li><strong>Oprocentowanie nominalne:<\/strong> uzale\u017cnione od pozosta\u0142ych parametr\u00f3w oferty<\/li>\n<li><strong>Rodzaj oprocentowania:<\/strong> okresowo sta\u0142e przez 5 pierwszych lat kredytowania lub zmienne (wska\u017anik WIBOR 3M + mar\u017ca banku)<\/li>\n<li><strong>Prowizja:<\/strong> maksymalnie 3% (brak prowizji za udzielenie kredytu z ubezpieczeniem na \u017cycie Spokojna Hipoteka)<\/li>\n<li><strong>Wk\u0142ad w\u0142asny:<\/strong> mo\u017cliwe sfinansowanie do 100% warto\u015bci nieruchomo\u015bci<\/li>\n<li><strong>Przeznaczenie:<\/strong> cele mieszkaniowe.<\/li>\n<\/ul>\n<h3>Po\u017cyczka hipoteczna w Santander Bank Polska<\/h3>\n<p>Po\u017cyczka hipoteczna wyr\u00f3\u017cnia si\u0119 na tle pozosta\u0142ych produkt\u00f3w hipotecznych dost\u0119pnych w Santander Bank Polska, poniewa\u017c nie jest ona zobowi\u0105zaniem celowym. Pozyskane w ten spos\u00f3b pieni\u0105dze <strong>mo\u017cesz przeznaczy\u0107 na dowolny cel<\/strong>. Pami\u0119taj jednak, \u017ce podstawowym zabezpieczeniem sp\u0142aty tego zobowi\u0105zania jest hipoteka na nieruchomo\u015bci mieszkaniowej ustanowiona na rzecz banku. Podstawowe parametry tej oferty prezentuj\u0105 si\u0119 tak:<\/p>\n<ul>\n<li><strong>Maksymalna kwota:<\/strong> do 60% warto\u015bci nieruchomo\u015bci, przy czym nie wi\u0119cej ni\u017c:<\/li>\n<li>250 tys. z\u0142 dla os\u00f3b prowadz\u0105cych dzia\u0142alno\u015b\u0107 gospodarcz\u0105<\/li>\n<li>500 tys. z\u0142 w pozosta\u0142ych przypadkach<\/li>\n<li><strong>Maksymalny okres sp\u0142aty:<\/strong> 20 lat<\/li>\n<li><strong>Waluta:<\/strong> PLN<\/li>\n<li><strong>Oprocentowanie nominalne:<\/strong> uzale\u017cnione od pozosta\u0142ych parametr\u00f3w oferty<\/li>\n<li><strong>Rodzaj oprocentowania:<\/strong> okresowo sta\u0142e przez 5 pierwszych lat kredytowania lub zmienne (wska\u017anik WIBOR 3M + mar\u017ca banku)<\/li>\n<li><strong>Prowizja:<\/strong> maksymalnie 3% (brak prowizji za udzielenie kredytu z ubezpieczeniem na \u017cycie Spokojna Hipoteka)<\/li>\n<li><strong>Przeznaczenie:<\/strong> dowolny cel.<\/li>\n<\/ul>\n<h2>Jakie warunki trzeba spe\u0142ni\u0107 wnioskuj\u0105c o kredyt hipoteczny w Santander Bank Polska?<\/h2>\n<p>Kredyt hipoteczny jest najcz\u0119\u015bciej zobowi\u0105zaniem na wysok\u0105 kwot\u0119 z wieloletnim okresem sp\u0142aty, a jego podstawowym zabezpieczeniem jest hipoteka na nieruchomo\u015bci ustanowiona na rzecz banku. T\u0142umaczy to, dlaczego weryfikacja Twojej zdolno\u015bci kredytowej oraz wymagania w zakresie wymaganych s\u0105 wi\u0119ksze, ni\u017c w przypadku np. niezabezpieczonych kredyt\u00f3w got\u00f3wkowych.<\/p>\n<p>Aby ubiega\u0107 si\u0119 o kredyt hipoteczny w Santander Bank Polska musisz by\u0107 osob\u0105 pe\u0142noletni\u0105 posiadaj\u0105c\u0105 pe\u0142n\u0105 zdolno\u015b\u0107 do czynno\u015bci prawnych. <strong>W dniu p\u0142atno\u015bci ostatniej raty nie mo\u017cesz mie\u0107 sko\u0144czonych 70 lat<\/strong>. Ponadto powinienie\u015b:<\/p>\n<ul>\n<li><strong>Wybra\u0107 odpowiedn\u0105 nieruchomo\u015b\u0107<\/strong> &#8211; z jednej strony powinna ona spe\u0142nia\u0107 Twoje oczekiwania. Z drugiej strony b\u0119dzie ona g\u0142\u00f3wnym zabezpieczeniem kredytu, wi\u0119c bank niech\u0119tnie sfinansuje zakup nietypowej nieruchomo\u015bci o niskiej p\u0142ynno\u015bci na rynku wt\u00f3rnym. Je\u015bli zdecydujesz si\u0119 na budow\u0119 domu, to kredyt b\u0119dzie wyp\u0142acany w transzach zgodnych z przed\u0142o\u017conym kosztorysem.<\/li>\n<li><strong>Zgromadzi\u0107 wk\u0142ad w\u0142asny<\/strong> \u2013 minimalny wk\u0142ad w\u0142asny przy kredycie hipotecznym w Santander Bank Polska wynosi 10% warto\u015bci nieruchomo\u015bci. W przypadku mieszkania wycenionego na 600 tys. z\u0142 oznacza to konieczno\u015b\u0107 zgromadzenia przynajmniej 60 tys. z\u0142 \u015brodk\u00f3w w\u0142asnych. Wk\u0142ad w\u0142asny nie zawsze musi mie\u0107 posta\u0107 got\u00f3wkow\u0105 i bank mo\u017ce zadowoli\u0107 si\u0119 innymi sk\u0142adnikami Twojego maj\u0105tku np. inn\u0105 nieruchomo\u015bci\u0105, zastawem na papierach warto\u015bciowych lub oszcz\u0119dno\u015bciami zgromadzonymi na kontach emerytalnych.<\/li>\n<li><strong>Skompletowa\u0107 potrzebne dokumenty<\/strong> \u2013 s\u0105 one niezb\u0119dne, aby bank m\u00f3g\u0142 zbada\u0107 Twoj\u0105 zdolno\u015b\u0107 kredytow\u0105 oraz zweryfikowa\u0107 warto\u015b\u0107 i stan prawny nieruchomo\u015bci, kt\u00f3ra b\u0119dzie g\u0142\u00f3wnym zabezpieczeniem sp\u0142aty kredytu. Wymagania w tym zakresie zale\u017c\u0105 od m.in. \u017ar\u00f3d\u0142a osi\u0105ganych dochod\u00f3w i rodzaju oferty.<\/li>\n<li><strong>Z\u0142o\u017cy\u0107 kompletny wniosek<\/strong> &#8211; to kluczowy moment w trakcie ubiegania si\u0119 o kredyt hipoteczny. Na tym etapie bank oceni Twoj\u0105 zdolno\u015b\u0107 kredytow\u0105 i przedstawi Ci warunki kredytowania. Je\u015bli masz zbyt nisk\u0105 zdolno\u015b\u0107 kredytow\u0105, to bank mo\u017ce zasugerowa\u0107 zastosowanie dodatkowego zabezpieczenia, zaostrzy\u0107 parametry kredytu lub odrzuci\u0107 wniosek.<\/li>\n<\/ul>\n<div class=\"expert-opinion-box attention  \">\n    <div class=\"box-title attention-title-box\">\n                    <h3 class=\"title attention-title\">Uwaga!<\/h3>\n            <\/div>\n    <div class=\"opinion\">\n            Je\u015bli ubiegasz si\u0119 o kredyt hipoteczny i masz wsp\u00f3\u0142ma\u0142\u017conka, z kt\u00f3rym \u0142\u0105czy Ci\u0119 wsp\u00f3lnota maj\u0105tkowa, to musi wyrazi\u0107 on zgod\u0119 na zaci\u0105gni\u0119cie zobowi\u0105zania. Przed podpisaniem umowy sprawd\u017a dok\u0142adnie jej postanowienia. W razie jakichkolwiek w\u0105tpliwo\u015bci wyja\u015bnij je z pracownikiem banku lub niezale\u017cnym doradc\u0105. Zadbaj, aby wszystkie ustalenia mia\u0142y form\u0119 pisemn\u0105.                <\/div>\n    <div class=\"expert-info\">\n                <div>\n            <span class=\"expert-name\"><\/span>\n                    <\/div>\n    <\/div>\n<\/div>\n\n\n<h2>Jakie mo\u017ce by\u0107 oprocentowanie kredytu hipotecznego w Santander Bank Polska?<\/h2>\n<p>Produkty hipoteczne z oferty Santander Bank Polska oferowane s\u0105 z oprocentowaniem zmiennym (stawka WIBOR 3M + mar\u017ca kredytowa) lub oprocentowaniem okresowo sta\u0142ym, kt\u00f3re <strong>obowi\u0105zuje przez pierwszych 5 lat sp\u0142aty zobowi\u0105zania<\/strong>. Kiedy okres ten b\u0119dzie zbli\u017ca\u0107 si\u0119 do ko\u0144ca, bank prze\u015ble Ci propozycj\u0119 mo\u017cliwych formu\u0142 oprocentowania kredytu &#8211; w tym mo\u017cliwo\u015b\u0107 ustalenia sta\u0142ego oprocentowania na kolejny okres.<\/p>\n<p>Je\u015bli zdecydujesz si\u0119 na kontynuacj\u0119 sp\u0142aty zobowi\u0105zania z oprocentowaniem okresowo sta\u0142ym, to b\u0119dziesz musia\u0142 podpisa\u0107 aneks do umowy. Kiedy wybierzesz konwersj\u0119 na oprocentowanie zmienne, to zostanie ono ustalone na zasadach okre\u015blonych w Twojej umowie kredytowej.<\/p>\n<h2>Jak wzi\u0105\u0107 kredyt hipoteczny w Santander Bank Polska?<\/h2>\n<p>Decyduj\u0105c si\u0119 na z\u0142o\u017cenie wniosku o kredyt hipoteczny lub po\u017cyczk\u0119 hipoteczn\u0105 w Santander Bank Polska musisz pojawi\u0107 si\u0119 w tej sprawie w oddziale. Zanim to jednak zrobisz, <strong>mo\u017cesz liczy\u0107 na merytoryczne wsparcie ze strony pracownik\u00f3w banku<\/strong>. Mo\u017cesz wcze\u015bniej:<\/p>\n<ul>\n<li>skontaktowa\u0107 si\u0119 z bankiem telefonicznie pod numerem 61 885 15 96 \u2013 ekspert wyja\u015bni Twoje w\u0105tpliwo\u015bci i doradzi, jakie dokumenty przygotowa\u0107;<\/li>\n<li>zostawi\u0107 sw\u00f3j numer telefonu korzystaj\u0105c z formularza na stronie banku \u2013 ekspert kredytowy oddzwoni do Ciebie.<\/li>\n<\/ul>\n<p>W przypadku decyzji pozytywnej bank zaprosi Ci\u0119 do oddzia\u0142u w celu podpisania umowy i wyja\u015bnienia warunk\u00f3w niezb\u0119dnych do wyp\u0142aty kredytu hipotecznego.<\/p>\n<h2>Ile wynosi wk\u0142ad w\u0142asny przy kredycie hipotecznym w Santander Bank Polska?<\/h2>\n<p>Minimalny wk\u0142ad w\u0142asny przy kredycie hipotecznym w Santander Bank Polska <strong>wynosi 10% warto\u015bci nieruchomo\u015bci.<\/strong> Oznacza to, \u017ce stosunek kredytu do warto\u015bci nieruchomo\u015bci nie mo\u017ce przekroczy\u0107 90% (zale\u017cno\u015b\u0107 t\u0119 opisuje wska\u017anik LTV).<\/p>\n<p>Je\u015bli kwota kredytu w stosunku do warto\u015bci nieruchomo\u015bci nie przekroczy 70%, to bank nie b\u0119dzie wymaga\u0107 wniesienia wk\u0142adu w\u0142asnego (nie dotyczy to kredyt\u00f3w hipotecznych przeznaczonych na budow\u0119 domu systemem gospodarczym).<\/p>\n<h2>Jakie dokumenty s\u0105 potrzebne do kredytu hipotecznego w Santander Bank Polska?<\/h2>\n<p>Na ostateczn\u0105 liczb\u0119 i rodzaj dokument\u00f3w wymaganych do kredytu hipotecznego wp\u0142ywaj\u0105 m.in.<strong> \u017ar\u00f3d\u0142a osi\u0105ganych dochod\u00f3w i szczeg\u00f3\u0142owy cel kredytowania<\/strong>. Znaczenie ma r\u00f3wnie\u017c fakt, czy jeste\u015b ju\u017c klientem Santander Bank Polska. Bez wzgl\u0119du na powy\u017csze, mo\u017cemy wyr\u00f3\u017cni\u0107 podstawowe grupy dokument\u00f3w, kt\u00f3re wymagane s\u0105 do zaci\u0105gni\u0119cia kredytu hipotecznego. Wyr\u00f3\u017cniamy tu:<\/p>\n<ul>\n<li><strong>dokumenty og\u00f3lne<\/strong> &#8211; obejmuj\u0105 m.in. wniosek o kredyt hipoteczny i dokument ze zdj\u0119ciem potwierdzaj\u0105cy Twoj\u0105 to\u017csamo\u015b\u0107;<\/li>\n<li><strong>dokumenty potrzebne do weryfikacji zdolno\u015bci kredytowej<\/strong> &#8211; mo\u017ce by\u0107 to m.in. za\u015bwiadczenie o zatrudnieniu i zarobkach na druku banku, historia rachunku za wskazany okres lub deklaracja podatkowa z potwierdzeniem przyj\u0119cia jej przez urz\u0105d skarbowy;<\/li>\n<li><strong>dokumenty dotycz\u0105ce nieruchomo\u015bci<\/strong> &#8211; w tym aktualny operat szacunkowy wykonany przez rzeczoznawc\u0119 maj\u0105tkowego.<\/li>\n<\/ul>\n<div class=\"expert-opinion-box attention  \">\n    <div class=\"box-title attention-title-box\">\n                    <h3 class=\"title attention-title\">Uwaga!<\/h3>\n            <\/div>\n    <div class=\"opinion\">\n            Lista wymaganych dokument\u00f3w mo\u017ce si\u0119 zmienia\u0107, kiedy wnioskujesz o kredyt z inn\u0105 osob\u0105 lub w trakcie oceny wniosku pojawi\u0105 si\u0119 nieznane wcze\u015bniej okoliczno\u015bci. Zadbaj o rzetelne przygotowanie dokumentacji, dzi\u0119ki czemu bank nie b\u0119dzie wzywa\u0107 Ci\u0119 do uzupe\u0142nienia brak\u00f3w i w rezultacie szybciej podejmie decyzj\u0119 kredytow\u0105.                <\/div>\n    <div class=\"expert-info\">\n                <div>\n            <span class=\"expert-name\"><\/span>\n                    <\/div>\n    <\/div>\n<\/div>\n\n\n<h2>Jak sp\u0142aca\u0107 kredyt hipoteczny w Santander Bank Polska?<\/h2>\n<p>Kredyt hipoteczny zaci\u0105gni\u0119ty w Santander Bank Polska sp\u0142acasz w terminach uwzgl\u0119dnionych w harmonogramie, kt\u00f3ry jest za\u0142\u0105cznikiem do umowy kredytowej. W dokumencie tym znajdziesz m.in. wysoko\u015b\u0107 raty, aktualne oprocentowanie i saldo zad\u0142u\u017cenia. Co do zasady raty mo\u017cesz sp\u0142aca\u0107:<\/p>\n<ul>\n<li>za po\u015brednictwem us\u0142ugi bankowo\u015bci elektronicznej lub mobilnej;<\/li>\n<li>w kasie banku;<\/li>\n<li>sk\u0142adaj\u0105c dyspozycj\u0119 przez infolini\u0119.<\/li>\n<\/ul>\n<p><strong>Harmonogram sp\u0142aty kredytu hipotecznego mo\u017cesz pobra\u0107 w dowolnym momencie<\/strong> korzystaj\u0105c z us\u0142ugi bankowo\u015bci elektronicznej Santander internet lub aplikacji Santander mobile.<\/p>\n<h2>Jakie s\u0105 zalety i wady kredytu hipotecznego w Santander Bank Polska?<\/h2>\n<p>Santander Bank Polska oferuje swoim dotychczasowym i potencjalnym klientom kilka produkt\u00f3w hipotecznych, co pozwala <strong>precyzyjniej dopasowa\u0107 ofert\u0119 do swoich potrzeb i mo\u017cliwo\u015bci<\/strong>. W\u015br\u00f3d zalet kredyt\u00f3w hipotecznych wymieni\u0107 mo\u017cna.<\/p>\n<ul>\n<li>maksymaln\u0105 kwot\u0119 finasowania si\u0119gaj\u0105c\u0105 10 mln z\u0142;<\/li>\n<li>stosunkowo d\u0142ugi okres sp\u0142aty, kt\u00f3ry wynosi maksymalnie 30 lat;<\/li>\n<li>mo\u017cliwo\u015b\u0107 zaci\u0105gni\u0119cia kredytu z 10% wk\u0142adem w\u0142asnym;<\/li>\n<li>mo\u017cliwo\u015b\u0107 przeznaczenia do 30% po\u017cyczonych pieni\u0119dzy na wyposa\u017cenie mieszkania lub domu albo na dowolne cele niemieszkaniowe;<\/li>\n<li>wyb\u00f3r pomi\u0119dzy oprocentowaniem zmiennym a okresowo sta\u0142ym;<\/li>\n<li>mo\u017cliwo\u015b\u0107 unikni\u0119cia prowizji za udzielenie finansowania;<\/li>\n<li>praktyczne kalkulatory pozwalaj\u0105ce weryfikowa\u0107 wp\u0142yw wprowadzonych zmian na ostateczny kszta\u0142t oferty.<\/li>\n<\/ul>\n<p>Produkty hipoteczne<strong> oferowane przez Santander Bank Polska maj\u0105 te\u017c swoje wady<\/strong>. Wymieni\u0107 tu mo\u017cna:<\/p>\n<ul>\n<li>mo\u017cliwo\u015b\u0107 naliczenia (w okre\u015blonych sytuacjach) 1% prowizji za wcze\u015bniejsz\u0105 sp\u0142at\u0119 kredytu hipotecznego;<\/li>\n<li>konieczno\u015b\u0107 wizyty w oddziale w celu z\u0142o\u017cenia wniosku;<\/li>\n<li>stosunkowo nisk\u0105 maksymaln\u0105 kwot\u0119 po\u017cyczki hipotecznej.<\/li>\n<\/ul>\n<p>&nbsp;<\/p>\n<h2>FAQ &#8211; najcz\u0119\u015bciej zadawane pytania<\/h2>\n<h3>Na jaki cel mo\u017cna przeznaczy\u0107 kredyt hipoteczny w Santander Bank Polska?<\/h3>\n<p>Kredyt hipoteczny zaci\u0105gni\u0119ty w Santander Bank Polska mo\u017cesz przeznaczy\u0107 na zakup mieszkania, domu, dzia\u0142ki lub na budow\u0119 nieruchomo\u015bci mieszkalnej. Ponadto po\u017cyczone pieni\u0105dze mo\u017cesz przeznaczy\u0107 na sp\u0142at\u0119 kredytu mieszkaniowego w innym banku albo remont domu lub mieszkania. Do 30% kwoty kredytu mo\u017cesz wykorzysta\u0107 na zakup wyposa\u017cenia lub dowolny cel niemieszkaniowy.<\/p>\n<h3>Jaka jest maksymalna kwota kredytu hipotecznego w Santander Bank Polska?<\/h3>\n<p>Maksymalna kwota standardowego kredytu hipotecznego w Santander Bank Polska wynosi 10 mln z\u0142. Szans\u0119 na tak\u0105 kwot\u0119 daje jednak tylko odpowiednio wysoka zdolno\u015b\u0107 kredytowa. Po\u017cyczk\u0119 hipoteczn\u0105 mo\u017cesz natomiast zaci\u0105gn\u0105\u0107 maksymalnie na kwot\u0119 odpowiadaj\u0105c\u0105 60% warto\u015bci zabezpieczenia w postaci nieruchomo\u015bci, kt\u00f3ra w przypadku klient\u00f3w indywidualnych nie mo\u017ce przekroczy\u0107 500 tys. z\u0142.<\/p>\n<h3>Jaki jest maksymalny okres sp\u0142aty kredytu hipotecznego w Santander Bank Polska?<\/h3>\n<p>Najd\u0142u\u017cszy mo\u017cliwy okres sp\u0142aty kredytu hipotecznego w Santander Bank Polska wynosi 30 lat. Pozwala to dok\u0142adniej dopasowa\u0107 warunki sp\u0142aty do Twoich potrzeb i mo\u017cliwo\u015bci finansowych. W przypadku po\u017cyczki hipotecznej maksymalny okres sp\u0142aty wynosi 20 lat.<\/p>\n<h3>Czy mo\u017cna zaci\u0105gn\u0105\u0107 kredyt hipoteczny w Santander Bank Polska pracuj\u0105c za granic\u0105?<\/h3>\n<p>Nie. Produkty hipoteczne w Santander Bank Polska oferowane s\u0105 tylko w z\u0142otych polskich. Je\u015bli pracujesz za granic\u0105 i zarabiasz w innej walucie, to nie zaci\u0105gniesz kredytu hipotecznego ani po\u017cyczki hipotecznej w Santander Bank Polska.<\/p>\n","protected":false},"excerpt":{"rendered":"<p>Santander Bank Polska wychodzi naprzeciw potrzebom klient\u00f3w planuj\u0105cych po\u017cyczy\u0107 pieni\u0105dze na zakup mieszkania, domu, dzia\u0142ki lub budow\u0119 nieruchomo\u015bci mieszkalnej oferuj\u0105c [&hellip;]<\/p>\n","protected":false},"author":9,"featured_media":0,"parent":854,"menu_order":0,"comment_status":"closed","ping_status":"closed","template":"page_bank_product.php","meta":{"_acf_changed":false,"yasr_overall_rating":0,"yasr_post_is_review":"","yasr_auto_insert_disabled":"","yasr_review_type":"","footnotes":""},"class_list":["post-10241","page","type-page","status-publish","hentry"],"acf":[],"yoast_head":"<!-- This site is optimized with the Yoast SEO plugin v27.1.1 - https:\/\/yoast.com\/product\/yoast-seo-wordpress\/ -->\n<title>Kredyty hipoteczne w Santander Bank Polska | Por\u00f3wnywarka finansowa Rankomat<\/title>\n<meta name=\"robots\" content=\"index, follow, max-snippet:-1, max-image-preview:large, max-video-preview:-1\" \/>\n<link rel=\"canonical\" href=\"https:\/\/rankomat.pl\/finanse\/banki\/santander-bank-polska\/kredyty-hipoteczne\/\" \/>\n<meta property=\"og:locale\" content=\"pl_PL\" \/>\n<meta property=\"og:type\" content=\"article\" \/>\n<meta property=\"og:title\" content=\"Kredyty hipoteczne w Santander Bank Polska | Por\u00f3wnywarka finansowa Rankomat\" \/>\n<meta property=\"og:description\" content=\"Santander Bank Polska wychodzi naprzeciw potrzebom klient\u00f3w planuj\u0105cych po\u017cyczy\u0107 pieni\u0105dze na zakup mieszkania, domu, dzia\u0142ki lub budow\u0119 nieruchomo\u015bci mieszkalnej oferuj\u0105c [&hellip;]\" \/>\n<meta property=\"og:url\" content=\"https:\/\/rankomat.pl\/finanse\/banki\/santander-bank-polska\/kredyty-hipoteczne\/\" \/>\n<meta property=\"og:site_name\" content=\"Por\u00f3wnywarka finansowa Rankomat\" \/>\n<meta property=\"article:publisher\" content=\"https:\/\/www.facebook.com\/rankomatpl\/\" \/>\n<meta property=\"og:image\" content=\"https:\/\/rankomat.pl\/finanse\/wp-content\/uploads\/2021\/03\/rankomat-star-og.png\" \/>\n\t<meta property=\"og:image:width\" content=\"480\" \/>\n\t<meta property=\"og:image:height\" content=\"320\" \/>\n\t<meta property=\"og:image:type\" content=\"image\/png\" \/>\n<meta name=\"twitter:card\" content=\"summary_large_image\" \/>\n<meta name=\"twitter:site\" content=\"@rankomat\" \/>\n<meta name=\"twitter:label1\" content=\"Szacowany czas czytania\" \/>\n\t<meta name=\"twitter:data1\" content=\"11 minut\" \/>\n<script type=\"application\/ld+json\" class=\"yoast-schema-graph\">{\"@context\":\"https:\/\/schema.org\",\"@graph\":[{\"@type\":\"BreadcrumbList\",\"@id\":\"https:\/\/rankomat.pl\/finanse\/banki\/santander-bank-polska\/kredyty-hipoteczne\/#breadcrumb\",\"itemListElement\":[{\"@type\":\"ListItem\",\"position\":1,\"name\":\"Finanse\",\"item\":\"https:\/\/rankomat.pl\/finanse\/\"},{\"@type\":\"ListItem\",\"position\":2,\"name\":\"Banki\",\"item\":\"https:\/\/rankomat.pl\/finanse\/banki\/\"},{\"@type\":\"ListItem\",\"position\":3,\"name\":\"Santander Bank Polska\",\"item\":\"https:\/\/rankomat.pl\/finanse\/banki\/santander-bank-polska\/\"},{\"@type\":\"ListItem\",\"position\":4,\"name\":\"Kredyty hipoteczne w Santander Bank Polska\"}]}]}<\/script>\n<!-- \/ Yoast SEO plugin. -->","yoast_head_json":{"title":"Kredyty hipoteczne w Santander Bank Polska | Por\u00f3wnywarka finansowa Rankomat","robots":{"index":"index","follow":"follow","max-snippet":"max-snippet:-1","max-image-preview":"max-image-preview:large","max-video-preview":"max-video-preview:-1"},"canonical":"https:\/\/rankomat.pl\/finanse\/banki\/santander-bank-polska\/kredyty-hipoteczne\/","og_locale":"pl_PL","og_type":"article","og_title":"Kredyty hipoteczne w Santander Bank Polska | Por\u00f3wnywarka finansowa Rankomat","og_description":"Santander Bank Polska wychodzi naprzeciw potrzebom klient\u00f3w planuj\u0105cych po\u017cyczy\u0107 pieni\u0105dze na zakup mieszkania, domu, dzia\u0142ki lub budow\u0119 nieruchomo\u015bci mieszkalnej oferuj\u0105c [&hellip;]","og_url":"https:\/\/rankomat.pl\/finanse\/banki\/santander-bank-polska\/kredyty-hipoteczne\/","og_site_name":"Por\u00f3wnywarka finansowa Rankomat","article_publisher":"https:\/\/www.facebook.com\/rankomatpl\/","og_image":[{"width":480,"height":320,"url":"https:\/\/rankomat.pl\/finanse\/wp-content\/uploads\/2021\/03\/rankomat-star-og.png","type":"image\/png"}],"twitter_card":"summary_large_image","twitter_site":"@rankomat","twitter_misc":{"Szacowany czas czytania":"11 minut"},"schema":{"@context":"https:\/\/schema.org","@graph":[{"@type":"BreadcrumbList","@id":"https:\/\/rankomat.pl\/finanse\/banki\/santander-bank-polska\/kredyty-hipoteczne\/#breadcrumb","itemListElement":[{"@type":"ListItem","position":1,"name":"Finanse","item":"https:\/\/rankomat.pl\/finanse\/"},{"@type":"ListItem","position":2,"name":"Banki","item":"https:\/\/rankomat.pl\/finanse\/banki\/"},{"@type":"ListItem","position":3,"name":"Santander Bank Polska","item":"https:\/\/rankomat.pl\/finanse\/banki\/santander-bank-polska\/"},{"@type":"ListItem","position":4,"name":"Kredyty hipoteczne w Santander Bank Polska"}]}]}},"yasr_visitor_votes":{"stars_attributes":{"read_only":false,"span_bottom":false},"number_of_votes":0,"sum_votes":0},"_links":{"self":[{"href":"https:\/\/rankomat.pl\/finanse\/wp-json\/wp\/v2\/pages\/10241","targetHints":{"allow":["GET"]}}],"collection":[{"href":"https:\/\/rankomat.pl\/finanse\/wp-json\/wp\/v2\/pages"}],"about":[{"href":"https:\/\/rankomat.pl\/finanse\/wp-json\/wp\/v2\/types\/page"}],"author":[{"embeddable":true,"href":"https:\/\/rankomat.pl\/finanse\/wp-json\/wp\/v2\/users\/9"}],"replies":[{"embeddable":true,"href":"https:\/\/rankomat.pl\/finanse\/wp-json\/wp\/v2\/comments?post=10241"}],"version-history":[{"count":0,"href":"https:\/\/rankomat.pl\/finanse\/wp-json\/wp\/v2\/pages\/10241\/revisions"}],"up":[{"embeddable":true,"href":"https:\/\/rankomat.pl\/finanse\/wp-json\/wp\/v2\/pages\/854"}],"wp:attachment":[{"href":"https:\/\/rankomat.pl\/finanse\/wp-json\/wp\/v2\/media?parent=10241"}],"curies":[{"name":"wp","href":"https:\/\/api.w.org\/{rel}","templated":true}]}}