{"id":10256,"date":"2024-07-30T11:05:25","date_gmt":"2024-07-30T09:05:25","guid":{"rendered":"https:\/\/rankomat.pl\/finanse\/?page_id=10256"},"modified":"2024-07-30T11:35:29","modified_gmt":"2024-07-30T09:35:29","slug":"kredyty-gotowkowe","status":"publish","type":"page","link":"https:\/\/rankomat.pl\/finanse\/banki\/bank-pekao-sa\/kredyty-gotowkowe\/","title":{"rendered":"Kredyty got\u00f3wkowe w Banku Pekao SA"},"content":{"rendered":"<p><strong>Oferta Banku Pekao S.A. w zakresie kredyt\u00f3w got\u00f3wkowych jest bardzo szeroka. Jako jeden z najwi\u0119kszych i najbardziej rozpoznawalnych bank\u00f3w w kraju, proponuje on wiele kredyt\u00f3w got\u00f3wkowych dla os\u00f3b fizycznych i przedsi\u0119biorstw.<\/strong><\/p>\n<p><!--more--><\/p>\n<h2>Jakie kredyty got\u00f3wkowe s\u0105 dost\u0119pne w Banku Pekao S.A.?<\/h2>\n<p>Bank Pekao S.A. oferuje r\u00f3\u017cne rodzaje kredyt\u00f3w got\u00f3wkowych, dostosowane do potrzeb zar\u00f3wno klient\u00f3w indywidualnych, jak i firm. Oto szczeg\u00f3\u0142owa oferta kredyt\u00f3w got\u00f3wkowych:<\/p>\n<h3>Po\u017cyczka got\u00f3wkowa na dowolny cel (Po\u017cyczka Przekorzystna)<\/h3>\n<p>Standardowy produkt kredytowy, podstawa oferty Pekao w zakresie kredyt\u00f3w got\u00f3wkowych.<\/p>\n<ul>\n<li><strong>Kwota kredytu:<\/strong> maksymalnie do 250 000 z\u0142.<\/li>\n<li><strong>Cel:<\/strong> na dowolny cel.<\/li>\n<li><strong>Okres sp\u0142aty:<\/strong> do 120 miesi\u0119cy (10 lat), do 12 miesi\u0119cy na warunkach promocyjnych.<\/li>\n<li><strong>Promocje:<\/strong> cz\u0119sto dost\u0119pne promocje pozwalaj\u0105ce unikn\u0105\u0107 prowizji za przyznanie kredytu, pod warunkiem spe\u0142nienia okre\u015blonych wymaga\u0144 lub wpisania odpowiedniego kodu promocyjnego, podanego na stronie Banku Pekao S.A.<\/li>\n<\/ul>\n<h3>Po\u017cyczka ze sta\u0142\u0105 rat\u0105<\/h3>\n<p>Kredyt oparty o oprocentowanie sta\u0142e. Raz ustalona rata nie zmienia si\u0119 ze wzgl\u0119du na zmiany st\u00f3p procentowych czy wska\u017anik\u00f3w WIBOR\/WIROR. Oferta jest bardziej ograniczona czasowo i kwotowo od standardowych produkt\u00f3w Banku Pekao.<\/p>\n<ul>\n<li><strong>Oprocentowanie:<\/strong> Sta\u0142e na 5 lat.<\/li>\n<li><strong>Kwota kredytu:<\/strong> od 10 000 z\u0142 do 50 000 z\u0142.<\/li>\n<li><strong>Cel:<\/strong> na dowolny cel.<\/li>\n<li><strong>Okres sp\u0142aty:<\/strong> od 12 do 60 miesi\u0119cy (od 1 do 5 lat).<\/li>\n<\/ul>\n<h3>Po\u017cyczka na cele ekologiczne<\/h3>\n<p>Kredyt celowy zwi\u0105zany z ochron\u0105 \u015brodowiska. Mo\u017cna wykorzysta\u0107 go na unowocze\u015bnienie domu, zakup pojazdu elektrycznego, instalacje OZE i zazielenienie terenu.<br \/>\nWymaga rozliczenia po\u017cyczonych \u015brodk\u00f3w.<\/p>\n<ul>\n<li><strong>Kwota kredytu:<\/strong> od 10 000 z\u0142 do 100 000 z\u0142.<\/li>\n<li><strong>Cel:<\/strong> na cele ekologiczne.<\/li>\n<li><strong>Okres sp\u0142aty:<\/strong> od 12 do 120 miesi\u0119cy (od 1 do 10 lat).<\/li>\n<\/ul>\n<h3>Kredyt na zakupy z \u017bubrem<\/h3>\n<p>Mo\u017cliwo\u015b\u0107 roz\u0142o\u017cenia wi\u0119kszych zakup\u00f3w na raty. W praktyce bank p\u0142aci za zakupy klienta, a ten sp\u0142aca po\u017cyczone pieni\u0105dze w ratach. Decyzja kredytowa podejmowana w 15 minut je\u015bli bank ma dost\u0119p do historii konta. Ca\u0142o\u015b\u0107 w 100% online<\/p>\n<ul>\n<li><strong>Kwota kredytu:<\/strong> od 100 z\u0142 do 20 000 z\u0142<\/li>\n<li><strong>Cel:<\/strong> na jednorazowe zakupy<\/li>\n<li><strong>Okres sp\u0142aty:<\/strong> od 3 do 60 (do 5 lat)<\/li>\n<\/ul>\n<h3>Nieodnawialny kredyt obrotowy<\/h3>\n<p>Kredyt dla firm. Jednorazowe wsparcie finansowe w z\u0142ot\u00f3wkach, euro lub dolarach, kt\u00f3re przedsi\u0119biorca mo\u017ce wykorzysta\u0107 na dowolny cel zwi\u0105zany z dzia\u0142alno\u015bci\u0105 pod warunkiem, \u017ce przedsi\u0119biorca ma ju\u017c faktur\u0119 do zap\u0142aty.<\/p>\n<p>Mo\u017cliwo\u015b\u0107 wyboru waluty kredytowania<\/p>\n<ul>\n<li><strong>Cel:<\/strong> uregulowanie zobowi\u0105za\u0144 dzia\u0142alno\u015bci gospodarczej<\/li>\n<li><strong>Okres sp\u0142aty:<\/strong> maksymalnie do 60 miesi\u0119cy (5 lat)<\/li>\n<\/ul>\n<h3>Po\u017cyczka Przekorzystna dla firm<\/h3>\n<p>Kredyt dla os\u00f3b prowadz\u0105cych jednoosobow\u0105 dzia\u0142alno\u015b\u0107 gospodarcz\u0105. Pozwala po\u017cyczy\u0107 znaczn\u0105 kwot\u0119 na d\u0142ugi okres. Warto jednak pami\u0119ta\u0107, \u017ce przeznaczona jest jedynie dla przedsi\u0119biorc\u00f3w dzia\u0142aj\u0105cych na rynku co najmniej 24 miesi\u0105ce.<\/p>\n<ul>\n<li><strong>Kwota kredytu:<\/strong> nawet do 400 000 z\u0142<\/li>\n<li><strong>Okres sp\u0142aty:<\/strong> do 96 miesi\u0119cy (8 lat)<\/li>\n<li><strong>Cel:<\/strong> dowolny cel dzia\u0142alno\u015bci gospodarczej<\/li>\n<\/ul>\n<p>Wymagane minimum dwa lata dzia\u0142alno\u015bci<\/p>\n<h2>Jakie warunki trzeba spe\u0142ni\u0107 wnioskuj\u0105c o kredyt got\u00f3wkowy w Banku Pekao S.A.?<\/h2>\n<p><strong>Zdolno\u015b\u0107 kredytowa:<\/strong><\/p>\n<p>Aby otrzyma\u0107 kredyt got\u00f3wkowy w Banku Pekao S.A., konieczna jest odpowiednia zdolno\u015b\u0107 kredytowa. Bank ocenia j\u0105 na podstawie wielu czynnik\u00f3w, takich jak historia kredytowa i dochody. Klienci Pekao S.A. mog\u0105 mie\u0107 zdolno\u015b\u0107 kredytow\u0105 ocenian\u0105 na podstawie historii rachunku.<\/p>\n<p>Osoby, kt\u00f3re nie s\u0105 klientami banku lub nie maj\u0105 wystarczaj\u0105cej historii rachunku w Banku Pekao S.A., <strong>mog\u0105 by\u0107 zobowi\u0105zane do dostarczenia dokument\u00f3w potwierdzaj\u0105cych ich dochody<\/strong>, takich jak wyci\u0105gi bankowe z innego polskiego banku lub dokumenty podatkowe (np. PIT).<\/p>\n<p><strong>Dokumenty:<\/strong><\/p>\n<p>Wymagane dokumenty mog\u0105 si\u0119 r\u00f3\u017cni\u0107 w zale\u017cno\u015bci od indywidualnych okoliczno\u015bci klienta i polityki banku. Zazwyczaj bank wymaga:<\/p>\n<ul>\n<li><strong>Dowodu to\u017csamo\u015bci:<\/strong> Klienci posiadaj\u0105cy konto w Banku Pekao S.A. mog\u0105 by\u0107 zwolnieni z dostarczania dodatkowych dokument\u00f3w to\u017csamo\u015bci, poniewa\u017c bank ju\u017c posiada te informacje. Osoby spoza Banku Pekao S.A. musz\u0105 dostarczy\u0107 dokument to\u017csamo\u015bci, taki jak dow\u00f3d osobisty.<\/li>\n<li><strong>Dokument\u00f3w dochodowych:<\/strong> Klienci musz\u0105 udokumentowa\u0107 swoje dochody, co mo\u017ce obejmowa\u0107 wyci\u0105gi bankowe lub inne dokumenty potwierdzaj\u0105ce regularne wp\u0142ywy finansowe na konto.<\/li>\n<\/ul>\n<h2>Jak wzi\u0105\u0107 kredyt got\u00f3wkowy w Banku Pekao S.A.?<\/h2>\n<p>Kredyt got\u00f3wkowy mo\u017cna zaci\u0105gn\u0105\u0107 w Banku Pekao S.A. poprzez r\u00f3\u017cne kana\u0142y:<\/p>\n<ul>\n<li><strong>Aplikacja mobilna PeoPay:<\/strong> Klienci mog\u0105 aplikowa\u0107 o kredyt za po\u015brednictwem aplikacji mobilnej Banku Pekao S.A., kt\u00f3ra jest dost\u0119pna na smartfony i tablety.<\/li>\n<li><strong>Serwis transakcyjny Pekao24:<\/strong> Inna opcja to skorzystanie z serwisu transakcyjnego Banku Pekao S.A. przez stron\u0119 internetow\u0105. W serwisie transakcyjnym klienci maj\u0105 dost\u0119p do r\u00f3\u017cnych produkt\u00f3w i us\u0142ug bankowych, w tym kredyt\u00f3w.<\/li>\n<li><strong>Infolinia banku:<\/strong> Istnieje tak\u017ce mo\u017cliwo\u015b\u0107 aplikowania o kredyt poprzez infolini\u0119 banku, gdzie konsultanci udzielaj\u0105 pomocy w procesie aplikacyjnym.<\/li>\n<li><strong>Oddzia\u0142y banku:<\/strong> Klienci mog\u0105 tak\u017ce uda\u0107 si\u0119 osobi\u015bcie do jednego z oddzia\u0142\u00f3w Banku Pekao S.A. i z\u0142o\u017cy\u0107 wniosek o kredyt got\u00f3wkowy.<\/li>\n<\/ul>\n<h2>Jak sp\u0142aci\u0107 kredyt got\u00f3wkowy w Banku Pekao S.A.?<\/h2>\n<p>Kredyt w Banku Pekao S.A. b\u0119dziesz zgodnie z harmonogramem sp\u0142at za\u0142\u0105czonym do umowy. W zale\u017cno\u015bci od ustale\u0144 kredyt mo\u017ce by\u0107 sp\u0142acany automatycznie je\u015bli odpowiednie \u015brodki znajduj\u0105 si\u0119 na koncie klienta.<\/p>\n<p>Sp\u0142acanie rat kredytowych w Banku Pekao S.A. jest \u0142atwe i wygodne dla os\u00f3b maj\u0105cych konto w tym banku.<\/p>\n<p><strong>Kwota raty kredytu jest automatycznie pobierana z konta klienta<\/strong> w terminie okre\u015blonym w umowie. Wystarczy, aby na koncie by\u0142y dost\u0119pne \u015brodki wystarczaj\u0105ce na pokrycie raty.<\/p>\n<p><strong>Klient mo\u017ce r\u00f3wnie\u017c sp\u0142aca\u0107 kredyt za pomoc\u0105 przelew\u00f3w<\/strong> na podane konto bankowe. Bank dostarcza informacj\u0119 o numerze konta, na kt\u00f3re nale\u017cy dokonywa\u0107 wp\u0142at.<\/p>\n<p>Dodatkowo, <strong>warto pomy\u015ble\u0107 o ustanowieniu zlecenia sta\u0142ego<\/strong>, kt\u00f3re b\u0119dzie automatycznie regulowa\u0107 raty kredytu z konta klienta w ustalonym terminie.<\/p>\n<h2>Zalety i wady kredytu got\u00f3wkowego w Banku Pekao S.A.:<\/h2>\n<p>Produkty kredytowe s\u0105 zbli\u017cone w najwi\u0119kszych polskich bankach. Warto skorzysta\u0107 z por\u00f3wnywarki rankomat, by wybra\u0107 najlepsze aktualne oferty i por\u00f3wna\u0107 je ze sob\u0105. Istotne parametry mog\u0105 si\u0119 zmienia\u0107 z miesi\u0105ca na miesi\u0105c.<\/p>\n<h3>Zalety:<\/h3>\n<p>Bank Pekao oferuje klasyczne produkty kredytowe i dla wi\u0119kszo\u015bci odbiorc\u00f3w maj\u0105 one kilka podstawowych pozytywnych cech.<\/p>\n<ul>\n<li><strong>Szeroka oferta kredytowa:<\/strong> Jako bardzo du\u017cy bank, Pekao S.A. ma w swojej ofercie od kilku do kilkunastu produkt\u00f3w kredytowych.<\/li>\n<li><strong>Cz\u0119ste promocje:<\/strong> Bank cz\u0119sto oferuje promocje dotycz\u0105ce kredyt\u00f3w got\u00f3wkowych, kt\u00f3re mog\u0105 obejmowa\u0107 m.in. brak prowizji za udzielenie kredytu lub obni\u017cone oprocentowanie.<\/li>\n<li><strong>Bezp\u0142atna wcze\u015bniejsza sp\u0142ata:<\/strong> Bank Pekao S.A. nie pobiera dodatkowych op\u0142at za wcze\u015bniejsz\u0105 sp\u0142at\u0119 kredytu got\u00f3wkowego, co daje klientom swobod\u0119 w zarz\u0105dzaniu swoimi finansami.<\/li>\n<li><strong>Mo\u017cliwo\u015b\u0107 korzystania z wielu kana\u0142\u00f3w komunikacji:<\/strong> kredyt mo\u017cna zaci\u0105gn\u0105\u0107 za pomoc\u0105 aplikacji PeoPay, infolinii, serwisu Pekao24 i w oddziale banku<\/li>\n<\/ul>\n<h3>Wady:<\/h3>\n<p>O ile kredyty w Banku Pekao zazwyczaj mo\u017cemy zaliczy\u0107 do ca\u0142kiem udanych produkt\u00f3w bankowych, o tyle czasami trudno wybra\u0107 optymalny spo\u015br\u00f3d nich.<\/p>\n<p><strong>Niejasna oferta:<\/strong> Ze wzgl\u0119du na du\u017c\u0105 ilo\u015b\u0107 r\u00f3\u017cnych ofert i pewn\u0105 trudno\u015b\u0107 w uzyskaniu informacji o nich na stronie banku, klient mo\u017ce poczu\u0107 si\u0119 zdezorientowany.<\/p>\n<h2>FAQ &#8211; Najcz\u0119\u015bciej zadawane pytania<\/h2>\n<h3>Czy mo\u017cna nadp\u0142aci\u0107 kredyt got\u00f3wkowy w Banku Pekao S.A.?<\/h3>\n<p>Tak, w Banku Pekao S.A. mo\u017cna nadp\u0142aci\u0107 lub sp\u0142aci\u0107 kredyt got\u00f3wkowy przed terminem bez dodatkowych op\u0142at. Klienci maj\u0105 mo\u017cliwo\u015b\u0107 nadp\u0142acania kredytu w dowolnym momencie, co pozwala na szybsze zredukowanie zad\u0142u\u017cenia i obni\u017cenie ca\u0142kowitych koszt\u00f3w kredytu.<\/p>\n<h3>Jakie mo\u017ce by\u0107 oprocentowanie kredytu got\u00f3wkowego w Banku Pekao S.A.?<\/h3>\n<p>Kredyty got\u00f3wkowe w Banku Pekao S.A. maj\u0105 zmienne oprocentowanie. Stawka oprocentowania zale\u017cy od wybranej oferty kredytowej, co oznacza, \u017ce w danym momencie dost\u0119pnych mo\u017ce by\u0107 kilka r\u00f3\u017cnych poziom\u00f3w oprocentowania. Bank dba o przejrzysto\u015b\u0107, informuj\u0105c klient\u00f3w o wszystkich warunkach kredytu przed podpisaniem umowy.<\/p>\n<h3>Na jaki cel mo\u017cna przeznaczy\u0107 kredyt got\u00f3wkowy w Banku Pekao S.A.?<\/h3>\n<p>Kredyt got\u00f3wkowy w Banku Pekao S.A. mo\u017cna wykorzysta\u0107 na dowolny cel. Bank nie wprowadza \u017cadnych ogranicze\u0144 dotycz\u0105cych przeznaczenia \u015brodk\u00f3w, co daje klientom pe\u0142n\u0105 swobod\u0119 w decydowaniu, jak chc\u0105 wykorzysta\u0107 po\u017cyczone pieni\u0105dze. Kredyty got\u00f3wkowe cz\u0119sto s\u0105 wykorzystywane na cele konsumpcyjne, takie jak zakup nowego sprz\u0119tu, remont mieszkania, sp\u0142ata innych zobowi\u0105za\u0144, czy na cele rekreacyjne i podr\u00f3\u017ce. Niekt\u00f3re kredyty got\u00f3wkowe w Pekao maj\u0105 okre\u015blone cele, na przyk\u0142ad ekologiczny czy obrotowy dla firm, a warunki tych kredyt\u00f3w s\u0105 okre\u015blone w umowie.<\/p>\n<h3>Jaka jest maksymalna kwota kredytu got\u00f3wkowego w Banku Pekao S.A.?<\/h3>\n<p>Bank Pekao S.A. oferuje kredyty got\u00f3wkowe do 250 000 z\u0142 dla os\u00f3b fizycznych i do 400 000 z\u0142 dla dzia\u0142alno\u015bci gospodarczych. Wysoko\u015b\u0107 kredytu zale\u017cy od zdolno\u015bci kredytowej klienta oraz innych czynnik\u00f3w, takich jak dochody i historia kredytowa. Bank dok\u0142adnie ocenia sytuacj\u0119 finansow\u0105 ka\u017cdego klienta, aby zaproponowa\u0107 odpowiedni\u0105 kwot\u0119 kredytu dostosowan\u0105 do jego potrzeb i mo\u017cliwo\u015bci sp\u0142aty.<\/p>\n<h3>Jaki jest maksymalny okres sp\u0142aty kredytu got\u00f3wkowego w Banku Pekao S.A.?<\/h3>\n<p>Maksymalny okres sp\u0142aty kredytu got\u00f3wkowego wynosi 10 lat dla os\u00f3b fizycznych oraz 8 lat dla firm. D\u0142ugo\u015b\u0107 okresu sp\u0142aty mo\u017ce by\u0107 dostosowana do indywidualnych preferencji i mo\u017cliwo\u015bci klienta, jednak nale\u017cy pami\u0119ta\u0107, \u017ce wyd\u0142u\u017cenie okresu sp\u0142aty mo\u017ce prowadzi\u0107 do wy\u017cszych koszt\u00f3w kredytu.<\/p>\n","protected":false},"excerpt":{"rendered":"<p>Oferta Banku Pekao S.A. w zakresie kredyt\u00f3w got\u00f3wkowych jest bardzo szeroka. Jako jeden z najwi\u0119kszych i najbardziej rozpoznawalnych bank\u00f3w w [&hellip;]<\/p>\n","protected":false},"author":66,"featured_media":0,"parent":724,"menu_order":0,"comment_status":"closed","ping_status":"closed","template":"page_bank_product.php","meta":{"_acf_changed":false,"yasr_overall_rating":0,"yasr_post_is_review":"","yasr_auto_insert_disabled":"","yasr_review_type":"","footnotes":""},"class_list":["post-10256","page","type-page","status-publish","hentry"],"acf":[],"yoast_head":"<!-- This site is optimized with the Yoast SEO plugin v27.1.1 - https:\/\/yoast.com\/product\/yoast-seo-wordpress\/ -->\n<title>Kredyty got\u00f3wkowe w Banku Pekao SA - sprawd\u017a oferty bankowe | Por\u00f3wnywarka finansowa Rankomat<\/title>\n<meta name=\"robots\" content=\"index, follow, max-snippet:-1, max-image-preview:large, max-video-preview:-1\" \/>\n<link rel=\"canonical\" href=\"https:\/\/rankomat.pl\/finanse\/banki\/bank-pekao-sa\/kredyty-gotowkowe\/\" \/>\n<meta property=\"og:locale\" content=\"pl_PL\" \/>\n<meta property=\"og:type\" content=\"article\" \/>\n<meta property=\"og:title\" content=\"Kredyty got\u00f3wkowe w Banku Pekao SA - sprawd\u017a {{count_bank_0}} | Por\u00f3wnywarka finansowa Rankomat\" \/>\n<meta property=\"og:description\" content=\"Oferta Banku Pekao S.A. w zakresie kredyt\u00f3w got\u00f3wkowych jest bardzo szeroka. Jako jeden z najwi\u0119kszych i najbardziej rozpoznawalnych bank\u00f3w w [&hellip;]\" \/>\n<meta property=\"og:url\" content=\"https:\/\/rankomat.pl\/finanse\/banki\/bank-pekao-sa\/kredyty-gotowkowe\/\" \/>\n<meta property=\"og:site_name\" content=\"Por\u00f3wnywarka finansowa Rankomat\" \/>\n<meta property=\"article:publisher\" content=\"https:\/\/www.facebook.com\/rankomatpl\/\" \/>\n<meta property=\"article:modified_time\" content=\"2024-07-30T09:35:29+00:00\" \/>\n<meta property=\"og:image\" content=\"https:\/\/rankomat.pl\/finanse\/wp-content\/uploads\/2021\/03\/rankomat-star-og.png\" \/>\n\t<meta property=\"og:image:width\" content=\"480\" \/>\n\t<meta property=\"og:image:height\" content=\"320\" \/>\n\t<meta property=\"og:image:type\" content=\"image\/png\" \/>\n<meta name=\"twitter:card\" content=\"summary_large_image\" \/>\n<meta name=\"twitter:site\" content=\"@rankomat\" \/>\n<meta name=\"twitter:label1\" content=\"Szacowany czas czytania\" \/>\n\t<meta name=\"twitter:data1\" content=\"8 minut\" \/>\n<script type=\"application\/ld+json\" class=\"yoast-schema-graph\">{\"@context\":\"https:\/\/schema.org\",\"@graph\":[{\"@type\":\"BreadcrumbList\",\"@id\":\"https:\/\/rankomat.pl\/finanse\/banki\/bank-pekao-sa\/kredyty-gotowkowe\/#breadcrumb\",\"itemListElement\":[{\"@type\":\"ListItem\",\"position\":1,\"name\":\"Finanse\",\"item\":\"https:\/\/rankomat.pl\/finanse\/\"},{\"@type\":\"ListItem\",\"position\":2,\"name\":\"Banki\",\"item\":\"https:\/\/rankomat.pl\/finanse\/banki\/\"},{\"@type\":\"ListItem\",\"position\":3,\"name\":\"Bank Pekao SA\",\"item\":\"https:\/\/rankomat.pl\/finanse\/banki\/bank-pekao-sa\/\"},{\"@type\":\"ListItem\",\"position\":4,\"name\":\"Kredyty got\u00f3wkowe w Banku Pekao SA\"}]}]}<\/script>\n<!-- \/ Yoast SEO plugin. -->","yoast_head_json":{"title":"Kredyty got\u00f3wkowe w Banku Pekao SA - sprawd\u017a oferty bankowe | Por\u00f3wnywarka finansowa Rankomat","robots":{"index":"index","follow":"follow","max-snippet":"max-snippet:-1","max-image-preview":"max-image-preview:large","max-video-preview":"max-video-preview:-1"},"canonical":"https:\/\/rankomat.pl\/finanse\/banki\/bank-pekao-sa\/kredyty-gotowkowe\/","og_locale":"pl_PL","og_type":"article","og_title":"Kredyty got\u00f3wkowe w Banku Pekao SA - sprawd\u017a {{count_bank_0}} | Por\u00f3wnywarka finansowa Rankomat","og_description":"Oferta Banku Pekao S.A. w zakresie kredyt\u00f3w got\u00f3wkowych jest bardzo szeroka. Jako jeden z najwi\u0119kszych i najbardziej rozpoznawalnych bank\u00f3w w [&hellip;]","og_url":"https:\/\/rankomat.pl\/finanse\/banki\/bank-pekao-sa\/kredyty-gotowkowe\/","og_site_name":"Por\u00f3wnywarka finansowa Rankomat","article_publisher":"https:\/\/www.facebook.com\/rankomatpl\/","article_modified_time":"2024-07-30T09:35:29+00:00","og_image":[{"width":480,"height":320,"url":"https:\/\/rankomat.pl\/finanse\/wp-content\/uploads\/2021\/03\/rankomat-star-og.png","type":"image\/png"}],"twitter_card":"summary_large_image","twitter_site":"@rankomat","twitter_misc":{"Szacowany czas czytania":"8 minut"},"schema":{"@context":"https:\/\/schema.org","@graph":[{"@type":"BreadcrumbList","@id":"https:\/\/rankomat.pl\/finanse\/banki\/bank-pekao-sa\/kredyty-gotowkowe\/#breadcrumb","itemListElement":[{"@type":"ListItem","position":1,"name":"Finanse","item":"https:\/\/rankomat.pl\/finanse\/"},{"@type":"ListItem","position":2,"name":"Banki","item":"https:\/\/rankomat.pl\/finanse\/banki\/"},{"@type":"ListItem","position":3,"name":"Bank Pekao SA","item":"https:\/\/rankomat.pl\/finanse\/banki\/bank-pekao-sa\/"},{"@type":"ListItem","position":4,"name":"Kredyty got\u00f3wkowe w Banku Pekao SA"}]}]}},"yasr_visitor_votes":{"stars_attributes":{"read_only":false,"span_bottom":false},"number_of_votes":0,"sum_votes":0},"_links":{"self":[{"href":"https:\/\/rankomat.pl\/finanse\/wp-json\/wp\/v2\/pages\/10256","targetHints":{"allow":["GET"]}}],"collection":[{"href":"https:\/\/rankomat.pl\/finanse\/wp-json\/wp\/v2\/pages"}],"about":[{"href":"https:\/\/rankomat.pl\/finanse\/wp-json\/wp\/v2\/types\/page"}],"author":[{"embeddable":true,"href":"https:\/\/rankomat.pl\/finanse\/wp-json\/wp\/v2\/users\/66"}],"replies":[{"embeddable":true,"href":"https:\/\/rankomat.pl\/finanse\/wp-json\/wp\/v2\/comments?post=10256"}],"version-history":[{"count":0,"href":"https:\/\/rankomat.pl\/finanse\/wp-json\/wp\/v2\/pages\/10256\/revisions"}],"up":[{"embeddable":true,"href":"https:\/\/rankomat.pl\/finanse\/wp-json\/wp\/v2\/pages\/724"}],"wp:attachment":[{"href":"https:\/\/rankomat.pl\/finanse\/wp-json\/wp\/v2\/media?parent=10256"}],"curies":[{"name":"wp","href":"https:\/\/api.w.org\/{rel}","templated":true}]}}