{"id":10388,"date":"2024-07-31T12:15:37","date_gmt":"2024-07-31T10:15:37","guid":{"rendered":"https:\/\/rankomat.pl\/finanse\/?page_id=10388"},"modified":"2024-11-08T09:55:21","modified_gmt":"2024-11-08T08:55:21","slug":"konta-bankowe","status":"publish","type":"page","link":"https:\/\/rankomat.pl\/finanse\/banki\/credit-agricole\/konta-bankowe\/","title":{"rendered":"Konta bankowe w Credit Agricole"},"content":{"rendered":"<p><strong>W Banku Credit Agricole za\u0142o\u017cysz konta osobiste, firmowe, oszcz\u0119dno\u015bciowe i celowe. Bank ten oferuje szeroki zakres produkt\u00f3w tego typu, od najprostszych rachunk\u00f3w oszcz\u0119dno\u015bciowo-rozliczeniowych (ROR) po produkty premium dla zamo\u017cnych klient\u00f3w.<\/strong><\/p>\n<p><!--more--><br \/>\nKonta mo\u017cesz zak\u0142ada\u0107 za pomoc\u0105 aplikacji CA24 Mobile, serwisu transakcyjnego CA24, osobi\u015bcie w oddziale banku i podczas wideo rozmowy z doradc\u0105.<\/p>\n<h2>Jakie konta osobiste dost\u0119pne s\u0105 w Banku Credit Agricole?<\/h2>\n<p>W Banku Credit Agricole znajdziesz konta dopasowane do Twojej sytuacji i aktualnych potrzeb. Oferta jest stosunkowo prosta i przejrzysta, a za\u0142o\u017cenie konta szybkie. Na dzie\u0144 18 czerwca 2024 roku w ofercie banku znajdziesz.<\/p>\n<h3>Podstawowy rachunek p\u0142atniczy<\/h3>\n<p>Standardowy rachunek typu ROR. \u017badnych op\u0142at, \u017cadnych korzy\u015bci i promocji. Po prostu konto, na kt\u00f3rym mo\u017cesz przechowywa\u0107 \u015brodki i wykona\u0107 przelew. Rozwi\u0105zanie dla os\u00f3b, kt\u00f3re z jakiego\u015b powodu musz\u0105 je mie\u0107, ale nie chc\u0105 si\u0119 nim zajmowa\u0107.<\/p>\n<h3>Konto dla Ciebie<\/h3>\n<p><a href=\"https:\/\/rankomat.pl\/finanse\/konta\/konto-dla-ciebie-w-credit-agricole\/\">Konto dla Ciebie w Credit Agricole<\/a> to standardowe konto typu ROR dost\u0119pne w Banku Credit Agricole. Pozwala na bezp\u0142atne wyp\u0142aty z bankomat\u00f3w w ca\u0142ym kraju, mo\u017cna do niego podpi\u0105\u0107 BLIK. Wymaga spe\u0142nienia prostych warunk\u00f3w, ale w zamian oferuje kilka korzy\u015bci, kt\u00f3rych podstawowy rachunek Ci nie da, takie jak rabaty w sklepach.<\/p>\n<h3>Konto dla Ciebie Junior<\/h3>\n<p>Konto przeznaczone dla dzieci poni\u017cej 13 roku \u017cycia z rodzicielsk\u0105 kontrol\u0105 wydatk\u00f3w. Mo\u017cna wykorzysta\u0107 je, by nauczy\u0107 dziecko zarz\u0105dza\u0107 w\u0142asnymi pieni\u0119dzmi. W ramach konta bezp\u0142atna karta z atrakcyjnym wizerunkiem.<\/p>\n<h3>Konto dla Ciebie GO!<\/h3>\n<p>Konto przeznaczone dla nastolatk\u00f3w w wieku 13-18 lat. Wygodne, bezp\u0142atne i proste w obs\u0142udze online za pomoc\u0105 aplikacji mobilnej CA24 Mobile.<\/p>\n<h3>Konto dla Ciebie Move<\/h3>\n<p>Wariacja podstawowego Konta dla Ciebie, ze zmienionymi wymaganiami i op\u0142atami. Por\u00f3wnaj obie oferty, lub popytaj o nie pracownika banku. Dla niekt\u00f3rych u\u017cytkownik\u00f3w ta oferta b\u0119dzie korzystniejsza.<\/p>\n<h3>Konto dla Ciebie VIP<\/h3>\n<p>Konto dla os\u00f3b o wysokich i regularnych dochodach, kt\u00f3re korzysta z szeregu dodatkowych korzy\u015bci. Bank Credit Agricole oferuje mi\u0119dzy innymi bezp\u0142atn\u0105 wyp\u0142at\u0119 ze wszystkich bankomat\u00f3w na \u015bwiecie, darmowe przelewy ekspresowe i kilka innych us\u0142ug.<\/p>\n<h2>Jak za\u0142o\u017cy\u0107 konto osobiste w Banku Credit Agricole?<\/h2>\n<p>Bank oferuje kilka opcji za\u0142o\u017cenia w nim konta.<\/p>\n<ul>\n<li>W aplikacji mobilnej CA24 Online<\/li>\n<li>Podczas wideo rozmowy z doradc\u0105<\/li>\n<li>W oddziale Credit Agricole<\/li>\n<\/ul>\n<h2>Kto mo\u017ce otworzy\u0107 konto w Banku Credit Agricole?<\/h2>\n<p>Konto w Banku Credit Agricole mo\u017ce za\u0142o\u017cy\u0107 ka\u017cda osoba pe\u0142noletnia, posiadaj\u0105ca pe\u0142n\u0105 zdolno\u015b\u0107 do czynno\u015bci prawnych. W przypadku os\u00f3b niepe\u0142noletnich konto mo\u017ce zosta\u0107 otwarte przez ich rodzic\u00f3w lub opiekun\u00f3w prawnych. Bank akceptuje zar\u00f3wno obywateli polskich, jak i obcokrajowc\u00f3w.<\/p>\n<h2>Jakie s\u0105 koszty otwarcia i prowadzenia konta osobistego w Banku Credit Agricole?<\/h2>\n<p>Otwarcie i prowadzenie podstawowego konta oszcz\u0119dno\u015bciowo-rozliczeniowego w Banku Credit Agricole jest bezp\u0142atne. Bank nie pobiera \u017cadnych op\u0142at za korzystanie z tego konta, co jest korzystne dla klient\u00f3w.<\/p>\n<h2>Czy bank oferuje kart\u0119 p\u0142atnicz\u0105 po otwarciu konta?<\/h2>\n<p>Tak, po otwarciu konta osobistego w Banku Credit Agricole, mo\u017cna otrzyma\u0107 kart\u0119 p\u0142atnicz\u0105. Pierwsza karta jest bezp\u0142atna, ale bank mo\u017ce nalicza\u0107 op\u0142aty za wydanie kolejnych kart do tego samego konta.<\/p>\n<h2>Jakie s\u0105 dodatkowe us\u0142ugi i produkty zwi\u0105zane z kontem osobistym w Banku Credit Agricole?<\/h2>\n<p>Bank Credit Agricole oferuje wiele dodatkowych us\u0142ug, w tym bankowo\u015b\u0107 internetow\u0105, mobiln\u0105 i telefoniczn\u0105, dost\u0119p do bankomat\u00f3w i wp\u0142atomat\u00f3w w ca\u0142ym kraju, a tak\u017ce produkty oszcz\u0119dno\u015bciowe i inwestycyjne. Otwarcie konta w tym banku zapewnia dost\u0119p do wielu rozwi\u0105za\u0144 finansowych, dopasowanych do indywidualnych potrzeb klient\u00f3w.<\/p>\n<h2>Jakie konta firmowe dost\u0119pne s\u0105 w Banku Credit Agricole ?<\/h2>\n<p>Bank Credit Agricole oferuje konta dla os\u00f3b prowadz\u0105cych jednoosobow\u0105 dzia\u0142alno\u015b\u0107 gospodarcz\u0105 i rolnik\u00f3w. W ofercie banku znajdziesz:<\/p>\n<h3>Konto Solista Biznes<\/h3>\n<p>Rachunek przeznaczony typowo dla jednoosobowej dzia\u0142alno\u015bci gospodarczej. Konto jest darmowe pod warunkiem spe\u0142nienia okre\u015blonych warunk\u00f3w, do kt\u00f3rych nale\u017c\u0105 minimalne wp\u0142ywy na konto i wykonanie przelewu do ZUS. Bardzo standardowy i uproszczony produkt wyposa\u017cony w subkonto podatkowe.<\/p>\n<h3>Konto Agricole<\/h3>\n<p>Konto stworzone specjalnie dla rolnik\u00f3w. Bank nie pobiera op\u0142at za jego prowadzenie pod warunkiem spe\u0142nienia okre\u015blonych w umowie warunk\u00f3w. \u0141\u0105czy si\u0119 w atrakcyjny spos\u00f3b z kredytami rolnymi, kt\u00f3re s\u0105 presti\u017cow\u0105 kwesti\u0105 dla Credit Agricole.<\/p>\n<p>W razie gdyby przedsi\u0119biorca potrzebowa\u0142 szczeg\u00f3lnych rozwi\u0105za\u0144, bank ma do\u015b\u0107 elastyczn\u0105 ofert\u0119 dla odbiorcy profesjonalnego.<\/p>\n<h2>FAQ &#8211; najcz\u0119\u015bciej zadawane pytania<\/h2>\n<h3>Czy konto bankowe jest oprocentowane?<\/h3>\n<p>Klasyczny ROR lub konto firmowe nie s\u0105 oprocentowane. Oprocentowanie oferuj\u0105 jedynie konta oszcz\u0119dno\u015bciowe. Mo\u017cesz sprawdzi\u0107 oprocentowanie konta w umowie rachunku oraz w ofercie banku.<\/p>\n<h3>Jaki jest numer IBAN konta w Banku Credit Agricole?<\/h3>\n<p>Bank Credit Agricole u\u017cywa kodu SWIFT AGRIPLPR, a numer IBAN jest indywidualny dla ka\u017cdego konta, sk\u0142ada si\u0119 z 26 znak\u00f3w i zaczyna si\u0119 od &#8222;PL&#8221;, co oznacza konto w polskim banku.<\/p>\n<h3>Czy mo\u017cna zmieni\u0107 typ konta w Banku Credit Agricole?<\/h3>\n<p>Typ konta nie mo\u017ce by\u0107 zmieniony po jego za\u0142o\u017ceniu. Mo\u017cesz jednak otworzy\u0107 nowe konto innego typu w tym samym banku i przenie\u015b\u0107 na nie swoj\u0105 aktywno\u015b\u0107. Nie jest mo\u017cliwe zachowanie tego samego numeru konta.<\/p>\n<h3>Czy mo\u017cna za\u0142o\u017cy\u0107 konto wsp\u00f3lne w Banku Credit Agricole?<\/h3>\n<p>Tak, Bank Credit Agricole oferuje mo\u017cliwo\u015b\u0107 za\u0142o\u017cenia konta wsp\u00f3lnego, kt\u00f3re mo\u017ce by\u0107 wsp\u00f3\u0142dzielone przez co najmniej dwie osoby. Takie konta s\u0105 cz\u0119sto u\u017cywane przez rodziny do zarz\u0105dzania domowym bud\u017cetem.<\/p>\n<h3>Jak pobra\u0107 wyci\u0105g z konta w Banku Credit Agricole?<\/h3>\n<p>Aby pobra\u0107 wyci\u0105g z konta w Banku Credit Agricole, wystarczy zalogowa\u0107 si\u0119 do serwisu transakcyjnego CA24, wybra\u0107 opcj\u0119 \u201cKonta\u201d, odnale\u017a\u0107 odpowiednie konto, je\u015bli masz ich wi\u0119cej, po czym wybra\u0107 \u201cWyci\u0105gi\u201d.<\/p>\n","protected":false},"excerpt":{"rendered":"<p>W Banku Credit Agricole za\u0142o\u017cysz konta osobiste, firmowe, oszcz\u0119dno\u015bciowe i celowe. Bank ten oferuje szeroki zakres produkt\u00f3w tego typu, od [&hellip;]<\/p>\n","protected":false},"author":66,"featured_media":0,"parent":777,"menu_order":0,"comment_status":"closed","ping_status":"closed","template":"page_bank_product.php","meta":{"_acf_changed":false,"yasr_overall_rating":0,"yasr_post_is_review":"","yasr_auto_insert_disabled":"","yasr_review_type":"","footnotes":""},"class_list":["post-10388","page","type-page","status-publish","hentry"],"acf":[],"yoast_head":"<!-- This site is optimized with the Yoast SEO plugin v27.1.1 - https:\/\/yoast.com\/product\/yoast-seo-wordpress\/ -->\n<title>Konta bankowe w Credit Agricole | Por\u00f3wnywarka finansowa Rankomat<\/title>\n<meta name=\"robots\" content=\"index, follow, max-snippet:-1, max-image-preview:large, max-video-preview:-1\" \/>\n<link rel=\"canonical\" href=\"https:\/\/rankomat.pl\/finanse\/banki\/credit-agricole\/konta-bankowe\/\" \/>\n<meta property=\"og:locale\" content=\"pl_PL\" \/>\n<meta property=\"og:type\" content=\"article\" \/>\n<meta property=\"og:title\" content=\"Konta bankowe w Credit Agricole | Por\u00f3wnywarka finansowa Rankomat\" \/>\n<meta property=\"og:description\" content=\"W Banku Credit Agricole za\u0142o\u017cysz konta osobiste, firmowe, oszcz\u0119dno\u015bciowe i celowe. Bank ten oferuje szeroki zakres produkt\u00f3w tego typu, od [&hellip;]\" \/>\n<meta property=\"og:url\" content=\"https:\/\/rankomat.pl\/finanse\/banki\/credit-agricole\/konta-bankowe\/\" \/>\n<meta property=\"og:site_name\" content=\"Por\u00f3wnywarka finansowa Rankomat\" \/>\n<meta property=\"article:publisher\" content=\"https:\/\/www.facebook.com\/rankomatpl\/\" \/>\n<meta property=\"article:modified_time\" content=\"2024-11-08T08:55:21+00:00\" \/>\n<meta property=\"og:image\" content=\"https:\/\/rankomat.pl\/finanse\/wp-content\/uploads\/2021\/03\/rankomat-star-og.png\" \/>\n\t<meta property=\"og:image:width\" content=\"480\" \/>\n\t<meta property=\"og:image:height\" content=\"320\" \/>\n\t<meta property=\"og:image:type\" content=\"image\/png\" \/>\n<meta name=\"twitter:card\" content=\"summary_large_image\" \/>\n<meta name=\"twitter:site\" content=\"@rankomat\" \/>\n<meta name=\"twitter:label1\" content=\"Szacowany czas czytania\" \/>\n\t<meta name=\"twitter:data1\" content=\"6 minut\" \/>\n<script type=\"application\/ld+json\" class=\"yoast-schema-graph\">{\"@context\":\"https:\/\/schema.org\",\"@graph\":[{\"@type\":\"BreadcrumbList\",\"@id\":\"https:\/\/rankomat.pl\/finanse\/banki\/credit-agricole\/konta-bankowe\/#breadcrumb\",\"itemListElement\":[{\"@type\":\"ListItem\",\"position\":1,\"name\":\"Finanse\",\"item\":\"https:\/\/rankomat.pl\/finanse\/\"},{\"@type\":\"ListItem\",\"position\":2,\"name\":\"Banki\",\"item\":\"https:\/\/rankomat.pl\/finanse\/banki\/\"},{\"@type\":\"ListItem\",\"position\":3,\"name\":\"Credit Agricole\",\"item\":\"https:\/\/rankomat.pl\/finanse\/banki\/credit-agricole\/\"},{\"@type\":\"ListItem\",\"position\":4,\"name\":\"Konta bankowe w Credit Agricole\"}]}]}<\/script>\n<!-- \/ Yoast SEO plugin. -->","yoast_head_json":{"title":"Konta bankowe w Credit Agricole | Por\u00f3wnywarka finansowa Rankomat","robots":{"index":"index","follow":"follow","max-snippet":"max-snippet:-1","max-image-preview":"max-image-preview:large","max-video-preview":"max-video-preview:-1"},"canonical":"https:\/\/rankomat.pl\/finanse\/banki\/credit-agricole\/konta-bankowe\/","og_locale":"pl_PL","og_type":"article","og_title":"Konta bankowe w Credit Agricole | Por\u00f3wnywarka finansowa Rankomat","og_description":"W Banku Credit Agricole za\u0142o\u017cysz konta osobiste, firmowe, oszcz\u0119dno\u015bciowe i celowe. Bank ten oferuje szeroki zakres produkt\u00f3w tego typu, od [&hellip;]","og_url":"https:\/\/rankomat.pl\/finanse\/banki\/credit-agricole\/konta-bankowe\/","og_site_name":"Por\u00f3wnywarka finansowa Rankomat","article_publisher":"https:\/\/www.facebook.com\/rankomatpl\/","article_modified_time":"2024-11-08T08:55:21+00:00","og_image":[{"width":480,"height":320,"url":"https:\/\/rankomat.pl\/finanse\/wp-content\/uploads\/2021\/03\/rankomat-star-og.png","type":"image\/png"}],"twitter_card":"summary_large_image","twitter_site":"@rankomat","twitter_misc":{"Szacowany czas czytania":"6 minut"},"schema":{"@context":"https:\/\/schema.org","@graph":[{"@type":"BreadcrumbList","@id":"https:\/\/rankomat.pl\/finanse\/banki\/credit-agricole\/konta-bankowe\/#breadcrumb","itemListElement":[{"@type":"ListItem","position":1,"name":"Finanse","item":"https:\/\/rankomat.pl\/finanse\/"},{"@type":"ListItem","position":2,"name":"Banki","item":"https:\/\/rankomat.pl\/finanse\/banki\/"},{"@type":"ListItem","position":3,"name":"Credit Agricole","item":"https:\/\/rankomat.pl\/finanse\/banki\/credit-agricole\/"},{"@type":"ListItem","position":4,"name":"Konta bankowe w Credit Agricole"}]}]}},"yasr_visitor_votes":{"stars_attributes":{"read_only":false,"span_bottom":false},"number_of_votes":0,"sum_votes":0},"_links":{"self":[{"href":"https:\/\/rankomat.pl\/finanse\/wp-json\/wp\/v2\/pages\/10388","targetHints":{"allow":["GET"]}}],"collection":[{"href":"https:\/\/rankomat.pl\/finanse\/wp-json\/wp\/v2\/pages"}],"about":[{"href":"https:\/\/rankomat.pl\/finanse\/wp-json\/wp\/v2\/types\/page"}],"author":[{"embeddable":true,"href":"https:\/\/rankomat.pl\/finanse\/wp-json\/wp\/v2\/users\/66"}],"replies":[{"embeddable":true,"href":"https:\/\/rankomat.pl\/finanse\/wp-json\/wp\/v2\/comments?post=10388"}],"version-history":[{"count":0,"href":"https:\/\/rankomat.pl\/finanse\/wp-json\/wp\/v2\/pages\/10388\/revisions"}],"up":[{"embeddable":true,"href":"https:\/\/rankomat.pl\/finanse\/wp-json\/wp\/v2\/pages\/777"}],"wp:attachment":[{"href":"https:\/\/rankomat.pl\/finanse\/wp-json\/wp\/v2\/media?parent=10388"}],"curies":[{"name":"wp","href":"https:\/\/api.w.org\/{rel}","templated":true}]}}