{"id":10419,"date":"2024-08-01T20:27:10","date_gmt":"2024-08-01T18:27:10","guid":{"rendered":"https:\/\/rankomat.pl\/finanse\/?page_id=10419"},"modified":"2024-08-01T20:27:29","modified_gmt":"2024-08-01T18:27:29","slug":"konta-bankowe","status":"publish","type":"page","link":"https:\/\/rankomat.pl\/finanse\/banki\/nest-bank\/konta-bankowe\/","title":{"rendered":"Konta bankowe w Nest Banku"},"content":{"rendered":"<p><strong>Nest Bank oferuje konta osobiste dla swoich klient\u00f3w i cz\u0119sto s\u0105 to konta bezwarunkowo bezp\u0142atne. Oznacza to, \u017ce nawet je\u015bli nie korzystasz aktywnie z konta, to prowadzenie go nie kosztuje Ci\u0119 ani z\u0142ot\u00f3wki i nie wymaga \u017cadnych dzia\u0142a\u0144 z Twojej strony. Z tego wzgl\u0119du stosunkowo nowy i ma\u0142o znany bank kilkakrotnie wygrywa\u0142 rankingi najlepszych kont dla os\u00f3b fizycznych.<\/strong><\/p>\n<h2><!--more--><br \/>\nJakie konta osobiste dost\u0119pne s\u0105 w Nest Banku ?<\/h2>\n<p>W Nest Banku znajdziesz kilka typ\u00f3w kont osobistych dla os\u00f3b doros\u0142ych i m\u0142odzie\u017cy. Mo\u017cesz zak\u0142ada\u0107 je online i tak samo z nich korzysta\u0107. Pami\u0119taj, \u017ce mo\u017cesz te\u017c za\u0142o\u017cy\u0107 konto wsp\u00f3lne z drug\u0105 osob\u0105.<\/p>\n<h3>Nest Konto<\/h3>\n<p>Standardowy rachunek w Nest Banku. Konto jest prowadzone bezwarunkowo bezp\u0142atnie i mo\u017cesz mie\u0107 je otwarte nie p\u0142ac\u0105c ani z\u0142ot\u00f3wki &#8211; nawet gdy realnie z niego nie korzystasz. Bezp\u0142atne i bezwarunkowe s\u0105 te\u017c: przelewy SEPA, przelewy mi\u0119dzybankowe, pierwsza karta debetowa do konta i wp\u0142aty\/wyp\u0142aty BLIKiem.<\/p>\n<h3>Nest konto Samodzielne<\/h3>\n<p>Konto przeznaczone dla os\u00f3b poni\u017cej 18 roku \u017cycia. Zak\u0142adane z pomoc\u0105 rodzic\u00f3w lub opiekun\u00f3w. Bezwarunkowo bezp\u0142atne i jeszcze do tego w promocji obejmuj\u0105cej nawet cashbacku za zakupy.<\/p>\n<h3>Nest konto Waluta<\/h3>\n<p>Konto, kt\u00f3re mo\u017cesz za\u0142o\u017cy\u0107, aby rozlicza\u0107 transakcje w euro, dolarach ameryka\u0144skich i funtach brytyjskich. Tak\u017ce to konto pozwala na darmowe przelewy SEPA co jest podstawow\u0105 zalet\u0105 w takiej sytuacji.<\/p>\n<h3>Nest konto PRP<\/h3>\n<p>Podstawowy rachunek p\u0142atniczy przeznaczony dla os\u00f3b, kt\u00f3re nie posiadaj\u0105 konta w \u017cadnym banku. Pozwala korzysta\u0107 z bankowo\u015bci bez op\u0142at, ale nie korzysta te\u017c z \u017cadnych promocji i ofert dodatkowych Nest Banku. Lepiej za\u0142o\u017cy\u0107 Nest Konto.<\/p>\n<h2>Jak za\u0142o\u017cy\u0107 konto osobiste w Nest Banku?<\/h2>\n<p>Nest Bank umo\u017cliwia za\u0142o\u017cenie konta osobistego na kilka sposob\u00f3w:<\/p>\n<ul>\n<li>Poprzez serwis internetowy Nest Banku,<\/li>\n<li>W aplikacji Nest Bank (metoda na selfie),<\/li>\n<li>Podczas wideorozmowy z doradc\u0105,<\/li>\n<li>W oddziale banku.<\/li>\n<\/ul>\n<h2>Kto mo\u017ce otworzy\u0107 konto w Nest Banku?<\/h2>\n<p>Konto osobiste w Nest Banku mo\u017ce otworzy\u0107 ka\u017cda pe\u0142noletnia osoba z pe\u0142n\u0105 zdolno\u015bci\u0105 do czynno\u015bci prawnych. Dla os\u00f3b niepe\u0142noletnich konto mog\u0105 za\u0142o\u017cy\u0107 rodzice lub opiekunowie prawni. Bank akceptuje zar\u00f3wno obywateli polskich, jak i obcokrajowc\u00f3w.<\/p>\n<h2>Jakie s\u0105 koszty otwarcia i prowadzenia konta osobistego w Nest Banku?<\/h2>\n<p>Otwarcie i prowadzenie podstawowego konta oszcz\u0119dno\u015bciowo-rozliczeniowego w Nest Banku jest bezp\u0142atne. Bank nie pobiera op\u0142at za korzystanie z tego konta, wydanie kart, przelewy krajowe i inne, co jest korzystne dla klient\u00f3w.<\/p>\n<h2>Czy bank oferuje kart\u0119 p\u0142atnicz\u0105 po otwarciu konta?<\/h2>\n<p>Tak, po otwarciu konta osobistego w Nest Banku otrzymasz kart\u0119 p\u0142atnicz\u0105. Pierwsza karta jest bezp\u0142atna, natomiast bank mo\u017ce nalicza\u0107 op\u0142aty za wydanie kolejnych kart do tego samego konta.<\/p>\n<h2>Jakie s\u0105 dodatkowe us\u0142ugi i produkty zwi\u0105zane z kontem osobistym w Nest Banku?<\/h2>\n<p>Nest Bank oferuje wiele dodatkowych us\u0142ug, takich jak:<\/p>\n<ul>\n<li>Bankowo\u015b\u0107 internetowa, mobilna i telefoniczna,<\/li>\n<li>Dost\u0119p do bankomat\u00f3w i wp\u0142atomat\u00f3w w ca\u0142ym kraju,<\/li>\n<li>Bezp\u0142atne przelewy w euro w Unii Europejskiej (SEPA),<\/li>\n<li>Promocyjne konta oszcz\u0119dno\u015bciowe.<\/li>\n<\/ul>\n<p>Otwarcie konta w tym banku zapewnia dost\u0119p do wielu rozwi\u0105za\u0144 finansowych, dopasowanych do indywidualnych potrzeb klient\u00f3w.<\/p>\n<h2>Jakie konta firmowe dost\u0119pne s\u0105 w Nest Banku ?<\/h2>\n<p>Nest Bank oferuje konta dla os\u00f3b prowadz\u0105cych jednoosobow\u0105 dzia\u0142alno\u015b\u0107 gospodarcz\u0105, ma\u0142ych firm i wolnych zawod\u00f3w. W ofercie banku znajdziesz poni\u017csze propozycje<\/p>\n<h3>BIZnest konto<\/h3>\n<p>Rachunek przeznaczony dla ma\u0142ej firmy. Bezwarunkowo bezp\u0142atny w zakresie prowadzenia, przelew\u00f3w krajowych, wp\u0142at\/wyp\u0142at BLIKiem i pierwszej karty debetowej. Jedno z najta\u0144szych kont firmowych na rynku polskim.<\/p>\n<h3>BIZnest konto waluta<\/h3>\n<p>Walutowe konto obs\u0142uguj\u0105ce firmowe p\u0142atno\u015bci w 10 walutach: USD, EUR, GBP, CHF, CZK, DKK, HUF, NOK, RON, SEK. Przydatne zw\u0142aszcza dla firm wsp\u00f3\u0142pracuj\u0105cych z wieloma kontrahentami w ca\u0142ej Europie.<\/p>\n<h2>FAQ &#8211; Najcz\u0119\u015bciej zadawane pytania<\/h2>\n<h3>Czy konto bankowe jest oprocentowane?<\/h3>\n<p>Standardowe ROR-y oraz konta firmowe nie s\u0105 oprocentowane. Oprocentowanie dotyczy jedynie kont oszcz\u0119dno\u015bciowych. Szczeg\u00f3\u0142y dotycz\u0105ce oprocentowania mo\u017cna znale\u017a\u0107 w umowie rachunku oraz w ofercie banku.<\/p>\n<h3>Jaki jest numer IBAN konta w Nest Banku?<\/h3>\n<p>Nest Bank u\u017cywa kodu SWIFT NESBPLPW. Numer IBAN jest indywidualny dla ka\u017cdego konta, sk\u0142ada si\u0119 z 26 znak\u00f3w i zaczyna si\u0119 od &#8222;PL&#8221;, co oznacza konto w polskim banku.<\/p>\n<h3>Czy mo\u017cna zmieni\u0107 typ konta w Nest Banku?<\/h3>\n<p>Po za\u0142o\u017ceniu konta nie ma mo\u017cliwo\u015bci zmiany jego typu. Mo\u017cna jednak otworzy\u0107 nowe konto innego rodzaju w tym samym banku i przenie\u015b\u0107 na nie swoj\u0105 aktywno\u015b\u0107, cho\u0107 numer konta nie pozostanie ten sam.<\/p>\n<h3>Czy mo\u017cna za\u0142o\u017cy\u0107 konto wsp\u00f3lne w Nest Banku?<\/h3>\n<p>Tak, Nest Bank umo\u017cliwia za\u0142o\u017cenie konta wsp\u00f3lnego, kt\u00f3re mo\u017ce by\u0107 prowadzone przez co najmniej dwie osoby. Takie konta s\u0105 popularne w\u015br\u00f3d rodzin do zarz\u0105dzania wsp\u00f3lnymi finansami.<\/p>\n<h3>Jak pobra\u0107 wyci\u0105g z konta w Nest Banku?<\/h3>\n<ul>\n<li>Zaloguj si\u0119 do konta poprzez aplikacj\u0119 mobiln\u0105 Nest Bank.<\/li>\n<li>Przejd\u017a na wybrane konto.<\/li>\n<li>Kliknij symbol 3 kropek (czyli: wi\u0119cej opcji)<\/li>\n<li>Pobierz dokument.<\/li>\n<\/ul>\n","protected":false},"excerpt":{"rendered":"<p>Nest Bank oferuje konta osobiste dla swoich klient\u00f3w i cz\u0119sto s\u0105 to konta bezwarunkowo bezp\u0142atne. Oznacza to, \u017ce nawet je\u015bli [&hellip;]<\/p>\n","protected":false},"author":32,"featured_media":0,"parent":911,"menu_order":0,"comment_status":"closed","ping_status":"closed","template":"page_bank_product.php","meta":{"_acf_changed":false,"yasr_overall_rating":0,"yasr_post_is_review":"","yasr_auto_insert_disabled":"","yasr_review_type":"","footnotes":""},"class_list":["post-10419","page","type-page","status-publish","hentry"],"acf":[],"yoast_head":"<!-- This site is optimized with the Yoast SEO plugin v27.1.1 - https:\/\/yoast.com\/product\/yoast-seo-wordpress\/ -->\n<title>Konta bankowe w Nest Banku - sprawd\u017a oferty bankowe | Por\u00f3wnywarka finansowa Rankomat<\/title>\n<meta name=\"robots\" content=\"index, follow, max-snippet:-1, max-image-preview:large, max-video-preview:-1\" \/>\n<link rel=\"canonical\" href=\"https:\/\/rankomat.pl\/finanse\/banki\/nest-bank\/konta-bankowe\/\" \/>\n<meta property=\"og:locale\" content=\"pl_PL\" \/>\n<meta property=\"og:type\" content=\"article\" \/>\n<meta property=\"og:title\" content=\"Konta bankowe w Nest Banku - sprawd\u017a {{count_bank_0}} | Por\u00f3wnywarka finansowa Rankomat\" \/>\n<meta property=\"og:description\" content=\"Nest Bank oferuje konta osobiste dla swoich klient\u00f3w i cz\u0119sto s\u0105 to konta bezwarunkowo bezp\u0142atne. Oznacza to, \u017ce nawet je\u015bli [&hellip;]\" \/>\n<meta property=\"og:url\" content=\"https:\/\/rankomat.pl\/finanse\/banki\/nest-bank\/konta-bankowe\/\" \/>\n<meta property=\"og:site_name\" content=\"Por\u00f3wnywarka finansowa Rankomat\" \/>\n<meta property=\"article:publisher\" content=\"https:\/\/www.facebook.com\/rankomatpl\/\" \/>\n<meta property=\"article:modified_time\" content=\"2024-08-01T18:27:29+00:00\" \/>\n<meta property=\"og:image\" content=\"https:\/\/rankomat.pl\/finanse\/wp-content\/uploads\/2021\/03\/rankomat-star-og.png\" \/>\n\t<meta property=\"og:image:width\" content=\"480\" \/>\n\t<meta property=\"og:image:height\" content=\"320\" \/>\n\t<meta property=\"og:image:type\" content=\"image\/png\" \/>\n<meta name=\"twitter:card\" content=\"summary_large_image\" \/>\n<meta name=\"twitter:site\" content=\"@rankomat\" \/>\n<meta name=\"twitter:label1\" content=\"Szacowany czas czytania\" \/>\n\t<meta name=\"twitter:data1\" content=\"5 minut\" \/>\n<script type=\"application\/ld+json\" class=\"yoast-schema-graph\">{\"@context\":\"https:\/\/schema.org\",\"@graph\":[{\"@type\":\"BreadcrumbList\",\"@id\":\"https:\/\/rankomat.pl\/finanse\/banki\/nest-bank\/konta-bankowe\/#breadcrumb\",\"itemListElement\":[{\"@type\":\"ListItem\",\"position\":1,\"name\":\"Finanse\",\"item\":\"https:\/\/rankomat.pl\/finanse\/\"},{\"@type\":\"ListItem\",\"position\":2,\"name\":\"Banki\",\"item\":\"https:\/\/rankomat.pl\/finanse\/banki\/\"},{\"@type\":\"ListItem\",\"position\":3,\"name\":\"Nest Bank\",\"item\":\"https:\/\/rankomat.pl\/finanse\/banki\/nest-bank\/\"},{\"@type\":\"ListItem\",\"position\":4,\"name\":\"Konta bankowe w Nest Banku\"}]}]}<\/script>\n<!-- \/ Yoast SEO plugin. -->","yoast_head_json":{"title":"Konta bankowe w Nest Banku - sprawd\u017a oferty bankowe | Por\u00f3wnywarka finansowa Rankomat","robots":{"index":"index","follow":"follow","max-snippet":"max-snippet:-1","max-image-preview":"max-image-preview:large","max-video-preview":"max-video-preview:-1"},"canonical":"https:\/\/rankomat.pl\/finanse\/banki\/nest-bank\/konta-bankowe\/","og_locale":"pl_PL","og_type":"article","og_title":"Konta bankowe w Nest Banku - sprawd\u017a {{count_bank_0}} | Por\u00f3wnywarka finansowa Rankomat","og_description":"Nest Bank oferuje konta osobiste dla swoich klient\u00f3w i cz\u0119sto s\u0105 to konta bezwarunkowo bezp\u0142atne. Oznacza to, \u017ce nawet je\u015bli [&hellip;]","og_url":"https:\/\/rankomat.pl\/finanse\/banki\/nest-bank\/konta-bankowe\/","og_site_name":"Por\u00f3wnywarka finansowa Rankomat","article_publisher":"https:\/\/www.facebook.com\/rankomatpl\/","article_modified_time":"2024-08-01T18:27:29+00:00","og_image":[{"width":480,"height":320,"url":"https:\/\/rankomat.pl\/finanse\/wp-content\/uploads\/2021\/03\/rankomat-star-og.png","type":"image\/png"}],"twitter_card":"summary_large_image","twitter_site":"@rankomat","twitter_misc":{"Szacowany czas czytania":"5 minut"},"schema":{"@context":"https:\/\/schema.org","@graph":[{"@type":"BreadcrumbList","@id":"https:\/\/rankomat.pl\/finanse\/banki\/nest-bank\/konta-bankowe\/#breadcrumb","itemListElement":[{"@type":"ListItem","position":1,"name":"Finanse","item":"https:\/\/rankomat.pl\/finanse\/"},{"@type":"ListItem","position":2,"name":"Banki","item":"https:\/\/rankomat.pl\/finanse\/banki\/"},{"@type":"ListItem","position":3,"name":"Nest Bank","item":"https:\/\/rankomat.pl\/finanse\/banki\/nest-bank\/"},{"@type":"ListItem","position":4,"name":"Konta bankowe w Nest Banku"}]}]}},"yasr_visitor_votes":{"stars_attributes":{"read_only":false,"span_bottom":false},"number_of_votes":0,"sum_votes":0},"_links":{"self":[{"href":"https:\/\/rankomat.pl\/finanse\/wp-json\/wp\/v2\/pages\/10419","targetHints":{"allow":["GET"]}}],"collection":[{"href":"https:\/\/rankomat.pl\/finanse\/wp-json\/wp\/v2\/pages"}],"about":[{"href":"https:\/\/rankomat.pl\/finanse\/wp-json\/wp\/v2\/types\/page"}],"author":[{"embeddable":true,"href":"https:\/\/rankomat.pl\/finanse\/wp-json\/wp\/v2\/users\/32"}],"replies":[{"embeddable":true,"href":"https:\/\/rankomat.pl\/finanse\/wp-json\/wp\/v2\/comments?post=10419"}],"version-history":[{"count":0,"href":"https:\/\/rankomat.pl\/finanse\/wp-json\/wp\/v2\/pages\/10419\/revisions"}],"up":[{"embeddable":true,"href":"https:\/\/rankomat.pl\/finanse\/wp-json\/wp\/v2\/pages\/911"}],"wp:attachment":[{"href":"https:\/\/rankomat.pl\/finanse\/wp-json\/wp\/v2\/media?parent=10419"}],"curies":[{"name":"wp","href":"https:\/\/api.w.org\/{rel}","templated":true}]}}