{"id":10424,"date":"2024-08-02T12:08:43","date_gmt":"2024-08-02T10:08:43","guid":{"rendered":"https:\/\/rankomat.pl\/finanse\/?page_id=10424"},"modified":"2024-08-02T12:08:43","modified_gmt":"2024-08-02T10:08:43","slug":"kredyty-samochodowe","status":"publish","type":"page","link":"https:\/\/rankomat.pl\/finanse\/banki\/volkswagen-bank-polska\/kredyty-samochodowe\/","title":{"rendered":"Kredyty samochodowe w Volkswagen Banku"},"content":{"rendered":"<p><strong>Volkswagen Bank powsta\u0142 po to, by udziela\u0107 kredyt\u00f3w samochodowych. W dalszym ci\u0105gu s\u0105 one jego flagowym produktem, udzielanym nie tylko na zakup pojazd\u00f3w koncernu Volkswagen. Je\u015bli szukasz kredytu konkretnie na samoch\u00f3d, na pewno zajrzyj do oferty tego banku.<\/strong><\/p>\n<p><!--more--><\/p>\n<h2>Jakie kredyty samochodowe dost\u0119pne s\u0105 w Volkswagen Banku ?<\/h2>\n<p>Jest kilka opcji, pomi\u0119dzy kt\u00f3rymi mo\u017cesz wybiera\u0107 w zale\u017cno\u015bci od tego jaki pojazd chcesz kupi\u0107 i w jaki spos\u00f3b go sp\u0142aci\u0107. Kredyty samochodowe mo\u017cna zaci\u0105gn\u0105\u0107 w salonie VW i powi\u0105zanych marek.<\/p>\n<h3>Kredyt klasyczny<\/h3>\n<p>W praktyce jest to opcja roz\u0142o\u017cenia p\u0142atno\u015bci za nowy samoch\u00f3d koncernu Volkswagen na raty. Oprocentowanie jest niskie, warunki warte przyjrzenia si\u0119 im bli\u017cej.<\/p>\n<ul>\n<li><strong>Maksymalna kwota:<\/strong> Zale\u017cna od kosztu pojazdu.<\/li>\n<li><strong>Przeznaczenie:<\/strong> Kredyt przeznaczony na zakup samochod\u00f3w osobowych koncernu Volkswagen: Cupra, Skoda, Seat, Volkswagen.<\/li>\n<li><strong>Wk\u0142ad w\u0142asny:<\/strong> Minimum 30%.<\/li>\n<li><strong>Okres sp\u0142aty:<\/strong> Maksymalnie 3-4 lata.<\/li>\n<li><strong>Dodatkowe informacje:<\/strong> Ubezpieczenie sp\u0142aty kredytu jest wliczone w cen\u0119 kredytu.<\/li>\n<\/ul>\n<h3>Kredyt Jak Abonament<\/h3>\n<p>Pozwala zakupi\u0107 samoch\u00f3d koncernu Volkswagen i ewentualnie odsprzeda\u0107 go po okresie sp\u0142aty. Bardzo przypomina leasing operacyjny. Tylko tu zawsze sp\u0142acasz ca\u0142\u0105 warto\u015b\u0107 pojazdu, a potem ewentualnie mo\u017cesz odzyska\u0107 cz\u0119\u015b\u0107 odsprzedaj\u0105c go.<\/p>\n<ul>\n<li><strong>Maksymalna kwota:<\/strong> Zale\u017cna od kosztu pojazdu.<\/li>\n<li><strong>Przeznaczenie:<\/strong> Zakup pojazdu z koncernu Volkswagen: Volkswagen, Audi, SEAT, \u0160KODA, Volkswagen Samochody Dostawcze, Porsche oraz CUPRA.<\/li>\n<li><strong>Wk\u0142ad w\u0142asny:<\/strong> 0% lub 30-50%.<\/li>\n<li><strong>Okres sp\u0142aty:<\/strong> Maksymalnie 3-4 lata.<\/li>\n<li><strong>Dodatkowe informacje:<\/strong> Ubezpieczenie sp\u0142aty kredytu jest wliczone w cen\u0119 kredytu.<\/li>\n<\/ul>\n<h3>Kredyt Autonomia klasyczny<\/h3>\n<p>Korzystaj\u0105c z tego kredytu mo\u017cesz kupi\u0107 samoch\u00f3d u\u017cywany maj\u0105cy nie wi\u0119cej ni\u017c 5 lat. Volkswagen Bank finansuje zakupy pojazd\u00f3w poleasingowych i u\u017cywanych ze wsp\u00f3\u0142pracuj\u0105cych salon\u00f3w\/komis\u00f3w. O kredyt mo\u017cna wyst\u0105pi\u0107 w takim punkcie.<\/p>\n<ul>\n<li><strong>Maksymalna kwota:<\/strong> Zale\u017cna od kosztu pojazdu.<\/li>\n<li><strong>Przeznaczenie:<\/strong> Zakup pojazdu u\u017cywanego z salonu, komisu lub Volkswagen Financial Services Store.<\/li>\n<li><strong>Wk\u0142ad w\u0142asny:<\/strong> 0% lub 30-50%.<\/li>\n<li><strong>Okres sp\u0142aty:<\/strong> Maksymalnie 3-4 lata.<\/li>\n<li><strong>Dodatkowe informacje:<\/strong> Promocja na ubezpieczenie.<\/li>\n<\/ul>\n<h3>Kredyt Autonomia Jak Abonament<\/h3>\n<p>Pozwala zakupi\u0107 samoch\u00f3d u\u017cywany koncernu Volkswagen i ewentualnie odsprzeda\u0107 go po okresie sp\u0142aty. Bardzo przypomina leasing operacyjny. W tym wypadku sp\u0142acasz cz\u0119\u015b\u0107 warto\u015bci pojazdu, a po okresie kredytowania mo\u017cesz go wykupi\u0107 lub odda\u0107.<\/p>\n<ul>\n<li><strong>Maksymalna kwota:<\/strong> Zale\u017cna od kosztu pojazdu.<\/li>\n<li><strong>Przeznaczenie:<\/strong> Zakup pojazdu u\u017cywanego z salonu, komisu lub Volkswagen Financial Services Store.<\/li>\n<li><strong>Wk\u0142ad w\u0142asny:<\/strong> 0% do 30%%.<\/li>\n<li><strong>Okres sp\u0142aty:<\/strong> Maksymalnie 2-4 lata.<\/li>\n<li><strong>Dodatkowe informacje:<\/strong> A\u017c trzy opcje zako\u0144czenia umowy.<\/li>\n<\/ul>\n<h3>Kredyt Autogot\u00f3wka<\/h3>\n<p>Korzystaj\u0105c z tego kredytu mo\u017cesz kupi\u0107 auto, w praktyce zaci\u0105gaj\u0105c kredyt got\u00f3wkowy. Musisz wi\u0119c mie\u0107 do\u015b\u0107 wysok\u0105 zdolno\u015b\u0107 kredytow\u0105, ale kredyt nie b\u0119dzie zabezpieczony na samochodzie.<\/p>\n<ul>\n<li><strong>Maksymalna kwota:<\/strong> Do 150 000 z\u0142.<\/li>\n<li><strong>Przeznaczenie:<\/strong> Zakup pojazdu nowego lub u\u017cywanego.<\/li>\n<li><strong>Wk\u0142ad w\u0142asny:<\/strong> Brak informacji.<\/li>\n<li><strong>Okres sp\u0142aty:<\/strong> Maksymalnie 84 miesi\u0105ce (7 lat).<\/li>\n<li><strong>Dodatkowe informacje:<\/strong> Oprocentowanie jest mniej korzystne ni\u017c w przypadku poprzednich produkt\u00f3w.<\/li>\n<\/ul>\n<div class=\"expert-opinion-box attention  \">\n    <div class=\"box-title attention-title-box\">\n                    <h3 class=\"title attention-title\">Uwaga!<\/h3>\n            <\/div>\n    <div class=\"opinion\">\n            Z produkt\u00f3w kredytowych przeznaczonych na zakup pojazd\u00f3w koncernu Volkswagen mog\u0105 te\u017c korzysta\u0107 firmy i organizacje.                <\/div>\n    <div class=\"expert-info\">\n                <div>\n            <span class=\"expert-name\"><\/span>\n                    <\/div>\n    <\/div>\n<\/div>\n\n\n<h2>Jakie warunki trzeba spe\u0142ni\u0107 wnioskuj\u0105c o kredyt samochodowy w Volkswagen Banku?<\/h2>\n<p>Aby otrzyma\u0107 kredyt samochodowy, trzeba spe\u0142ni\u0107 kilka istotnych warunk\u00f3w. Najpierw konieczne jest wype\u0142nienie formularza wniosku, w kt\u00f3rym <strong>nale\u017cy poda\u0107 kluczowe informacje dotycz\u0105ce pojazdu<\/strong>, takie jak model, rocznik, cena oraz wysoko\u015b\u0107 wk\u0142adu w\u0142asnego.<\/p>\n<p>Nast\u0119pnie<strong> trzeba dostarczy\u0107 dokumenty potwierdzaj\u0105ce dochody<\/strong>, takie jak za\u015bwiadczenia o zarobkach, wyci\u0105gi bankowe lub inne dokumenty finansowe. W Volkswagen Banku najlepiej dostarczy\u0107 je online, lub przynie\u015b\u0107 ze sob\u0105 do salonu.<\/p>\n<div class=\"expert-opinion-box attention  \">\n    <div class=\"box-title attention-title-box\">\n                    <h3 class=\"title attention-title\">Uwaga!<\/h3>\n            <\/div>\n    <div class=\"opinion\">\n            Zauwa\u017c te\u017c, \u017ce wi\u0119kszo\u015b\u0107 kredyt\u00f3w VFS Polska dotyczy samochod\u00f3w koncernu Volkswagen: Audi, Volkswagen, Skoda, Seat, Porsche czy MAN.                <\/div>\n    <div class=\"expert-info\">\n                <div>\n            <span class=\"expert-name\"><\/span>\n                    <\/div>\n    <\/div>\n<\/div>\n\n\n<p>Po uzyskaniu pozytywnej decyzji kredytowej klient musi dope\u0142ni\u0107<strong> formalno\u015bci zwi\u0105zane z wykupieniem obowi\u0105zkowego ubezpieczenia pojazdu<\/strong>, kt\u00f3re jest wymagane przez bank jako zabezpieczenie kredytu. Ubezpieczenie to mo\u017ce obejmowa\u0107 zar\u00f3wno ubezpieczenie OC, jak i AC, w zale\u017cno\u015bci od wymaga\u0144 instytucji finansowej. Cz\u0119sto ubezpieczenie b\u0119dzie wliczone w rat\u0119 kredytu.<\/p>\n<p>Dodatkowo bank mo\u017ce wymaga\u0107 ustanowienia dodatkowych zabezpiecze\u0144, takich jak zastaw na samochodzie, aby zabezpieczy\u0107 swoje interesy na wypadek niewyp\u0142acalno\u015bci klienta.<\/p>\n<p><strong>Volkswagen Bank Polska za\u017c\u0105da te\u017c od Ciebie wniesienia wk\u0142adu w\u0142asnego.<\/strong><\/p>\n<p>Wszystkie te kroki s\u0105 niezb\u0119dne, aby zapewni\u0107, \u017ce kredyt b\u0119dzie sp\u0142acany zgodnie z umow\u0105 i \u017ce zar\u00f3wno klient, jak i bank b\u0119d\u0105 chronieni w przypadku nieprzewidzianych sytuacji.<\/p>\n<h2>Jak zabezpieczona jest sp\u0142ata kredytu samochodowego w Volkswagen Banku?<\/h2>\n<p>Zabezpieczeniem sp\u0142aty kredytu w przypadku kredytu samochodowego w Volkswagen Banku Polska jest przede wszystkim sam samoch\u00f3d. Bank stosuje r\u00f3wnie\u017c zabezpieczenie w postaci dodatkowego ubezpieczenia pojazdu. Szczeg\u00f3\u0142y zale\u017c\u0105 od rodzaju pojazdu i samego kredytu.<\/p>\n<h2>Jakie mo\u017ce by\u0107 oprocentowanie kredytu samochodowego w Volkswagen Banku?<\/h2>\n<p>Volkswagen Bank Polska oferuje kredyty samochodowe z oprocentowaniem zmiennym. Koszty kredytu s\u0105 zbli\u017cone do oferty innych bank\u00f3w uniwersalnych i samochodowych.<\/p>\n<h2>Jak wzi\u0105\u0107 kredyt samochodowy w Volkswagen Banku Polska?<\/h2>\n<p>Kredyt samochodowy w Volkswagen Banku naj\u0142atwiej zaci\u0105gn\u0105\u0107 po prostu w punkcie, w kt\u00f3rym wybierasz samoch\u00f3d np. salonie Seata czy Audi. Wniosek o kredyt wype\u0142niasz online, a dokumenty podpisujesz w\u0142a\u015bnie w salonie.<\/p>\n<h2>Jakie dokumenty s\u0105 potrzebne do kredytu samochodowego w Volkswagen Banku?<\/h2>\n<p>Do zaci\u0105gni\u0119cia kredytu samochodowego w Volkswagen Banku Polska konieczne s\u0105:<\/p>\n<ul>\n<li><strong>dow\u00f3d osobisty<\/strong> (lub inny dokument potwierdzaj\u0105cy to\u017csamo\u015b\u0107),<\/li>\n<li>za\u015bwiadczenie o dochodach lub inne dokumenty je potwierdzaj\u0105ce (<strong>wyci\u0105g z konta<\/strong>),<\/li>\n<li><strong>dokumenty dotycz\u0105ce pojazdu<\/strong> (przewa\u017cnie dost\u0119pne na miejscu).<\/li>\n<\/ul>\n<h2>Jakie s\u0105 zalety i wady kredytu samochodowego w Volkswagen Banku?<\/h2>\n<p>Volkswagen Bank oferuje kredyty g\u0142\u00f3wnie na zakup pojazd\u00f3w swojego koncernu, ale za to s\u0105 one przyznawane na dogodnych warunkach. Je\u015bli kupujesz VW, Audi, Porsche, Seata lub \u015akod\u0119, na pewno zapoznaj si\u0119 z ofert\u0105.<\/p>\n<p><strong>Zalety:<\/strong><\/p>\n<ul>\n<li>Dobre warunki kredytowe.<\/li>\n<li>Kilka r\u00f3\u017cnych opcji sp\u0142aty i zako\u0144czenia umowy.<\/li>\n<li>Szeroka oferta kredytowa.<\/li>\n<\/ul>\n<p>Oferta kredyt\u00f3w samochodowych w VFS Polska zdecydowanie skierowana jest na zakup konkretnych marek i przez to ograniczona.<\/p>\n<p><strong>Wady:<\/strong><\/p>\n<ul>\n<li>Wiele produkt\u00f3w nie mo\u017ce by\u0107 wykorzystane na zakup pojazd\u00f3w spoza koncernu Volkswagen.<\/li>\n<\/ul>\n<h2>Jak sp\u0142aci\u0107 kredyt samochodowy Volkswagen Banku?<\/h2>\n<p>Bank oferuje jedynie kredyt samochodowy w standardowej sp\u0142acie &#8211; klient sp\u0142aca kredyt w ratach r\u00f3wnych, ewentualnie na ko\u0144cu dop\u0142aca rat\u0119 wyr\u00f3wnuj\u0105c\u0105. Sp\u0142aca\u0107 mo\u017cna wykorzystuj\u0105c nast\u0119puj\u0105ce sposoby:<\/p>\n<ul>\n<li><strong>Automatyczne pobieranie raty:<\/strong> Bank automatycznie pobiera kwot\u0119 raty z konta klienta w okre\u015blonym terminie. Wa\u017cne jest, aby na koncie by\u0142y dost\u0119pne \u015brodki na pokrycie raty.<\/li>\n<li><strong>Przelewy bankowe:<\/strong> Klienci mog\u0105 sp\u0142aca\u0107 kredyt poprzez przelewy na wskazane konto bankowe, korzystaj\u0105c z dostarczonych informacji o numerze konta i terminie sp\u0142aty.<\/li>\n<li><strong>Zlecenie sta\u0142e:<\/strong> Mo\u017cna ustawi\u0107 zlecenie sta\u0142e, kt\u00f3re automatycznie reguluje raty kredytu z konta klienta w ustalonym terminie, eliminuj\u0105c konieczno\u015b\u0107 pami\u0119tania o terminach sp\u0142at.<\/li>\n<\/ul>\n<h2>Na jaki cel mo\u017cna przeznaczy\u0107 kredyt samochodowy w Volkswagen Banku?<\/h2>\n<p>W zale\u017cno\u015bci od rodzaju kredytu, przeznaczenie kredyt\u00f3w mo\u017ce si\u0119 nieznacznie r\u00f3\u017cni\u0107. Zawsze jednak chodzi o nabycie pojazdu.<br \/>\nMo\u017cna kupi\u0107 na kredyt samochody nowe i u\u017cywane do 5 lat, w wi\u0119kszo\u015bci z koncernu Volkswagen.<\/p>\n<h2>FAQ &#8211; najcz\u0119\u015bciej zadawane pytania<\/h2>\n<h3>Czy mo\u017cna nadp\u0142aci\u0107 kredyt samochodowy w Volkswagen Banku?<\/h3>\n<p>Tak i bank nie pobiera z tego tytu\u0142u dodatkowych op\u0142at. W przypadku kredyt\u00f3w samochodowych wcze\u015bniejsza sp\u0142ata kredytu to popularna praktyka, zw\u0142aszcza gdy w\u0142a\u015bciciel chce sprzeda\u0107 pojazd.<\/p>\n<h3>Jaka jest maksymalna kwota kredytu samochodowego w Volkswagen Banku?<\/h3>\n<p>Kwota zale\u017cna jest od warto\u015bci pojazdu. Pami\u0119taj, \u017ce VFS Polska za\u017c\u0105da od Ciebie wniesienia wk\u0142adu w\u0142asnego, je\u015bli kupujesz samoch\u00f3d na standardowy kredyt.<\/p>\n<h3>Jaki jest maksymalny okres sp\u0142aty kredytu samochodowego w Volkswagen Banku?<\/h3>\n<p>Kredyt mo\u017cna sp\u0142aca\u0107 przez maksymalnie 3-4 lata. Niekt\u00f3re produkty maj\u0105 wyd\u0142u\u017cony okres sp\u0142aty do nawet 7 lat lub skr\u00f3cony do 1 roku.<\/p>\n","protected":false},"excerpt":{"rendered":"<p>Volkswagen Bank powsta\u0142 po to, by udziela\u0107 kredyt\u00f3w samochodowych. W dalszym ci\u0105gu s\u0105 one jego flagowym produktem, udzielanym nie tylko [&hellip;]<\/p>\n","protected":false},"author":32,"featured_media":0,"parent":928,"menu_order":0,"comment_status":"closed","ping_status":"closed","template":"page_bank_product.php","meta":{"_acf_changed":false,"yasr_overall_rating":0,"yasr_post_is_review":"","yasr_auto_insert_disabled":"","yasr_review_type":"","footnotes":""},"class_list":["post-10424","page","type-page","status-publish","hentry"],"acf":[],"yoast_head":"<!-- This site is optimized with the Yoast SEO plugin v27.1.1 - https:\/\/yoast.com\/product\/yoast-seo-wordpress\/ -->\n<title>Kredyty samochodowe w Volkswagen Banku - sprawd\u017a oferty bankowe | Por\u00f3wnywarka finansowa Rankomat<\/title>\n<meta name=\"robots\" content=\"index, follow, max-snippet:-1, max-image-preview:large, max-video-preview:-1\" \/>\n<link rel=\"canonical\" href=\"https:\/\/rankomat.pl\/finanse\/banki\/volkswagen-bank-polska\/kredyty-samochodowe\/\" \/>\n<meta property=\"og:locale\" content=\"pl_PL\" \/>\n<meta property=\"og:type\" content=\"article\" \/>\n<meta property=\"og:title\" content=\"Kredyty samochodowe w Volkswagen Banku - sprawd\u017a {{count_bank_0}} | Por\u00f3wnywarka finansowa Rankomat\" \/>\n<meta property=\"og:description\" content=\"Volkswagen Bank powsta\u0142 po to, by udziela\u0107 kredyt\u00f3w samochodowych. W dalszym ci\u0105gu s\u0105 one jego flagowym produktem, udzielanym nie tylko [&hellip;]\" \/>\n<meta property=\"og:url\" content=\"https:\/\/rankomat.pl\/finanse\/banki\/volkswagen-bank-polska\/kredyty-samochodowe\/\" \/>\n<meta property=\"og:site_name\" content=\"Por\u00f3wnywarka finansowa Rankomat\" \/>\n<meta property=\"article:publisher\" content=\"https:\/\/www.facebook.com\/rankomatpl\/\" \/>\n<meta property=\"og:image\" content=\"https:\/\/rankomat.pl\/finanse\/wp-content\/uploads\/2021\/03\/rankomat-star-og.png\" \/>\n\t<meta property=\"og:image:width\" content=\"480\" \/>\n\t<meta property=\"og:image:height\" content=\"320\" \/>\n\t<meta property=\"og:image:type\" content=\"image\/png\" \/>\n<meta name=\"twitter:card\" content=\"summary_large_image\" \/>\n<meta name=\"twitter:site\" content=\"@rankomat\" \/>\n<meta name=\"twitter:label1\" content=\"Szacowany czas czytania\" \/>\n\t<meta name=\"twitter:data1\" content=\"7 minut\" \/>\n<script type=\"application\/ld+json\" class=\"yoast-schema-graph\">{\"@context\":\"https:\/\/schema.org\",\"@graph\":[{\"@type\":\"BreadcrumbList\",\"@id\":\"https:\/\/rankomat.pl\/finanse\/banki\/volkswagen-bank-polska\/kredyty-samochodowe\/#breadcrumb\",\"itemListElement\":[{\"@type\":\"ListItem\",\"position\":1,\"name\":\"Finanse\",\"item\":\"https:\/\/rankomat.pl\/finanse\/\"},{\"@type\":\"ListItem\",\"position\":2,\"name\":\"Banki\",\"item\":\"https:\/\/rankomat.pl\/finanse\/banki\/\"},{\"@type\":\"ListItem\",\"position\":3,\"name\":\"Volkswagen Bank Polska\",\"item\":\"https:\/\/rankomat.pl\/finanse\/banki\/volkswagen-bank-polska\/\"},{\"@type\":\"ListItem\",\"position\":4,\"name\":\"Kredyty samochodowe w Volkswagen Banku\"}]}]}<\/script>\n<!-- \/ Yoast SEO plugin. -->","yoast_head_json":{"title":"Kredyty samochodowe w Volkswagen Banku - sprawd\u017a oferty bankowe | Por\u00f3wnywarka finansowa Rankomat","robots":{"index":"index","follow":"follow","max-snippet":"max-snippet:-1","max-image-preview":"max-image-preview:large","max-video-preview":"max-video-preview:-1"},"canonical":"https:\/\/rankomat.pl\/finanse\/banki\/volkswagen-bank-polska\/kredyty-samochodowe\/","og_locale":"pl_PL","og_type":"article","og_title":"Kredyty samochodowe w Volkswagen Banku - sprawd\u017a {{count_bank_0}} | Por\u00f3wnywarka finansowa Rankomat","og_description":"Volkswagen Bank powsta\u0142 po to, by udziela\u0107 kredyt\u00f3w samochodowych. W dalszym ci\u0105gu s\u0105 one jego flagowym produktem, udzielanym nie tylko [&hellip;]","og_url":"https:\/\/rankomat.pl\/finanse\/banki\/volkswagen-bank-polska\/kredyty-samochodowe\/","og_site_name":"Por\u00f3wnywarka finansowa Rankomat","article_publisher":"https:\/\/www.facebook.com\/rankomatpl\/","og_image":[{"width":480,"height":320,"url":"https:\/\/rankomat.pl\/finanse\/wp-content\/uploads\/2021\/03\/rankomat-star-og.png","type":"image\/png"}],"twitter_card":"summary_large_image","twitter_site":"@rankomat","twitter_misc":{"Szacowany czas czytania":"7 minut"},"schema":{"@context":"https:\/\/schema.org","@graph":[{"@type":"BreadcrumbList","@id":"https:\/\/rankomat.pl\/finanse\/banki\/volkswagen-bank-polska\/kredyty-samochodowe\/#breadcrumb","itemListElement":[{"@type":"ListItem","position":1,"name":"Finanse","item":"https:\/\/rankomat.pl\/finanse\/"},{"@type":"ListItem","position":2,"name":"Banki","item":"https:\/\/rankomat.pl\/finanse\/banki\/"},{"@type":"ListItem","position":3,"name":"Volkswagen Bank Polska","item":"https:\/\/rankomat.pl\/finanse\/banki\/volkswagen-bank-polska\/"},{"@type":"ListItem","position":4,"name":"Kredyty samochodowe w Volkswagen Banku"}]}]}},"yasr_visitor_votes":{"stars_attributes":{"read_only":false,"span_bottom":false},"number_of_votes":0,"sum_votes":0},"_links":{"self":[{"href":"https:\/\/rankomat.pl\/finanse\/wp-json\/wp\/v2\/pages\/10424","targetHints":{"allow":["GET"]}}],"collection":[{"href":"https:\/\/rankomat.pl\/finanse\/wp-json\/wp\/v2\/pages"}],"about":[{"href":"https:\/\/rankomat.pl\/finanse\/wp-json\/wp\/v2\/types\/page"}],"author":[{"embeddable":true,"href":"https:\/\/rankomat.pl\/finanse\/wp-json\/wp\/v2\/users\/32"}],"replies":[{"embeddable":true,"href":"https:\/\/rankomat.pl\/finanse\/wp-json\/wp\/v2\/comments?post=10424"}],"version-history":[{"count":0,"href":"https:\/\/rankomat.pl\/finanse\/wp-json\/wp\/v2\/pages\/10424\/revisions"}],"up":[{"embeddable":true,"href":"https:\/\/rankomat.pl\/finanse\/wp-json\/wp\/v2\/pages\/928"}],"wp:attachment":[{"href":"https:\/\/rankomat.pl\/finanse\/wp-json\/wp\/v2\/media?parent=10424"}],"curies":[{"name":"wp","href":"https:\/\/api.w.org\/{rel}","templated":true}]}}