{"id":10429,"date":"2024-08-02T17:02:05","date_gmt":"2024-08-02T15:02:05","guid":{"rendered":"https:\/\/rankomat.pl\/finanse\/?page_id=10429"},"modified":"2024-08-02T17:12:37","modified_gmt":"2024-08-02T15:12:37","slug":"lokaty-oszczednosciowe","status":"publish","type":"page","link":"https:\/\/rankomat.pl\/finanse\/banki\/raiffeisen-digital-bank\/lokaty-oszczednosciowe\/","title":{"rendered":"Lokaty oszcz\u0119dno\u015bciowe w Raiffeisen Digital Banku"},"content":{"rendered":"<p><strong>W Raiffeisen Digital Banku mo\u017cesz za\u0142o\u017cy\u0107 lokaty i konta oszcz\u0119dno\u015bciowe, w tym tak\u017ce znale\u017a\u0107 atrakcyjne oferty promocyjne. Wszystkie produkty oszcz\u0119dno\u015bciowe zak\u0142adasz i obs\u0142ugujesz online.<\/strong><\/p>\n<h2><!--more-->Jakie lokaty oferuje Raiffeisen Digital Bank?<\/h2>\n<p>Raiffeisen Digital Bank oferuje ograniczony wyb\u00f3r lokat i kont oszcz\u0119dno\u015bciowych, ale s\u0105 to atrakcyjne produkty pod wzgl\u0119dem oprocentowania i warunk\u00f3w dla klienta.<\/p>\n<h3>Lokata dla Ciebie<\/h3>\n<p>Klasyczny produkt oszcz\u0119dno\u015bciowy o ca\u0142kiem atrakcyjnym oprocentowaniu. Pami\u0119taj, \u017ce faktycznie lokaty zak\u0142adane s\u0105 w Austrii, ale odsetki wyp\u0142acane s\u0105 w Polsce. Oznacza to dodatkowy obowi\u0105zek informacyjno-podatkowy &#8211; nale\u017cy z\u0142o\u017cy\u0107 wniosek o zwolnienie z podatku w Austrii, w czym bank jak najbardziej pomaga.<\/p>\n<ul>\n<li><strong>Maksymalna kwota lokaty:<\/strong> Maksymalnie do 10 lokat po 100 000 z\u0142.<\/li>\n<li><strong>Okres lokaty:<\/strong> 3, 6 lub 12 miesi\u0119cy.<\/li>\n<li><strong>Mo\u017cliwo\u015b\u0107 odnowienia:<\/strong> bez ogranicze\u0144.<\/li>\n<li><strong>Oprocentowanie:<\/strong> sta\u0142e w skali roku.<\/li>\n<\/ul>\n<h3>Konto oszcz\u0119dno\u015bciowe Start<\/h3>\n<p>Standardowe konto oszcz\u0119dno\u015bciowe, do kt\u00f3rego masz dost\u0119p online. Bank cyklicznie dodaje do tego konta promocje, kt\u00f3re zwi\u0119kszaj\u0105 oprocentowanie w pewnym okresie od za\u0142o\u017cenia konta.<\/p>\n<ul>\n<li><strong>Maksymalna kwota korzystaj\u0105ca z promocji:<\/strong> 200 000 z\u0142.<\/li>\n<li><strong>Mo\u017cliwo\u015b\u0107 ponawiania:<\/strong> bez ogranicze\u0144, ale w kolejnych latach oprocentowanie jest ni\u017csze.<\/li>\n<li><strong>Oprocentowanie:<\/strong> zmienne.<\/li>\n<\/ul>\n<p>Podobnie jak lokata, konto jest zak\u0142adane w Austrii, wi\u0119c musisz uzyska\u0107 zwolnienie od podatku w tym kraju. Wniosek znajdziesz na stronie banku.<\/p>\n<h2>Jak otworzy\u0107 lokat\u0119 terminow\u0105 w Raiffeisen Digital Banku?<\/h2>\n<p>Lokat\u0119 i konto w Raiffeisen Digital Banku mo\u017cesz za\u0142o\u017cy\u0107 wy\u0142\u0105cznie online za pomoc\u0105 aplikacji tego banku.<\/p>\n<ul>\n<li>Po \u015bci\u0105gni\u0119ciu na telefon aplikacji, zarejestruj si\u0119 w niej.<\/li>\n<li>Potem wybierz produkt, kt\u00f3ry chcesz za\u0142o\u017cy\u0107.<\/li>\n<li>Je\u015bli chcesz za\u0142o\u017cy\u0107 lokat\u0119, musisz zacz\u0105\u0107 od konta osobistego.<\/li>\n<li>Wype\u0142nij dane i zatwierd\u017a operacj\u0119 w aplikacji.<\/li>\n<li>Potem mo\u017cesz przela\u0107 na lokat\u0119 okre\u015blon\u0105 we wniosku kwot\u0119.<\/li>\n<\/ul>\n<h2>Jakie jest oprocentowanie lokat terminowych w Raiffeisen Digital Banku?<\/h2>\n<p>Oprocentowanie lokat terminowych w Raiffeisen Digital Banku odzwierciedla standardy rynkowe. W lipcu 2024 roku maksymalne oprocentowanie wynosi\u0142o ok. 6,5%. Wi\u0119kszo\u015b\u0107 lokat terminowych mia\u0142o jednak oprocentowanie w granicach 6%.<\/p>\n<h3>Kto mo\u017ce za\u0142o\u017cy\u0107 lokat\u0119 terminow\u0105 w Raiffeisen Digital Banku?<\/h3>\n<p>Lokaty terminowe w Raiffeisen Digital Banku s\u0105 dost\u0119pne dla wszystkich klient\u00f3w posiadaj\u0105cych aktywne konto w banku. Musisz mie\u0107 pe\u0142n\u0105 zdolno\u015b\u0107 do czynno\u015bci prawnych, czyli by\u0107 osob\u0105 doros\u0142\u0105 i zdoln\u0105 prowadzi\u0107 w\u0142asne sprawy finansowe. Bank nie wymaga spe\u0142nienia dodatkowych kryteri\u00f3w dotycz\u0105cych historii kredytowej czy dochod\u00f3w. Posiadanie konta w Raiffeisen Digital Banku jest konieczne, ale jego za\u0142o\u017cenie jest proste i bezp\u0142atne.<\/p>\n<h3>Czy mo\u017cna za\u0142o\u017cy\u0107 lokat\u0119 bez konta osobistego w Raiffeisen Digital Banku?<\/h3>\n<p>Nie, aby otworzy\u0107 lokat\u0119 terminow\u0105 w Raiffeisen Digital Banku, trzeba mie\u0107 aktywne konto osobiste w tym banku. Proces za\u0142o\u017cenia konta osobistego jest jednak \u0142atwy i darmowy, co u\u0142atwia otwarcie lokaty. Konto oszcz\u0119dno\u015bciowe jest odr\u0119bne od klasycznego RORu i mo\u017ce by\u0107 za\u0142o\u017cone bez niego.<\/p>\n<h3>Jakie s\u0105 konsekwencje zerwania lokaty przed czasem w Raiffeisen Digital Banku?<\/h3>\n<p>Zerwanie lokaty przed terminem zazwyczaj skutkuje utrat\u0105 naliczonych odsetek, a zwr\u00f3cona zostaje tylko wp\u0142acona kwota. Warunki mog\u0105 si\u0119 r\u00f3\u017cni\u0107 w zale\u017cno\u015bci od konkretnej lokaty, dlatego warto zapozna\u0107 si\u0119 z nimi przed jej otwarciem.<\/p>\n<h3>Ile kosztuje za\u0142o\u017cenie lokaty terminowej w Raiffeisen Digital Banku?<\/h3>\n<p>Raiffeisen Digital Bank nie pobiera \u017cadnych op\u0142at za samo otwarcie lokaty terminowej. Jest to us\u0142uga \u015bwiadczona dla klient\u00f3w bez dodatkowych op\u0142at. To bank po\u017cycza pieni\u0105dze od Ciebie i to on za to p\u0142aci w formie odsetek.<\/p>\n<h2>FAQ &#8211; najcz\u0119\u015bciej zadawane pytania<\/h2>\n<h3>Kiedy lepsza jest lokata, a kiedy konto oszcz\u0119dno\u015bciowe?<\/h3>\n<p>Lokata cz\u0119sto oferuje bardziej atrakcyjne oprocentowanie ni\u017c konto oszcz\u0119dno\u015bciowe, jednak konto zapewnia lepszy dost\u0119p do \u015brodk\u00f3w bez ryzyka utraty odsetek w przypadku wcze\u015bniejszej wyp\u0142aty. Warto rozwa\u017cy\u0107 oba rozwi\u0105zania w zale\u017cno\u015bci od potrzeb i preferencji finansowych. Mo\u017cna je jak najbardziej \u0142\u0105czy\u0107.<\/p>\n<h3>Czy zyski z lokaty s\u0105 opodatkowane?<\/h3>\n<p>Tak, odsetki z lokaty s\u0105 opodatkowane podatkiem od zysk\u00f3w kapita\u0142owych, zwanym podatkiem Belki, wynosz\u0105cym 19% od sumy odsetek. Bank pobiera ten podatek w imieniu klienta i wyp\u0142aca odsetki pomniejszone o jego kwot\u0119. Pami\u0119taj \u017ceby z\u0142o\u017cy\u0107 wniosek o zwolnienie z podatku w Austrii.<\/p>\n<h3>Na czym polega kapitalizacja odsetek przy lokacie bankowej?<\/h3>\n<p>Kapitalizacja odsetek polega na dodaniu wypracowanych odsetek do kapita\u0142u lokaty, zazwyczaj po zako\u0144czeniu okresu lokaty, czyli na ko\u0144cu roku rozliczeniowego lub w innym okre\u015blonym terminie.<\/p>\n<h3>Czy lokaty w Raiffeisen Digital Banku s\u0105 bezpieczne?<\/h3>\n<p>Tak, \u015brodki zdeponowane na lokatach w Raiffeisen Digital Banku s\u0105 chronione przez austriacki odpowiednik Bankowego Funduszu Gwarancyjnego, kt\u00f3ry gwarantuje zwrot \u015brodk\u00f3w do r\u00f3wnowarto\u015bci 100 000 euro w przypadku bankructwa banku.<\/p>\n<h3>Czy Raiffeisen Digital Bank oferuje promocyjne warunki lokat?<\/h3>\n<p>Tak, Raiffeisen Digital Bank regularnie oferuje promocyjne warunki lokat dla klient\u00f3w, kt\u00f3rzy dopiero zak\u0142adaj\u0105 konta oszcz\u0119dno\u015bciowe. Promocyjne mog\u0105 by\u0107 te\u017c warunki ca\u0142kiem standardowych lokat.<\/p>\n","protected":false},"excerpt":{"rendered":"<p>W Raiffeisen Digital Banku mo\u017cesz za\u0142o\u017cy\u0107 lokaty i konta oszcz\u0119dno\u015bciowe, w tym tak\u017ce znale\u017a\u0107 atrakcyjne oferty promocyjne. Wszystkie produkty oszcz\u0119dno\u015bciowe [&hellip;]<\/p>\n","protected":false},"author":66,"featured_media":0,"parent":715,"menu_order":0,"comment_status":"closed","ping_status":"closed","template":"page_bank_product.php","meta":{"_acf_changed":false,"yasr_overall_rating":0,"yasr_post_is_review":"","yasr_auto_insert_disabled":"","yasr_review_type":"","footnotes":""},"class_list":["post-10429","page","type-page","status-publish","hentry"],"acf":[],"yoast_head":"<!-- This site is optimized with the Yoast SEO plugin v27.1.1 - https:\/\/yoast.com\/product\/yoast-seo-wordpress\/ -->\n<title>Lokaty oszcz\u0119dno\u015bciowe w Raiffeisen Digital Banku - sprawd\u017a oferty bankowe | Por\u00f3wnywarka finansowa Rankomat<\/title>\n<meta name=\"robots\" content=\"index, follow, max-snippet:-1, max-image-preview:large, max-video-preview:-1\" \/>\n<link rel=\"canonical\" href=\"https:\/\/rankomat.pl\/finanse\/banki\/raiffeisen-digital-bank\/lokaty-oszczednosciowe\/\" \/>\n<meta property=\"og:locale\" content=\"pl_PL\" \/>\n<meta property=\"og:type\" content=\"article\" \/>\n<meta property=\"og:title\" content=\"Lokaty oszcz\u0119dno\u015bciowe w Raiffeisen Digital Banku - sprawd\u017a {{count_bank_0}} | Por\u00f3wnywarka finansowa Rankomat\" \/>\n<meta property=\"og:description\" content=\"W Raiffeisen Digital Banku mo\u017cesz za\u0142o\u017cy\u0107 lokaty i konta oszcz\u0119dno\u015bciowe, w tym tak\u017ce znale\u017a\u0107 atrakcyjne oferty promocyjne. Wszystkie produkty oszcz\u0119dno\u015bciowe [&hellip;]\" \/>\n<meta property=\"og:url\" content=\"https:\/\/rankomat.pl\/finanse\/banki\/raiffeisen-digital-bank\/lokaty-oszczednosciowe\/\" \/>\n<meta property=\"og:site_name\" content=\"Por\u00f3wnywarka finansowa Rankomat\" \/>\n<meta property=\"article:publisher\" content=\"https:\/\/www.facebook.com\/rankomatpl\/\" \/>\n<meta property=\"article:modified_time\" content=\"2024-08-02T15:12:37+00:00\" \/>\n<meta property=\"og:image\" content=\"https:\/\/rankomat.pl\/finanse\/wp-content\/uploads\/2021\/03\/rankomat-star-og.png\" \/>\n\t<meta property=\"og:image:width\" content=\"480\" \/>\n\t<meta property=\"og:image:height\" content=\"320\" \/>\n\t<meta property=\"og:image:type\" content=\"image\/png\" \/>\n<meta name=\"twitter:card\" content=\"summary_large_image\" \/>\n<meta name=\"twitter:site\" content=\"@rankomat\" \/>\n<meta name=\"twitter:label1\" content=\"Szacowany czas czytania\" \/>\n\t<meta name=\"twitter:data1\" content=\"5 minut\" \/>\n<script type=\"application\/ld+json\" class=\"yoast-schema-graph\">{\"@context\":\"https:\/\/schema.org\",\"@graph\":[{\"@type\":\"BreadcrumbList\",\"@id\":\"https:\/\/rankomat.pl\/finanse\/banki\/raiffeisen-digital-bank\/lokaty-oszczednosciowe\/#breadcrumb\",\"itemListElement\":[{\"@type\":\"ListItem\",\"position\":1,\"name\":\"Finanse\",\"item\":\"https:\/\/rankomat.pl\/finanse\/\"},{\"@type\":\"ListItem\",\"position\":2,\"name\":\"Banki\",\"item\":\"https:\/\/rankomat.pl\/finanse\/banki\/\"},{\"@type\":\"ListItem\",\"position\":3,\"name\":\"Raiffeisen Digital Bank\",\"item\":\"https:\/\/rankomat.pl\/finanse\/banki\/raiffeisen-digital-bank\/\"},{\"@type\":\"ListItem\",\"position\":4,\"name\":\"Lokaty oszcz\u0119dno\u015bciowe w Raiffeisen Digital Banku\"}]}]}<\/script>\n<!-- \/ Yoast SEO plugin. -->","yoast_head_json":{"title":"Lokaty oszcz\u0119dno\u015bciowe w Raiffeisen Digital Banku - sprawd\u017a oferty bankowe | Por\u00f3wnywarka finansowa Rankomat","robots":{"index":"index","follow":"follow","max-snippet":"max-snippet:-1","max-image-preview":"max-image-preview:large","max-video-preview":"max-video-preview:-1"},"canonical":"https:\/\/rankomat.pl\/finanse\/banki\/raiffeisen-digital-bank\/lokaty-oszczednosciowe\/","og_locale":"pl_PL","og_type":"article","og_title":"Lokaty oszcz\u0119dno\u015bciowe w Raiffeisen Digital Banku - sprawd\u017a {{count_bank_0}} | Por\u00f3wnywarka finansowa Rankomat","og_description":"W Raiffeisen Digital Banku mo\u017cesz za\u0142o\u017cy\u0107 lokaty i konta oszcz\u0119dno\u015bciowe, w tym tak\u017ce znale\u017a\u0107 atrakcyjne oferty promocyjne. Wszystkie produkty oszcz\u0119dno\u015bciowe [&hellip;]","og_url":"https:\/\/rankomat.pl\/finanse\/banki\/raiffeisen-digital-bank\/lokaty-oszczednosciowe\/","og_site_name":"Por\u00f3wnywarka finansowa Rankomat","article_publisher":"https:\/\/www.facebook.com\/rankomatpl\/","article_modified_time":"2024-08-02T15:12:37+00:00","og_image":[{"width":480,"height":320,"url":"https:\/\/rankomat.pl\/finanse\/wp-content\/uploads\/2021\/03\/rankomat-star-og.png","type":"image\/png"}],"twitter_card":"summary_large_image","twitter_site":"@rankomat","twitter_misc":{"Szacowany czas czytania":"5 minut"},"schema":{"@context":"https:\/\/schema.org","@graph":[{"@type":"BreadcrumbList","@id":"https:\/\/rankomat.pl\/finanse\/banki\/raiffeisen-digital-bank\/lokaty-oszczednosciowe\/#breadcrumb","itemListElement":[{"@type":"ListItem","position":1,"name":"Finanse","item":"https:\/\/rankomat.pl\/finanse\/"},{"@type":"ListItem","position":2,"name":"Banki","item":"https:\/\/rankomat.pl\/finanse\/banki\/"},{"@type":"ListItem","position":3,"name":"Raiffeisen Digital Bank","item":"https:\/\/rankomat.pl\/finanse\/banki\/raiffeisen-digital-bank\/"},{"@type":"ListItem","position":4,"name":"Lokaty oszcz\u0119dno\u015bciowe w Raiffeisen Digital Banku"}]}]}},"yasr_visitor_votes":{"stars_attributes":{"read_only":false,"span_bottom":false},"number_of_votes":0,"sum_votes":0},"_links":{"self":[{"href":"https:\/\/rankomat.pl\/finanse\/wp-json\/wp\/v2\/pages\/10429","targetHints":{"allow":["GET"]}}],"collection":[{"href":"https:\/\/rankomat.pl\/finanse\/wp-json\/wp\/v2\/pages"}],"about":[{"href":"https:\/\/rankomat.pl\/finanse\/wp-json\/wp\/v2\/types\/page"}],"author":[{"embeddable":true,"href":"https:\/\/rankomat.pl\/finanse\/wp-json\/wp\/v2\/users\/66"}],"replies":[{"embeddable":true,"href":"https:\/\/rankomat.pl\/finanse\/wp-json\/wp\/v2\/comments?post=10429"}],"version-history":[{"count":0,"href":"https:\/\/rankomat.pl\/finanse\/wp-json\/wp\/v2\/pages\/10429\/revisions"}],"up":[{"embeddable":true,"href":"https:\/\/rankomat.pl\/finanse\/wp-json\/wp\/v2\/pages\/715"}],"wp:attachment":[{"href":"https:\/\/rankomat.pl\/finanse\/wp-json\/wp\/v2\/media?parent=10429"}],"curies":[{"name":"wp","href":"https:\/\/api.w.org\/{rel}","templated":true}]}}