{"id":13429,"date":"2026-03-31T15:20:23","date_gmt":"2026-03-31T13:20:23","guid":{"rendered":"https:\/\/rankomat.pl\/finanse\/?page_id=13429"},"modified":"2026-04-01T07:58:20","modified_gmt":"2026-04-01T05:58:20","slug":"kredyty-gotowkowe-w-unicredit","status":"publish","type":"page","link":"https:\/\/rankomat.pl\/finanse\/banki\/unicredit\/kredyty-gotowkowe-w-unicredit\/","title":{"rendered":"Kredyty got\u00f3wkowe w UniCredit"},"content":{"rendered":"<p><strong>Kredyt got\u00f3wkowy w UniCredit to rozwi\u0105zanie dla os\u00f3b, kt\u00f3re chc\u0105 po\u017cyczy\u0107 pieni\u0105dze na dowolny cel. Bank stawia na prosty proces, minimum formalno\u015bci i szybk\u0105 decyzj\u0119 kredytow\u0105. Wniosek mo\u017cesz z\u0142o\u017cy\u0107 online lub w aplikacji, bez konieczno\u015bci posiadania konta osobistego w UniCredit.<\/strong><\/p>\n<h2>Jakie kredyty got\u00f3wkowe s\u0105 dost\u0119pne w banku Unicredit?<\/h2>\n<p>W ofercie Banku UniCredit znajdziesz klasyczn\u0105 wersj\u0119 kredytu got\u00f3wkowego. Oferta skierowana jest do klient\u00f3w indywidualnych, kt\u00f3rzy szukaj\u0105 finansowania na dowolny cel.<\/p>\n<h3>Kredyt got\u00f3wkowy UniCredit<\/h3>\n<p>UniCredit oferuje klientom indywidualnym standardowy kredyt got\u00f3wkowy, kt\u00f3ry mo\u017cna przeznaczy\u0107 na dowolny cel. To produkt niezabezpieczony, dost\u0119pny zar\u00f3wno dla obecnych, jak i nowych klient\u00f3w. Bank umo\u017cliwia z\u0142o\u017cenie wniosku online, w aplikacji lub przy wsparciu doradcy.<\/p>\n<ul>\n<li><strong>Kwota kredytu<\/strong>: od 1 000 z\u0142 do 250 000 z\u0142.<\/li>\n<li><strong>Cel<\/strong>: dowolny, bez konieczno\u015bci wskazywania, na co zostan\u0105 przeznaczone \u015brodki.<\/li>\n<li><strong>Okres sp\u0142aty<\/strong>: od 3 do 120 miesi\u0119cy (10 lat).<\/li>\n<li><strong>Zabezpieczenie<\/strong>: nie jest wymagane.<\/li>\n<li><strong>Konto osobiste w banku<\/strong>: nie jest wymagane.<\/li>\n<\/ul>\n<h3>Kredyt konsolidacyjny w UniCredit<\/h3>\n<p>W ramach kredytu konsolidacyjnego mo\u017cesz po\u0142\u0105czy\u0107 do 12 zobowi\u0105za\u0144. Konsolidacji podlegaj\u0105:<\/p>\n<ul>\n<li>kredyty got\u00f3wkowe,<\/li>\n<li>po\u017cyczki samochodowe,<\/li>\n<li>saldo na karcie kredytowej,<\/li>\n<li>inne zobowi\u0105zania okre\u015blone przez bank.<\/li>\n<\/ul>\n<p>W ramach jednego wniosku i oceny zdolno\u015bci kredytowej, opr\u00f3cz \u015brodk\u00f3w przeznaczonych na po\u0142\u0105czenie innych zobowi\u0105za\u0144, mo\u017cesz uzyska\u0107 dodatkow\u0105 kwot\u0119 z przeznaczeniem na dowolny cel. Oferta kierowana jest do nowych i aktualnych klient\u00f3w.<\/p>\n<ul>\n<li><strong>Kwota kredytu<\/strong>: od 1 000 z\u0142 do 250 000 z\u0142.<\/li>\n<li><strong>Cel<\/strong>: konsolidacja zobowi\u0105za\u0144 i dodatkowe \u015brodki na dowolny cel<\/li>\n<li><strong>Okres sp\u0142aty<\/strong>: od 3 do 120 miesi\u0119cy (10 lat).<\/li>\n<\/ul>\n<p>Oferta kredytowa w Banku UniCredit to uniwersalne rozwi\u0105zanie kierowane do nowych i aktualnych klient\u00f3w. Bank skupia si\u0119 na dostarczeniu uniwersalnych, prostych produkt\u00f3w kredytowych dopasowanych do potrzeb szerokiego grona odbiorc\u00f3w.<\/p>\n<h2>Jakie warunki trzeba spe\u0142ni\u0107, \u017ceby otrzyma\u0107 kredyt got\u00f3wkowy w Banku UniCredit?<\/h2>\n<p>Uzyskanie kredytu got\u00f3wkowego w Banku UniCredit wymaga spe\u0142nienia standardowych warunk\u00f3w.<\/p>\n<h3><strong>Zdolno\u015b\u0107 kredytowa<\/strong><\/h3>\n<p>Podstawowym warunkiem uzyskania kredytu jest posiadanie odpowiedniej zdolno\u015bci kredytowej. UniCredit zaznacza, \u017ce decyzja kredytowa oraz ostateczne warunki finansowania zale\u017c\u0105 od indywidualnej oceny kondycji finansowej klienta. <strong>Bank okre\u015bla te\u017c podstawowe wymagania dotycz\u0105ce wieku i \u017ar\u00f3d\u0142a dochodu<\/strong>. Wnioskodawca musi mie\u0107 co najmniej 18 lat i nie wi\u0119cej ni\u017c 70 lat w momencie sk\u0142adania wniosku. Jednocze\u015bnie w chwili sp\u0142aty ostatniej raty mo\u017ce mie\u0107 maksymalnie 75 lat. Przy czym osoby w wieku 18 \u2013 20 lat mog\u0105 skorzysta\u0107 z kredytu w maksymalnej wysoko\u015bci 10 tys. z\u0142.<\/p>\n<p>W przypadku dochod\u00f3w, kt\u00f3rych \u017ar\u00f3d\u0142em jest tradycyjna umowa o prac\u0119 lub umowy cywilnoprawne, Bank wymaga minimum 2 miesi\u0119cy otrzymywania wynagrodzenia na tej podstawie. Osoby prowadz\u0105ce dzia\u0142alno\u015b\u0107 gospodarcz\u0105 musz\u0105 wykaza\u0107 si\u0119 co najmniej 2-letni\u0105 obecno\u015bci\u0105 ich firmy na rynku.<\/p>\n<h3><strong>Dokumenty<\/strong><\/h3>\n<p>Zakres wymaganych dokument\u00f3w zale\u017cy od sposobu weryfikacji klienta. UniCredit potwierdza zdolno\u015b\u0107 kredytow\u0105 w oparciu o dyrektyw\u0119 PSD2, co oznacza <strong>nowoczesny proces, kt\u00f3ry w praktyce zast\u0119puje tradycyjne, papierowe za\u015bwiadczenia o dochodach i wprowadza automatyczn\u0105 analiz\u0119<\/strong> przep\u0142yw\u00f3w pieni\u0119\u017cnych na rachunku bankowym. Osoba, kt\u00f3ra nie skorzysta z weryfikacji opartej o otwart\u0105 bankowo\u015b\u0107 PSD2, musi przedstawi\u0107 wyci\u0105gi z rachunku bankowego za okres 6 miesi\u0119cy. Bank zastrzega te\u017c, \u017ce czasem, w razie w\u0105tpliwo\u015bci co do sytuacji finansowej wnioskodawcy, analityk mo\u017ce poprosi\u0107 o dodatkowe dokumenty.<\/p>\n<h3><strong>Dodatkowe informacje<\/strong><\/h3>\n<p>W przypadku ma\u0142\u017ce\u0144skiej wsp\u00f3lnoty maj\u0105tkowej, Bank mo\u017ce poprosi\u0107 o zgod\u0119 wsp\u00f3\u0142ma\u0142\u017conka na zaci\u0105gni\u0119cie zobowi\u0105zania.<\/p>\n<h2>Jak wzi\u0105\u0107 kredyt w Banku Unicredit?<\/h2>\n<p>Kredyt got\u00f3wkowy w UniCredit mo\u017cna uzyska\u0107 na kilka sposob\u00f3w. Bank umo\u017cliwia z\u0142o\u017cenie wniosku:<\/p>\n<ul>\n<li>online na stronie internetowej,<\/li>\n<li>w aplikacji mobilnej,<\/li>\n<li>oraz przy wsparciu doradcy w plac\u00f3wce.<\/li>\n<\/ul>\n<p><strong>Ca\u0142y proces ma by\u0107 maksymalnie uproszczony i ograniczony do minimum formalno\u015bci<\/strong>.<\/p>\n<p>Instytucja opisuje na swojej stronie internetowej proces uzyskania kredytu got\u00f3wkowego w trzech krokach: najpierw klient sk\u0142ada wniosek online lub w aplikacji mobilnej, nast\u0119pnie potwierdza to\u017csamo\u015b\u0107 i odpowiada na kilka pyta\u0144, a na ko\u0144cu otrzymuje decyzj\u0119 kredytow\u0105 oraz wyp\u0142at\u0119 \u015brodk\u00f3w. Wniosek mo\u017cna te\u017c z\u0142o\u017cy\u0107 w oddziale Banku korzystaj\u0105c z pomocy doradcy w prawid\u0142owym wype\u0142nieniu dokumentu.<\/p>\n<p>Mo\u017cliwo\u015b\u0107 z\u0142o\u017cenia wniosku o po\u017cyczk\u0119 za po\u015brednictwem aplikacji mobilnej aktualnie jest dost\u0119pna wy\u0142\u0105cznie dla nowych klient\u00f3w (bezpo\u015brednio po pobraniu aplikacji), kt\u00f3rzy nie posiadaj\u0105 jeszcze konta w Banku UniCredit.<\/p>\n<h2>Jak sp\u0142aci\u0107 kredyt got\u00f3wkowy w UniCredit?<\/h2>\n<p>W celu sp\u0142aty raty kredytu udzielonego przez UniCredit nale\u017cy, najp\u00f3\u017aniej w dniu jej p\u0142atno\u015bci, zapewni\u0107 na Rachunku do Sp\u0142aty \u015brodki, wystarczaj\u0105ce na pokrycie pe\u0142nej kwoty raty. Numer Rachunku do Sp\u0142aty mo\u017cna znale\u017a\u0107 w Umowie o udzielenie kredytu oraz po zalogowaniu si\u0119 do aplikacji Banku. <strong>Sp\u0142ata realizowana jest przez pobranie \u015brodk\u00f3w przez Bank z Rachunku do Sp\u0142aty<\/strong> w dniu wskazanym w harmonogramie jako termin p\u0142atno\u015bci raty. Je\u015bli termin sp\u0142aty przypada na dzie\u0144 ustawowo wolny od pracy lub w sobot\u0119, w\u00f3wczas termin p\u0142atno\u015bci raty przesuwa si\u0119 na najbli\u017cszy dzie\u0144 roboczy.<\/p>\n<h2>Zalety i wady kredytu got\u00f3wkowego w Unicredit<\/h2>\n<p>Do zalet oferty kredytowej Banku UniCredit mo\u017cna zaliczy\u0107:<\/p>\n<ul>\n<li>Wysoka kwota kredytu &#8211; do 250 000 z\u0142.<\/li>\n<li><strong>D\u0142ugi maksymalny okres sp\u0142aty<\/strong> &#8211; do 120 miesi\u0119cy.<\/li>\n<li>Mo\u017cliwo\u015b\u0107 z\u0142o\u017cenia wniosku o kredyt bez konieczno\u015bci zak\u0142adania konta osobistego w UniCredit.<\/li>\n<li><strong>Wielokana\u0142owy dost\u0119p do us\u0142ug<\/strong>: online, w aplikacji i stacjonarnie przy wsparciu doradcy.<\/li>\n<\/ul>\n<p>W\u015br\u00f3d wad oferty kredytowej Banku mo\u017cna wymieni\u0107 niewielk\u0105 liczb\u0119 oddzia\u0142\u00f3w stacjonarnych. Mo\u017ce to utrudni\u0107 bezpo\u015bredni\u0105 indywidualn\u0105 obs\u0142ug\u0119 i by\u0107 przeszkod\u0105 w skorzystaniu z us\u0142ug instytucji przez osoby, kt\u00f3re ceni\u0105 tradycyjne podej\u015bcie i bezpo\u015bredni kontakt z pracownikiem banku.<\/p>\n<h2>FAQ &#8211; Najcz\u0119\u015bciej zadawane pytania<\/h2>\n<h3>Jakie mo\u017ce by\u0107 oprocentowanie kredytu got\u00f3wkowego w UniCredit?<\/h3>\n<p>Oprocentowanie kredytu got\u00f3wkowego w UniCredit aktualne na marzec 2026 r. zaczyna si\u0119 od 7,79% w skali roku. Bank zastrzega jednak, \u017ce ostateczny poziom oprocentowania zale\u017cy od oceny zdolno\u015bci kredytowej klienta i ostatecznie mo\u017ce wynie\u015b\u0107 od 7,79% do 14,49%.<\/p>\n<h3>Na jaki cel mo\u017cna przeznaczy\u0107 kredyt got\u00f3wkowy w UniCredit?<\/h3>\n<p>Kredyt got\u00f3wkowy w UniCredit mo\u017cna przeznaczy\u0107 na dowolny cel. Bank wprost wskazuje, \u017ce klient nie musi okre\u015bla\u0107 celu po\u017cyczki przy sk\u0142adaniu wniosku. Natomiast kredyt konsolidacyjny mo\u017cna uzyska\u0107 na po\u0142\u0105czenie maksymalnie 12 zobowi\u0105za\u0144 w jedno. Przy okazji konsolidacji mo\u017cna te\u017c otrzyma\u0107 dodatkowe \u015brodki z przeznaczeniem na dowolny cel.<\/p>\n<h3>Jaka jest maksymalna kwota kredytu got\u00f3wkowego w UniCredit?<\/h3>\n<p>Maksymalna kwota kredytu got\u00f3wkowego i konsolidacyjnego dla os\u00f3b indywidualnych w UniCredit wynosi 250 000 z\u0142. Ostateczna dost\u0119pna suma, kt\u00f3r\u0105 Bank b\u0119dzie m\u00f3g\u0142 po\u017cyczy\u0107, zale\u017cy jednak od kwoty wskazanej we wniosku i od indywidualnej oceny zdolno\u015bci kredytowej klienta.<\/p>\n<h3>Jaki jest maksymalny okres sp\u0142aty kredytu got\u00f3wkowego w UniCredit?<\/h3>\n<p>Maksymalny okres sp\u0142aty kredytu got\u00f3wkowego w UniCredit wynosi 120 miesi\u0119cy, czyli 10 lat. To standardowy maksymalny okres kredytowania dost\u0119pny przy kredycie got\u00f3wkowym oferowanym r\u00f3wnie\u017c w innych bankach. D\u0142ugi okres sp\u0142aty umo\u017cliwia dopasowanie wysoko\u015bci raty do mo\u017cliwo\u015bci finansowych klienta. Przy czym warto pami\u0119ta\u0107, \u017ce wyd\u0142u\u017cenie okresu sp\u0142aty oznacza r\u00f3wnie\u017c wy\u017cszy koszt kredytu.<\/p>\n","protected":false},"excerpt":{"rendered":"<p>Kredyt got\u00f3wkowy w UniCredit to rozwi\u0105zanie dla os\u00f3b, kt\u00f3re chc\u0105 po\u017cyczy\u0107 pieni\u0105dze na dowolny cel. Bank stawia na prosty proces, [&hellip;]<\/p>\n","protected":false},"author":30,"featured_media":0,"parent":13426,"menu_order":0,"comment_status":"closed","ping_status":"closed","template":"page_bank_product.php","meta":{"_acf_changed":false,"yasr_overall_rating":0,"yasr_post_is_review":"","yasr_auto_insert_disabled":"","yasr_review_type":"","footnotes":""},"class_list":["post-13429","page","type-page","status-publish","hentry"],"acf":[],"yoast_head":"<!-- This site is optimized with the Yoast SEO plugin v27.1.1 - https:\/\/yoast.com\/product\/yoast-seo-wordpress\/ -->\n<title>Kredyty got\u00f3wkowe w UniCredit | Por\u00f3wnywarka finansowa Rankomat<\/title>\n<meta name=\"robots\" content=\"index, follow, max-snippet:-1, max-image-preview:large, max-video-preview:-1\" \/>\n<link rel=\"canonical\" href=\"https:\/\/rankomat.pl\/finanse\/banki\/unicredit\/kredyty-gotowkowe-w-unicredit\/\" \/>\n<meta property=\"og:locale\" content=\"pl_PL\" \/>\n<meta property=\"og:type\" content=\"article\" \/>\n<meta property=\"og:title\" content=\"Kredyty got\u00f3wkowe w UniCredit | Por\u00f3wnywarka finansowa Rankomat\" \/>\n<meta property=\"og:description\" content=\"Kredyt got\u00f3wkowy w UniCredit to rozwi\u0105zanie dla os\u00f3b, kt\u00f3re chc\u0105 po\u017cyczy\u0107 pieni\u0105dze na dowolny cel. Bank stawia na prosty proces, [&hellip;]\" \/>\n<meta property=\"og:url\" content=\"https:\/\/rankomat.pl\/finanse\/banki\/unicredit\/kredyty-gotowkowe-w-unicredit\/\" \/>\n<meta property=\"og:site_name\" content=\"Por\u00f3wnywarka finansowa Rankomat\" \/>\n<meta property=\"article:publisher\" content=\"https:\/\/www.facebook.com\/rankomatpl\/\" \/>\n<meta property=\"article:modified_time\" content=\"2026-04-01T05:58:20+00:00\" \/>\n<meta property=\"og:image\" content=\"https:\/\/rankomat.pl\/finanse\/wp-content\/uploads\/2021\/03\/rankomat-star-og.png\" \/>\n\t<meta property=\"og:image:width\" content=\"480\" \/>\n\t<meta property=\"og:image:height\" content=\"320\" \/>\n\t<meta property=\"og:image:type\" content=\"image\/png\" \/>\n<meta name=\"twitter:card\" content=\"summary_large_image\" \/>\n<meta name=\"twitter:site\" content=\"@rankomat\" \/>\n<meta name=\"twitter:label1\" content=\"Szacowany czas czytania\" \/>\n\t<meta name=\"twitter:data1\" content=\"7 minut\" \/>\n<script type=\"application\/ld+json\" class=\"yoast-schema-graph\">{\"@context\":\"https:\/\/schema.org\",\"@graph\":[{\"@type\":\"BreadcrumbList\",\"@id\":\"https:\/\/rankomat.pl\/finanse\/banki\/unicredit\/kredyty-gotowkowe-w-unicredit\/#breadcrumb\",\"itemListElement\":[{\"@type\":\"ListItem\",\"position\":1,\"name\":\"Finanse\",\"item\":\"https:\/\/rankomat.pl\/finanse\/\"},{\"@type\":\"ListItem\",\"position\":2,\"name\":\"Banki\",\"item\":\"https:\/\/rankomat.pl\/finanse\/banki\/\"},{\"@type\":\"ListItem\",\"position\":3,\"name\":\"UniCredit\",\"item\":\"https:\/\/rankomat.pl\/finanse\/banki\/unicredit\/\"},{\"@type\":\"ListItem\",\"position\":4,\"name\":\"Kredyty got\u00f3wkowe w UniCredit\"}]}]}<\/script>\n<!-- \/ Yoast SEO plugin. -->","yoast_head_json":{"title":"Kredyty got\u00f3wkowe w UniCredit | Por\u00f3wnywarka finansowa Rankomat","robots":{"index":"index","follow":"follow","max-snippet":"max-snippet:-1","max-image-preview":"max-image-preview:large","max-video-preview":"max-video-preview:-1"},"canonical":"https:\/\/rankomat.pl\/finanse\/banki\/unicredit\/kredyty-gotowkowe-w-unicredit\/","og_locale":"pl_PL","og_type":"article","og_title":"Kredyty got\u00f3wkowe w UniCredit | Por\u00f3wnywarka finansowa Rankomat","og_description":"Kredyt got\u00f3wkowy w UniCredit to rozwi\u0105zanie dla os\u00f3b, kt\u00f3re chc\u0105 po\u017cyczy\u0107 pieni\u0105dze na dowolny cel. Bank stawia na prosty proces, [&hellip;]","og_url":"https:\/\/rankomat.pl\/finanse\/banki\/unicredit\/kredyty-gotowkowe-w-unicredit\/","og_site_name":"Por\u00f3wnywarka finansowa Rankomat","article_publisher":"https:\/\/www.facebook.com\/rankomatpl\/","article_modified_time":"2026-04-01T05:58:20+00:00","og_image":[{"width":480,"height":320,"url":"https:\/\/rankomat.pl\/finanse\/wp-content\/uploads\/2021\/03\/rankomat-star-og.png","type":"image\/png"}],"twitter_card":"summary_large_image","twitter_site":"@rankomat","twitter_misc":{"Szacowany czas czytania":"7 minut"},"schema":{"@context":"https:\/\/schema.org","@graph":[{"@type":"BreadcrumbList","@id":"https:\/\/rankomat.pl\/finanse\/banki\/unicredit\/kredyty-gotowkowe-w-unicredit\/#breadcrumb","itemListElement":[{"@type":"ListItem","position":1,"name":"Finanse","item":"https:\/\/rankomat.pl\/finanse\/"},{"@type":"ListItem","position":2,"name":"Banki","item":"https:\/\/rankomat.pl\/finanse\/banki\/"},{"@type":"ListItem","position":3,"name":"UniCredit","item":"https:\/\/rankomat.pl\/finanse\/banki\/unicredit\/"},{"@type":"ListItem","position":4,"name":"Kredyty got\u00f3wkowe w UniCredit"}]}]}},"yasr_visitor_votes":{"stars_attributes":{"read_only":false,"span_bottom":false},"number_of_votes":0,"sum_votes":0},"_links":{"self":[{"href":"https:\/\/rankomat.pl\/finanse\/wp-json\/wp\/v2\/pages\/13429","targetHints":{"allow":["GET"]}}],"collection":[{"href":"https:\/\/rankomat.pl\/finanse\/wp-json\/wp\/v2\/pages"}],"about":[{"href":"https:\/\/rankomat.pl\/finanse\/wp-json\/wp\/v2\/types\/page"}],"author":[{"embeddable":true,"href":"https:\/\/rankomat.pl\/finanse\/wp-json\/wp\/v2\/users\/30"}],"replies":[{"embeddable":true,"href":"https:\/\/rankomat.pl\/finanse\/wp-json\/wp\/v2\/comments?post=13429"}],"version-history":[{"count":0,"href":"https:\/\/rankomat.pl\/finanse\/wp-json\/wp\/v2\/pages\/13429\/revisions"}],"up":[{"embeddable":true,"href":"https:\/\/rankomat.pl\/finanse\/wp-json\/wp\/v2\/pages\/13426"}],"wp:attachment":[{"href":"https:\/\/rankomat.pl\/finanse\/wp-json\/wp\/v2\/media?parent=13429"}],"curies":[{"name":"wp","href":"https:\/\/api.w.org\/{rel}","templated":true}]}}