{"id":7855,"date":"2023-10-18T14:14:57","date_gmt":"2023-10-18T12:14:57","guid":{"rendered":"https:\/\/rankomat.pl\/finanse\/?page_id=7855"},"modified":"2025-07-10T11:54:28","modified_gmt":"2025-07-10T09:54:28","slug":"velobank","status":"publish","type":"page","link":"https:\/\/rankomat.pl\/finanse\/banki\/velobank\/","title":{"rendered":"VeloBank"},"content":{"rendered":"<p><img loading=\"lazy\" decoding=\"async\" class=\"size-full wp-image-7856 alignleft\" src=\"https:\/\/rankomat.pl\/finanse\/wp-content\/uploads\/thumbs\/entry\/2023\/10\/LOGO-VB.png\" alt=\"zielono bia\u0142e logo VeloBank\" width=\"170\" height=\"93\" data-interchange=\"[https:\/\/rankomat.pl\/finanse\/wp-content\/uploads\/thumbs\/entry\/mobile\/2023\/10\/LOGO-VB.png, small], [https:\/\/rankomat.pl\/finanse\/wp-content\/uploads\/thumbs\/entry\/2023\/10\/LOGO-VB.png, medium]\" aria-hidden=\"true\">VeloBank dzia\u0142a na rodzimym rynku us\u0142ug finansowych od pa\u017adziernika 2022 roku. Instytucja ta powsta\u0142a w efekcie przymusowej restrukturyzacji Getin Noble Banku. <strong>VeloBank oferuje nowoczesne rozwi\u0105zania finansowe<\/strong>, u\u0142atwiaj\u0105ce codzienno\u015b\u0107 nie tylko klientom indywidualnym, ale r\u00f3wnie\u017c ma\u0142ym i \u015brednim firmom, wybranym korporacjom, samorz\u0105dom i wsp\u00f3lnotom mieszkaniowym. Klienci banku mog\u0105 korzysta\u0107 zar\u00f3wno z bankowo\u015bci elektronicznej, jak i z rozbudowanej sieci oddzia\u0142\u00f3w.<\/p>\n<h2>Oferta dla klient\u00f3w indywidualnych<\/h2>\n<p>Oferta VeloBanku skierowana jest do szerokiego grona odbiorc\u00f3w, zaczynaj\u0105c od klient\u00f3w indywidualnych, a na mi\u0119dzynarodowych grupach kapita\u0142owych ko\u0144cz\u0105c. W ramach bogatej oferty klienci indywidualni skorzysta\u0107 mog\u0105 z m.in. nowoczesnych kont osobistych, kart p\u0142atniczych oraz atrakcyjnie oprocentowanych lokat i kont oszcz\u0119dno\u015bciowych. Dla os\u00f3b poszukuj\u0105cych finansowania <strong>bank przygotowa\u0142 szerok\u0105 gam\u0119 kredyt\u00f3w<\/strong> &#8211; od limitu w rachunku, przez kredyt got\u00f3wkowy na ma\u0142e potrzeby, a na kredytach hipotecznych ko\u0144cz\u0105c. W VeloBanku mo\u017cna wnioskowa\u0107 r\u00f3wnie\u017c o Bezpieczny kredyt 2%.<\/p>\n<h2>Godziny ksi\u0119gowania przelew\u00f3w<\/h2>\n<p>Klienci VelobBanku mog\u0105 realizowa\u0107<strong> p\u0142atno\u015bci w z\u0142otych do bank\u00f3w krajowych<\/strong> zlecaj\u0105c standardowe przelewy Elixir, przelewy natychmiastowe Express Elixir oraz wysokokwotowe przelewy w systemie SORBNET. Sesje Elixir w VeloBanku odbywaj\u0105 si\u0119 w nast\u0119puj\u0105cych godzinach:<\/p>\n<table class=\"table table-bordered\">\n<tbody>\n<tr>\n<td><strong>Rodzaj sesji<\/strong><\/td>\n<td class=\"text-center\" colspan=\"3\"><strong>Godziny sesji<\/strong><\/td>\n<\/tr>\n<tr>\n<td>Sesje wychodz\u0105ce<\/td>\n<td class=\"text-center\">08:15<\/td>\n<td class=\"text-center\">12:15<\/td>\n<td class=\"text-center\">14:30<\/td>\n<\/tr>\n<tr>\n<td>Sesje przychodz\u0105ce<\/td>\n<td class=\"text-center\">10:00<\/td>\n<td class=\"text-center\">14:00<\/td>\n<td class=\"text-center\">17:00<\/td>\n<\/tr>\n<\/tbody>\n<\/table>\n<h2>Przelewy zagraniczne \u2013 SEPA, SWIFT, IBAN<\/h2>\n<p>Klienci VeloBanku zlecaj\u0105cy p\u0142atno\u015b\u0107 w EUR do kraj\u00f3w cz\u0142onkowskich UE oraz Islandii, Lichtensteinu, Norwegii, Monako i Szwajcarii mog\u0105 skorzysta\u0107 z polecenia przelewu SEPA. W przypadku pozosta\u0142ych transfer\u00f3w mi\u0119dzynarodowych wymagany jest dodatkowo kod SWIFT. Warto przy tym pami\u0119ta\u0107, \u017ce kod SWIFT (szczeg\u00f3lnie poza granicami Polski) cz\u0119sto okre\u015blany jest mianem kodu BIC.<\/p>\n<ul>\n<li>Kod SWIFT\/BIC VeloBanku: GBGCPLPK<\/li>\n<li>Format IBAN: PL + numer rachunku bankowego (26 cyfr)<\/li>\n<\/ul>\n<h2>Dla poszukuj\u0105cych konta osobistego<\/h2>\n<p>Podstawowym rachunkiem oszcz\u0119dno\u015bciowo-rozliczeniowym (ROR) w ofercie VeloBanku jest VeloKonto. Poza standardowym wariantem, jest ono r\u00f3wnie\u017c dost\u0119pne w wariancie dla m\u0142odych (18-26 lat) i najm\u0142odszych, jak VeloKonto Junior (13-18 lat). Posiadacze VeloKonta mog\u0105 korzysta\u0107 z wielu nowoczesnych i u\u017cytecznych rozwi\u0105za\u0144 tj. wygodna aplikacja mobilna, karta wielowalutowa, wyp\u0142aty BLIK, p\u0142atno\u015bci mobilne (Apple Pay, Google Pay, Garmin Pay) i wymiana walut online. Za\u0142o\u017cenie konta w VeloBanku pozwala cz\u0119sto wzi\u0105\u0107 udzia\u0142 w promocji i zdoby\u0107 dodatkowe nagrody.<\/p>\n<p style=\"text-align: center\"><a href=\"https:\/\/rankomat.pl\/finanse\/konta\/konta-bankowe\/\" target=\"_blank\" rel=\"noopener\">Zobacz ranking kont osobistych<\/a><\/p>\n<h2>Dla p\u0142ac\u0105cych kart\u0105<\/h2>\n<p>VeloBank wydaje do konta kart\u0119 debetow\u0105 Mastercard Standard. Pe\u0142noletni klient mo\u017ce wnioskowa\u0107 o wydanie takiej karty r\u00f3wnie\u017c osobie ma\u0142oletniej, kt\u00f3ra sko\u0144czy\u0142a 13 rok \u017cycia. Karta debetowa w VeloBanku pozwala wygodnie i bezpiecznie korzysta\u0107 ze \u015brodk\u00f3w zgromadzonych na koncie osobistym. Mo\u017cna wykorzystywa\u0107 j\u0105 do p\u0142atno\u015bci zbli\u017ceniowych, mobilnych i podczas zakup\u00f3w w intrenecie. VeloBank oferuje r\u00f3wnie\u017c kart\u0119 kredytow\u0105 z limitem do 50.000 z\u0142 (ostateczna kwota ustalana jest na podstawie analizy zdolno\u015bci kredytowej klienta) oraz mo\u017cliwo\u015bci\u0105 roz\u0142o\u017cenia zad\u0142u\u017cenia na raty.<\/p>\n<h2>Dla pomna\u017caj\u0105cych oszcz\u0119dno\u015bci<\/h2>\n<p>Od samego pocz\u0105tku VeloBank kojarzy si\u0119 z atrakcyjnie oprocentowanymi lokatami i kontami oszcz\u0119dno\u015bciowymi, kt\u00f3re oferowane s\u0105 cz\u0119sto bez konieczno\u015bci wywi\u0105zywania si\u0119 z dodatkowych warunk\u00f3w. Opr\u00f3cz standardowych produkt\u00f3w depozytowych wymieni\u0107 mo\u017cna tu m.in. lokaty walutowe oraz indywidualne konto emerytalne. Osoby nastawione na wy\u017csze zyski, kt\u00f3re akceptuj\u0105 tak\u017ce dodatkowe ryzyko, maj\u0105 r\u00f3wnie\u017c dost\u0119p do funduszu z lokat\u0105 (po\u0142\u0105czenie inwestowania z oszcz\u0119dzaniem) oraz do szerokiej oferty funduszy inwestycyjnych<\/p>\n<p style=\"text-align: center\"><a href=\"https:\/\/rankomat.pl\/finanse\/porownywarka-lokat\/?order=&amp;dir=&amp;amount=10+000&amp;period=60&amp;bank_cart%5B%5D=57&amp;calc=Poka%C5%BC+oferty\" target=\"_blank\" rel=\"noopener\">Sprawd\u017a lokaty i konta oszcz\u0119dno\u015bciowe VeloBanku<\/a><\/p>\n<h2>Dla potrzebuj\u0105cych kredytu<\/h2>\n<p>VeloBank to tak\u017ce szeroki wachlarz kredyt\u00f3w i po\u017cyczek. Osoby poszukuj\u0105ce sposobu na szybkie i wygodne sfinansowanie dowolnego celu konsumpcyjnego mog\u0105 skorzysta\u0107 z kredytu got\u00f3wkowego, limitu w rachunku i wspomnianej wcze\u015bniej karty kredytowej. W\u015br\u00f3d zobowi\u0105za\u0144 celowych dost\u0119pnych w VeloBanku wymieni\u0107 mo\u017cna kredyt samochodowy i kredyt hipoteczny \u2013 w tym Bezpieczny kredyt 2%. Dla os\u00f3b pragn\u0105cych po\u0142\u0105czy\u0107 kilka kredyt\u00f3w i po\u017cyczek w jedno zobowi\u0105zanie bank przygotowa\u0142 kredyt konsolidacyjny.<\/p>\n<p style=\"text-align: center\"><a href=\"https:\/\/rankomat.pl\/finanse\/kredyty-gotowkowe\/\" target=\"_blank\" rel=\"noopener\">Sprawd\u017a oferty kredyt\u00f3w<\/a><\/p>\n<h2>VeloBank &#8211; kontakt<\/h2>\n<p>Adres centrali: Rondo Ignacego Daszy\u0144skiego 2 C,00-843 Warszawa<\/p>\n<p>Infolinia: +48 664 919 797 lub +48 32 604 30 01<\/p>\n<p>Email: kontakt@velobank.pl<\/p>\n<p>Adres strony kontaktowej: https:\/\/www.velobank.pl\/kontakt<\/p>\n","protected":false},"excerpt":{"rendered":"<p>VeloBank dzia\u0142a na rodzimym rynku us\u0142ug finansowych od pa\u017adziernika 2022 roku. Instytucja ta powsta\u0142a w efekcie przymusowej restrukturyzacji Getin Noble [&hellip;]<\/p>\n","protected":false},"author":66,"featured_media":0,"parent":11004,"menu_order":0,"comment_status":"open","ping_status":"closed","template":"page_bank_new.php","meta":{"_acf_changed":false,"yasr_overall_rating":0,"yasr_post_is_review":"","yasr_auto_insert_disabled":"","yasr_review_type":"","footnotes":""},"class_list":["post-7855","page","type-page","status-publish","hentry"],"acf":[],"yoast_head":"<!-- This site is optimized with the Yoast SEO plugin v27.1.1 - https:\/\/yoast.com\/product\/yoast-seo-wordpress\/ -->\n<title>VeloBank - sprawd\u017a 7 ofert finansowych | Por\u00f3wnywarka finansowa Rankomat<\/title>\n<meta name=\"robots\" content=\"index, follow, max-snippet:-1, max-image-preview:large, max-video-preview:-1\" \/>\n<link rel=\"canonical\" href=\"https:\/\/rankomat.pl\/finanse\/banki\/velobank\/\" \/>\n<meta property=\"og:locale\" content=\"pl_PL\" \/>\n<meta property=\"og:type\" content=\"article\" \/>\n<meta property=\"og:title\" content=\"VeloBank - sprawd\u017a {{count_bank_57}} | Por\u00f3wnywarka finansowa Rankomat\" \/>\n<meta property=\"og:description\" content=\"VeloBank dzia\u0142a na rodzimym rynku us\u0142ug finansowych od pa\u017adziernika 2022 roku. Instytucja ta powsta\u0142a w efekcie przymusowej restrukturyzacji Getin Noble [&hellip;]\" \/>\n<meta property=\"og:url\" content=\"https:\/\/rankomat.pl\/finanse\/banki\/velobank\/\" \/>\n<meta property=\"og:site_name\" content=\"Por\u00f3wnywarka finansowa Rankomat\" \/>\n<meta property=\"article:publisher\" content=\"https:\/\/www.facebook.com\/rankomatpl\/\" \/>\n<meta property=\"article:modified_time\" content=\"2025-07-10T09:54:28+00:00\" \/>\n<meta property=\"og:image\" content=\"https:\/\/rankomat.pl\/finanse\/wp-content\/uploads\/2023\/10\/LOGO-VB.png\" \/>\n\t<meta property=\"og:image:width\" content=\"170\" \/>\n\t<meta property=\"og:image:height\" content=\"93\" \/>\n\t<meta property=\"og:image:type\" content=\"image\/png\" \/>\n<meta name=\"twitter:card\" content=\"summary_large_image\" \/>\n<meta name=\"twitter:site\" content=\"@rankomat\" \/>\n<meta name=\"twitter:label1\" content=\"Szacowany czas czytania\" \/>\n\t<meta name=\"twitter:data1\" content=\"4 minuty\" \/>\n<script type=\"application\/ld+json\" class=\"yoast-schema-graph\">{\"@context\":\"https:\/\/schema.org\",\"@graph\":[{\"@type\":\"ImageObject\",\"inLanguage\":\"pl-PL\",\"@id\":\"https:\/\/rankomat.pl\/finanse\/banki\/velobank\/#primaryimage\",\"url\":\"https:\/\/rankomat.pl\/finanse\/wp-content\/uploads\/2023\/10\/LOGO-VB.png\",\"contentUrl\":\"https:\/\/rankomat.pl\/finanse\/wp-content\/uploads\/2023\/10\/LOGO-VB.png\",\"width\":170,\"height\":93,\"caption\":\"zielono bia\u0142e logo VeloBank\"},{\"@type\":\"BreadcrumbList\",\"@id\":\"https:\/\/rankomat.pl\/finanse\/banki\/velobank\/#breadcrumb\",\"itemListElement\":[{\"@type\":\"ListItem\",\"position\":1,\"name\":\"Finanse\",\"item\":\"https:\/\/rankomat.pl\/finanse\/\"},{\"@type\":\"ListItem\",\"position\":2,\"name\":\"Banki\",\"item\":\"https:\/\/rankomat.pl\/finanse\/banki\/\"},{\"@type\":\"ListItem\",\"position\":3,\"name\":\"VeloBank\"}]}]}<\/script>\n<!-- \/ Yoast SEO plugin. -->","yoast_head_json":{"title":"VeloBank - sprawd\u017a 7 ofert finansowych | Por\u00f3wnywarka finansowa Rankomat","robots":{"index":"index","follow":"follow","max-snippet":"max-snippet:-1","max-image-preview":"max-image-preview:large","max-video-preview":"max-video-preview:-1"},"canonical":"https:\/\/rankomat.pl\/finanse\/banki\/velobank\/","og_locale":"pl_PL","og_type":"article","og_title":"VeloBank - sprawd\u017a {{count_bank_57}} | Por\u00f3wnywarka finansowa Rankomat","og_description":"VeloBank dzia\u0142a na rodzimym rynku us\u0142ug finansowych od pa\u017adziernika 2022 roku. Instytucja ta powsta\u0142a w efekcie przymusowej restrukturyzacji Getin Noble [&hellip;]","og_url":"https:\/\/rankomat.pl\/finanse\/banki\/velobank\/","og_site_name":"Por\u00f3wnywarka finansowa Rankomat","article_publisher":"https:\/\/www.facebook.com\/rankomatpl\/","article_modified_time":"2025-07-10T09:54:28+00:00","og_image":[{"width":170,"height":93,"url":"https:\/\/rankomat.pl\/finanse\/wp-content\/uploads\/2023\/10\/LOGO-VB.png","type":"image\/png"}],"twitter_card":"summary_large_image","twitter_site":"@rankomat","twitter_misc":{"Szacowany czas czytania":"4 minuty"},"schema":{"@context":"https:\/\/schema.org","@graph":[{"@type":"ImageObject","inLanguage":"pl-PL","@id":"https:\/\/rankomat.pl\/finanse\/banki\/velobank\/#primaryimage","url":"https:\/\/rankomat.pl\/finanse\/wp-content\/uploads\/2023\/10\/LOGO-VB.png","contentUrl":"https:\/\/rankomat.pl\/finanse\/wp-content\/uploads\/2023\/10\/LOGO-VB.png","width":170,"height":93,"caption":"zielono bia\u0142e logo VeloBank"},{"@type":"BreadcrumbList","@id":"https:\/\/rankomat.pl\/finanse\/banki\/velobank\/#breadcrumb","itemListElement":[{"@type":"ListItem","position":1,"name":"Finanse","item":"https:\/\/rankomat.pl\/finanse\/"},{"@type":"ListItem","position":2,"name":"Banki","item":"https:\/\/rankomat.pl\/finanse\/banki\/"},{"@type":"ListItem","position":3,"name":"VeloBank"}]}]}},"yasr_visitor_votes":{"stars_attributes":{"read_only":false,"span_bottom":false},"number_of_votes":44,"sum_votes":206},"_links":{"self":[{"href":"https:\/\/rankomat.pl\/finanse\/wp-json\/wp\/v2\/pages\/7855","targetHints":{"allow":["GET"]}}],"collection":[{"href":"https:\/\/rankomat.pl\/finanse\/wp-json\/wp\/v2\/pages"}],"about":[{"href":"https:\/\/rankomat.pl\/finanse\/wp-json\/wp\/v2\/types\/page"}],"author":[{"embeddable":true,"href":"https:\/\/rankomat.pl\/finanse\/wp-json\/wp\/v2\/users\/66"}],"replies":[{"embeddable":true,"href":"https:\/\/rankomat.pl\/finanse\/wp-json\/wp\/v2\/comments?post=7855"}],"version-history":[{"count":0,"href":"https:\/\/rankomat.pl\/finanse\/wp-json\/wp\/v2\/pages\/7855\/revisions"}],"up":[{"embeddable":true,"href":"https:\/\/rankomat.pl\/finanse\/wp-json\/wp\/v2\/pages\/11004"}],"wp:attachment":[{"href":"https:\/\/rankomat.pl\/finanse\/wp-json\/wp\/v2\/media?parent=7855"}],"curies":[{"name":"wp","href":"https:\/\/api.w.org\/{rel}","templated":true}]}}