{"id":8603,"date":"2024-02-14T13:26:04","date_gmt":"2024-02-14T12:26:04","guid":{"rendered":"https:\/\/rankomat.pl\/finanse\/?page_id=8603"},"modified":"2024-02-14T13:26:04","modified_gmt":"2024-02-14T12:26:04","slug":"feniko-pl","status":"publish","type":"page","link":"https:\/\/rankomat.pl\/finanse\/chwilowki\/firma\/feniko-pl\/","title":{"rendered":"Feniko.pl"},"content":{"rendered":"<p><strong>Feniko.pl nale\u017cy do polskiej firmy Feniko Finanse sp. z o.o. Marka cieszy si\u0119 du\u017cym zainteresowaniem w\u015br\u00f3d po\u017cyczkobiorc\u00f3w, oferuj\u0105c im finansowanie si\u0119gaj\u0105ce 3000 z\u0142otych, na okres nawet 6 miesi\u0119cy. To \u015bwietny spos\u00f3b na szybkie i \u0142atwe zdobycie \u015brodk\u00f3w potrzebnych na pokrycie niecierpi\u0105cego zw\u0142oki wydatku.<\/strong><\/p>\n<p>Feniko.pl zapewnia swoim klientom minimum formalno\u015bci, prost\u0105 procedur\u0119 wnioskowania online, transparentne warunki umowy po\u017cyczki oraz b\u0142yskawiczny przelew pieni\u0119dzy na konto. Osoby po raz pierwszy korzystaj\u0105ce z oferty firmy, mog\u0105 liczy\u0107 na pierwsz\u0105 darmow\u0105 chwil\u00f3wk\u0119, z terminem sp\u0142aty 61 dni.<\/p>\n<h2>Ile mog\u0119 po\u017cyczy\u0107 w Feniko.pl?<\/h2>\n<p>Feniko.pl cieszy si\u0119 du\u017cym zainteresowaniem w\u015br\u00f3d po\u017cyczkobiorc\u00f3w poszukuj\u0105cych stosunkowo niskich kwot finansowania. Firma oferuje tradycyjne chwil\u00f3wki oraz po\u017cyczki ratalne. W obu przypadkach wysoko\u015b\u0107 finansowania rozpoczyna si\u0119 od 300 z\u0142, a ko\u0144czy na 3000 z\u0142.<\/p>\n<h2>Na jak d\u0142ugo mog\u0119 po\u017cyczy\u0107 w Feniko.pl?<\/h2>\n<p>Du\u017cym plusem po\u017cyczek w Feniko.pl jest d\u0142u\u017cszy termin sp\u0142aty. Osoby, kt\u00f3re korzystaj\u0105 z tradycyjnych chwil\u00f3wek, mog\u0105 je sp\u0142aci\u0107 w ci\u0105gu 30 lub 61 dni. Decyduj\u0105c si\u0119 na po\u017cyczki ratalne, zobowi\u0105zanie nale\u017cy uregulowa\u0107 w ci\u0105gu maksymalnie 6 miesi\u0119cy.<\/p>\n<p>To szczeg\u00f3lnie istotne dla po\u017cyczkobiorc\u00f3w, kt\u00f3rzy potrzebuj\u0105 nieco wi\u0119cej czasu na swobodn\u0105 sp\u0142at\u0119 zaci\u0105gni\u0119tego zobowi\u0105zania. Minimalny okres, na jaki mo\u017cna zaci\u0105gn\u0105\u0107 po\u017cyczk\u0119 w Feniko.pl wynosi 7 dni.<\/p>\n<h2>Koszty po\u017cyczki w Feniko.pl<\/h2>\n<p>Nowi klienci Feniko.pl mog\u0105 skorzysta\u0107 z promocyjnej oferty darmowej chwil\u00f3wki. Je\u015bli tylko ureguluj\u0105 zad\u0142u\u017cenie terminowo, b\u0119d\u0105 w\u00f3wczas musieli zwr\u00f3ci\u0107 wy\u0142\u0105cznie tyle, ile po\u017cyczyli.<\/p>\n<ul>\n<li>Kwota: 3000 z\u0142<\/li>\n<li>Prowizja: 0,00 z\u0142<\/li>\n<li>Odsetki: 0,00 z\u0142<\/li>\n<li>Rata: 3000 z\u0142<\/li>\n<li>Do sp\u0142aty: 3000 z\u0142<\/li>\n<li>RRSO: 0,00 %<\/li>\n<li>Termin sp\u0142aty: 30 dni lub 61 dni<\/li>\n<\/ul>\n<p>Zaci\u0105gaj\u0105c kolejn\u0105 po\u017cyczk\u0119 kr\u00f3tkoterminow\u0105, klient musi liczy\u0107 si\u0119 z dodatkowymi kosztami w postaci odsetek oraz prowizji.<\/p>\n<ul>\n<li>Kwota: 3000 z\u0142<\/li>\n<li>Prowizja: 600 z\u0142<\/li>\n<li>Odsetki: 50,40 z\u0142<\/li>\n<li>Rata: 3650,40 z\u0142<\/li>\n<li>Do sp\u0142aty: 36540,40 z\u0142<\/li>\n<li>RRSO: 988,51 %<\/li>\n<li>Termin sp\u0142aty: 30 dni<\/li>\n<\/ul>\n<p>W przypadku po\u017cyczki ratalnej koszty finansowania wzrastaj\u0105, jednak klient zyskuje mo\u017cliwo\u015b\u0107 regulowania zad\u0142u\u017cenia w kilku, nawet 6 ratach.<\/p>\n<ul>\n<li>Kwota: 1000 z\u0142<\/li>\n<li>Prowizja: 397,86 z\u0142<\/li>\n<li>Odsetki: 60,35 z\u0142<\/li>\n<li>Rata: 243,08 z\u0142 \u2013 pierwsze pi\u0119\u0107 rat<\/li>\n<li>Ostatnia rata: 242,81 z<\/li>\n<li>Do sp\u0142aty: 1458,21 z\u0142<\/li>\n<li>RRSO: 289,11%<\/li>\n<li>Termin sp\u0142aty: 6 miesi\u0119cy<\/li>\n<\/ul>\n<p>To tylko przyk\u0142adowe koszty kilku wariant\u00f3w po\u017cyczek. Osoby poszukuj\u0105ce finansowania opiewaj\u0105cego na inne kwoty, zawsze mog\u0105 skorzysta\u0107 z kalkulatora po\u017cyczkowego znajduj\u0105cego si\u0119 na g\u0142\u00f3wnej stronie feniko.pl.<\/p>\n<p>Po wybraniu wysoko\u015bci po\u017cyczki oraz preferowanego okresu sp\u0142aty na ekranie natychmiast pojawi\u0105 si\u0119 szczeg\u00f3\u0142owe koszty zad\u0142u\u017cenia.<\/p>\n<h2>Warunki otrzymania po\u017cyczki w Feniko.pl<\/h2>\n<p>Firma Feniko.pl podkre\u015bla, \u017ce chce zapewni\u0107 swoim klientom szybkie i bezpieczne po\u017cyczki internetowe, bez zb\u0119dnych formalno\u015bci i skomplikowanych procedur. Aby otrzyma\u0107 finansowanie, wystarczy spe\u0142ni\u0107 standardowe warunki, wymagane przez wi\u0119kszo\u015b\u0107 firm pozabankowych, nale\u017c\u0105 do nich:<\/p>\n<ul>\n<li>wiek od 20 do 75 roku \u017cycia,<\/li>\n<li>obywatelstwo polskie,<\/li>\n<li>adres zamieszkania na terenie kraju,<\/li>\n<li>numer telefonu kom\u00f3rkowego,<\/li>\n<li>numer osobistego rachunku bankowego,<\/li>\n<li>adres email,<\/li>\n<li>aktualny dow\u00f3d osobisty,<\/li>\n<li>\u017ar\u00f3d\u0142o dochodu,<\/li>\n<li>dobra reputacja finansowa.<\/li>\n<\/ul>\n<h3>Dokumenty wymagane do otrzymania po\u017cyczki<\/h3>\n<p>Feniko.pl umo\u017cliwia otrzymanie finansowania w oparciu o minimum formalno\u015bci. Jedynym niezb\u0119dnym dokumentem jest aktualny dow\u00f3d osobisty, kt\u00f3rego seri\u0119 i numer nale\u017cy wpisa\u0107 w odpowiednich polach formularza.<\/p>\n<p>Wnioskuj\u0105cy nie musi okazywa\u0107 \u017cadnych za\u015bwiadcze\u0144 o zarobkach lub zatrudnieniu, dzi\u0119ki czemu mo\u017ce zaci\u0105gn\u0105\u0107 po\u017cyczk\u0119 w kilkana\u015bcie minut bez wychodzenia z domu.<\/p>\n<h3>Formy zatrudnienia<\/h3>\n<p>Dla Feniko.pl najwa\u017cniejsze jest, aby klient posiada\u0142 sta\u0142e \u017ar\u00f3d\u0142o dochodu. Nie musi by\u0107 to jednak wy\u0142\u0105cznie umowa o prac\u0119. Wierzyciel akceptuje r\u00f3wnie\u017c umow\u0119 zlecenie, umow\u0119 o dzie\u0142o, emerytur\u0119, rent\u0119 oraz \u015bwiadczenie przedemerytalne. Je\u015bli w formularza nie zosta\u0142o wymienione \u017ar\u00f3d\u0142o dochodu, z kt\u00f3rego czerpie wnioskuj\u0105cy, wystarczy, \u017ce skontaktuje si\u0119 z infolini\u0105 i wyja\u015bni swoj\u0105 sytuacj\u0119.<\/p>\n<h3>Weryfikacja w bazie d\u0142u\u017cnik\u00f3w<\/h3>\n<p>Znakomita wi\u0119kszo\u015b\u0107 firm pozabankowych korzysta z danych znajduj\u0105cych si\u0119 w bazach d\u0142u\u017cnik\u00f3w. Weryfikacja wiarygodno\u015bci klienta stanowi bowiem fundament odpowiedzialnego po\u017cyczania pieni\u0119dzy. Udzielanie finansowania osobom, kt\u00f3re nie s\u0105 w stanie terminowo regulowa\u0107 d\u0142ug\u00f3w, wi\u0105\u017ce si\u0119 z ogromnym ryzykiem zar\u00f3wno dla wierzyciela, jak i po\u017cyczkobiorcy. Feniko.pl przed wydaniem decyzji o przyznaniu finansowania sprawdza nast\u0119puj\u0105ce bazy:<\/p>\n<ul>\n<li>BIK \u2013 Biuro Informacji Kredytowej S.A.,<\/li>\n<li>ERIF Biuro Informacji Gospodarczej S.A.,<\/li>\n<li>Krajowy Rejestr D\u0142ug\u00f3w Biuro Informacji Gospodarczej S.A.,<\/li>\n<li>CRIF sp. z o. o.,<\/li>\n<li>Krajowe Biuro Informacji Gospodarczej S.A.<\/li>\n<\/ul>\n<h2>Czy Feniko.pl udziela po\u017cyczek na raty bez sprawdzania BIK?<\/h2>\n<p>Niekt\u00f3re osoby poszukuj\u0105 firm pozabankowych, kt\u00f3re nie weryfikuj\u0105 bazy BIK w nadziei, \u017ce otrzymaj\u0105 po\u017cyczk\u0119 mimo negatywnej historii kredytowej. Feniko.pl nie udziela ani chwil\u00f3wek, ani po\u017cyczek ratalnych bez uprzedniego sprawdzenia klienta w Biurze Informacji Kredytowej.<\/p>\n<h2>Czy Feniko.pl udziela po\u017cyczek dla zad\u0142u\u017conych?<\/h2>\n<p>W ofercie Feniko nie istniej\u0105 specjalne po\u017cyczki przeznaczone dla os\u00f3b zad\u0142u\u017conych. Jednak wnioskuj\u0105cy, maj\u0105cy na swoim koncie drobne przewinienia w postaci niewielkich zaleg\u0142o\u015bci w terminowym regulowaniu innych zobowi\u0105za\u0144, wci\u0105\u017c mog\u0105 liczy\u0107 na otrzymanie finansowania. Musz\u0105 jednak posiada\u0107 sta\u0142e dochody i wykazywa\u0107 odpowiedni\u0105 zdolno\u015b\u0107 kredytow\u0105, kt\u00f3r\u0105 ocenia wierzyciel.<\/p>\n<h2>Czy w Feniko.pl mo\u017cna wzi\u0105\u0107 po\u017cyczk\u0119 z komornikiem?<\/h2>\n<p>Zaj\u0119cie komornicze najcz\u0119\u015bciej \u015bwiadczy o powa\u017cnych zad\u0142u\u017ceniach i k\u0142opotach finansowych wnioskuj\u0105cego. W takiej sytuacji automatycznie traci on wiarygodno\u015b\u0107 oraz zdolno\u015b\u0107 kredytow\u0105. Na rynku pozabankowym istniej\u0105 co prawda po\u017cyczki przeznaczone dla os\u00f3b z komornikiem, jednak zwykle wymagaj\u0105 one gwaranta lub innego zabezpieczenia.<\/p>\n<p>Feniko.pl nie posiada w swojej ofercie \u017cadnego produktu finansowego tego typu. Na po\u017cyczk\u0119 mog\u0105 liczy\u0107 wy\u0142\u0105cznie wnioskuj\u0105cy o nienagannej reputacji finansowej, kt\u00f3rzy terminowo reguluj\u0105 wszystkie zaci\u0105gni\u0119te zobowi\u0105zania.<\/p>\n<h2>Jak wzi\u0105\u0107 po\u017cyczk\u0119 w Feniko.pl?<\/h2>\n<p>Feniko.pl specjalizuje si\u0119 w szybkich po\u017cyczkach udzielanych 100% online. Do zaci\u0105gni\u0119cia finansowania wystarczy komputer lub telefon z dost\u0119pem do Internetu oraz dow\u00f3d osobisty pod r\u0119k\u0105. Ca\u0142a procedura jest naprawd\u0119 prosta i przyst\u0119pna dla wi\u0119kszo\u015bci os\u00f3b, kt\u00f3re na co dzie\u0144 pos\u0142uguj\u0105 si\u0119 Internetem.<\/p>\n<p>Aby ubiega\u0107 si\u0119 o po\u017cyczk\u0119, nale\u017cy wej\u015b\u0107 na stron\u0119 www.feniko.pl, a nast\u0119pnie za pomoc\u0105 interaktywnego suwaka wybra\u0107 preferowan\u0105 kwot\u0119 zad\u0142u\u017cenia oraz okres sp\u0142aty. Poni\u017cej automatycznie poka\u017ce si\u0119 ca\u0142kowity koszt finansowania rozbity na poszczeg\u00f3lne elementy.<\/p>\n<p>&nbsp;<\/p>\n<p>Po klikni\u0119ciu zielonego przycisku \u201eWe\u017a po\u017cyczk\u0119\u201d na ekranie pojawi si\u0119 kr\u00f3tki formularz, kt\u00f3ry trzeba wype\u0142ni\u0107, aby za\u0142o\u017cy\u0107 panel klienta niezb\u0119dny do przeprowadzenia dalszej procedury wnioskowania. Konto w serwisie u\u0142atwi r\u00f3wnie\u017c ewentualne wnioskowanie o kolejne po\u017cyczki.<\/p>\n<p>&nbsp;<\/p>\n<p>Nast\u0119pnym etapem jest wype\u0142nienie kr\u00f3tkiego wniosku, w kt\u00f3rym klient proszony jest o podanie pozosta\u0142ych danych osobowych oraz informacji na temat sta\u0142ego \u017ar\u00f3d\u0142a dochodu. Na koniec pozostaje weryfikacja to\u017csamo\u015bci klienta za pomoc\u0105 ekspresowego przelewu Bluemedia.<\/p>\n<p>Gdy wszystko si\u0119 zgadza, system b\u0142yskawicznie wydaje decyzj\u0119 o przyznaniu po\u017cyczki, je\u015bli jest ona pozytywna, po\u017cyczkobiorca otrzyma pieni\u0105dze na konto w ci\u0105gu 15 minut. Istnieje r\u00f3wnie\u017c mo\u017cliwo\u015b\u0107 odbioru got\u00f3wki do r\u0119ki za pomoc\u0105 czeku GIRO, kt\u00f3ry realizowany jest w ka\u017cdym urz\u0119dzie pocztowym.<\/p>\n<h2>Sp\u0142ata po\u017cyczki na raty w Feniko.pl<\/h2>\n<p>Zaci\u0105gaj\u0105c po\u017cyczk\u0119 rataln\u0105 w Feniko.pl, klient zobowi\u0105zuje si\u0119 do terminowego regulowania rat. Harmonogram sp\u0142aty do\u0142\u0105czony jest do umowy po\u017cyczki. Rat\u0119 nale\u017cy wp\u0142aci\u0107 na rachunek bankowy nale\u017c\u0105cy do Feniko.pl. Wszystkie niezb\u0119dne informacje dotycz\u0105ce harmonogramu sp\u0142aty, numeru konta oraz tytu\u0142y przelewu znajduj\u0105 si\u0119 w panelu klienta.<\/p>\n<h2>Czy mo\u017cliwa jest sp\u0142ata po\u017cyczki ratalnej przed terminem?<\/h2>\n<p>Zdarza si\u0119, \u017ce po\u017cyczkobiorca odzyskuje p\u0142ynno\u015b\u0107 finansow\u0105 znacznie szybciej, ni\u017c si\u0119 tego spodziewa\u0142, zaci\u0105gaj\u0105c d\u0142ug. W takiej sytuacji Feniko.pl umo\u017cliwia sp\u0142at\u0119 ca\u0142o\u015bci lub cz\u0119\u015bci zad\u0142u\u017cenia przed terminem, kt\u00f3ry zosta\u0142 okre\u015blony w umowie. Dzi\u0119ki wcze\u015bniejszemu uregulowaniu zobowi\u0105zania proporcjonalnie zmniejsza si\u0119 ca\u0142kowity koszt po\u017cyczki.<\/p>\n<p>Wyd\u0142u\u017cenie terminu sp\u0142aty<br \/>\nKlient ma prawo przed\u0142u\u017cy\u0107 termin sp\u0142aty chwil\u00f3wki zaci\u0105gni\u0119tej na okres 30 dni o kolejne 30 dni. W przypadku po\u017cyczek ratalnych nie ma mo\u017cliwo\u015bci zmiany terminu sp\u0142aty na p\u00f3\u017aniejszy.<\/p>\n<p>Firma wychodzi z za\u0142o\u017cenia, \u017ce klient decyduj\u0105cy si\u0119 na po\u017cyczk\u0119 w spos\u00f3b przemy\u015blany i odpowiedzialny wybiera jej kwot\u0119 oraz liczb\u0119 rat. Niestety wierzyciel nie bierze pod uwag\u0119 wypadk\u00f3w losowych, kt\u00f3re mog\u0105 utrudni\u0107 sp\u0142at\u0119 d\u0142ugu.<\/p>\n<p>Brak sp\u0142aty \u2013 co, je\u015bli po\u017cyczka nie zostanie sp\u0142acona na czas<br \/>\nNiesp\u0142acone zad\u0142u\u017cenie zawsze wi\u0105\u017ce si\u0119 z konsekwencjami finansowymi dla po\u017cyczkobiorcy oraz negatywnym wpisem do baz d\u0142u\u017cnik\u00f3w. Klienci Feniko.pl, kt\u00f3rzy nie sp\u0142acaj\u0105 terminowo zaci\u0105gni\u0119tego zobowi\u0105zania, musz\u0105 liczy\u0107 si\u0119 z naliczeniem ustawowo ustalonych odsetek karnych.<\/p>\n<h2>Windykacja w Feniko.pl<\/h2>\n<p>Osoba, kt\u00f3ra nie wywi\u0105zuje si\u0119 z umowy po\u017cyczki i nie reguluje zaci\u0105gni\u0119tego zobowi\u0105zania zgodnie z harmonogramem sp\u0142aty, zostanie nie tylko obci\u0105\u017cona narastaj\u0105cymi odsetkami, ale tak\u017ce zostan\u0105 wobec niej podj\u0119te czynno\u015bci windykacyjne. Zazwyczaj polegaj\u0105 one na wysy\u0142aniu monit\u00f3w drog\u0105 mailow\u0105, listown\u0105 oraz telefoniczn\u0105.<\/p>\n<p>Je\u015bli wezwania nie przynosz\u0105 skutku, sprawa przekazywana jest zewn\u0119trznej firmie windykacyjnej. Szczeg\u00f3\u0142y dotycz\u0105ce egzekwowania nale\u017cno\u015bci zawarte s\u0105 w umowie.<\/p>\n<h2>Kolejna po\u017cyczka w Feniko.pl<\/h2>\n<p>Aby zaci\u0105gn\u0105\u0107 kolejn\u0105 po\u017cyczk\u0119 w Feniko.pl, nale\u017cy terminowo sp\u0142aci\u0107 pierwsze zad\u0142u\u017cenie. Samo wnioskowanie o nast\u0119pne finansowanie przebiega jeszcze szybciej ni\u017c za pierwszym razem. Klient jest ju\u017c bowiem zarejestrowany w serwisie, wystarczy zatem, \u017ce si\u0119 zaloguje i wype\u0142ni formularz, kt\u00f3ry jest ju\u017c cz\u0119\u015bciowo uzupe\u0142niony danymi zapami\u0119tanymi przez system.<\/p>\n<p>Ubiegaj\u0105c si\u0119 o kolejn\u0105 po\u017cyczk\u0119, nale\u017cy pami\u0119ta\u0107, \u017ce nie b\u0119dzie ju\u017c ona darmowa. Jej koszty mo\u017cna szybko pozna\u0107, korzystaj\u0105c z interaktywnego suwaka na stronie g\u0142\u00f3wnej. Po wybraniu kwoty po\u017cyczki oraz terminu sp\u0142aty na ekranie pojawi si\u0119 wysoko\u015b\u0107 prowizji, odsetek, planowanej raty oraz ca\u0142kowity koszt zad\u0142u\u017cenia.<\/p>\n","protected":false},"excerpt":{"rendered":"<p>Feniko.pl nale\u017cy do polskiej firmy Feniko Finanse sp. z o.o. Marka cieszy si\u0119 du\u017cym zainteresowaniem w\u015br\u00f3d po\u017cyczkobiorc\u00f3w, oferuj\u0105c im finansowanie [&hellip;]<\/p>\n","protected":false},"author":60,"featured_media":8609,"parent":8676,"menu_order":0,"comment_status":"closed","ping_status":"closed","template":"page_lender.php","meta":{"_acf_changed":false,"yasr_overall_rating":0,"yasr_post_is_review":"","yasr_auto_insert_disabled":"","yasr_review_type":"","footnotes":""},"class_list":["post-8603","page","type-page","status-publish","has-post-thumbnail","hentry"],"acf":[],"yoast_head":"<!-- This site is optimized with the Yoast SEO plugin v27.1.1 - https:\/\/yoast.com\/product\/yoast-seo-wordpress\/ -->\n<title>Feniko.pl | Por\u00f3wnywarka finansowa Rankomat<\/title>\n<meta name=\"robots\" content=\"index, follow, max-snippet:-1, max-image-preview:large, max-video-preview:-1\" \/>\n<link rel=\"canonical\" href=\"https:\/\/rankomat.pl\/finanse\/chwilowki\/firma\/feniko-pl\/\" \/>\n<meta property=\"og:locale\" content=\"pl_PL\" \/>\n<meta property=\"og:type\" content=\"article\" \/>\n<meta property=\"og:title\" content=\"Feniko.pl | Por\u00f3wnywarka finansowa Rankomat\" \/>\n<meta property=\"og:description\" content=\"Feniko.pl nale\u017cy do polskiej firmy Feniko Finanse sp. z o.o. Marka cieszy si\u0119 du\u017cym zainteresowaniem w\u015br\u00f3d po\u017cyczkobiorc\u00f3w, oferuj\u0105c im finansowanie [&hellip;]\" \/>\n<meta property=\"og:url\" content=\"https:\/\/rankomat.pl\/finanse\/chwilowki\/firma\/feniko-pl\/\" \/>\n<meta property=\"og:site_name\" content=\"Por\u00f3wnywarka finansowa Rankomat\" \/>\n<meta property=\"article:publisher\" content=\"https:\/\/www.facebook.com\/rankomatpl\/\" \/>\n<meta property=\"og:image\" content=\"https:\/\/rankomat.pl\/finanse\/wp-content\/uploads\/2024\/02\/logo-feniko.png\" \/>\n\t<meta property=\"og:image:width\" content=\"250\" \/>\n\t<meta property=\"og:image:height\" content=\"75\" \/>\n\t<meta property=\"og:image:type\" content=\"image\/png\" \/>\n<meta name=\"twitter:card\" content=\"summary_large_image\" \/>\n<meta name=\"twitter:site\" content=\"@rankomat\" \/>\n<meta name=\"twitter:label1\" content=\"Szacowany czas czytania\" \/>\n\t<meta name=\"twitter:data1\" content=\"9 minut\" \/>\n<script type=\"application\/ld+json\" class=\"yoast-schema-graph\">{\"@context\":\"https:\/\/schema.org\",\"@graph\":[{\"@type\":\"ImageObject\",\"inLanguage\":\"pl-PL\",\"@id\":\"https:\/\/rankomat.pl\/finanse\/chwilowki\/firma\/feniko-pl\/#primaryimage\",\"url\":\"https:\/\/rankomat.pl\/finanse\/wp-content\/uploads\/2024\/02\/logo-feniko.png\",\"contentUrl\":\"https:\/\/rankomat.pl\/finanse\/wp-content\/uploads\/2024\/02\/logo-feniko.png\",\"width\":250,\"height\":75,\"caption\":\"logo feniko\"},{\"@type\":\"BreadcrumbList\",\"@id\":\"https:\/\/rankomat.pl\/finanse\/chwilowki\/firma\/feniko-pl\/#breadcrumb\",\"itemListElement\":[{\"@type\":\"ListItem\",\"position\":1,\"name\":\"Finanse\",\"item\":\"https:\/\/rankomat.pl\/finanse\/\"},{\"@type\":\"ListItem\",\"position\":2,\"name\":\"Chwil\u00f3wki\",\"item\":\"https:\/\/rankomat.pl\/finanse\/chwilowki\/\"},{\"@type\":\"ListItem\",\"position\":3,\"name\":\"Listing firm po\u017cyczkowych\",\"item\":\"https:\/\/rankomat.pl\/finanse\/chwilowki\/firma\/\"},{\"@type\":\"ListItem\",\"position\":4,\"name\":\"Feniko.pl\"}]}]}<\/script>\n<!-- \/ Yoast SEO plugin. -->","yoast_head_json":{"title":"Feniko.pl | Por\u00f3wnywarka finansowa Rankomat","robots":{"index":"index","follow":"follow","max-snippet":"max-snippet:-1","max-image-preview":"max-image-preview:large","max-video-preview":"max-video-preview:-1"},"canonical":"https:\/\/rankomat.pl\/finanse\/chwilowki\/firma\/feniko-pl\/","og_locale":"pl_PL","og_type":"article","og_title":"Feniko.pl | Por\u00f3wnywarka finansowa Rankomat","og_description":"Feniko.pl nale\u017cy do polskiej firmy Feniko Finanse sp. z o.o. Marka cieszy si\u0119 du\u017cym zainteresowaniem w\u015br\u00f3d po\u017cyczkobiorc\u00f3w, oferuj\u0105c im finansowanie [&hellip;]","og_url":"https:\/\/rankomat.pl\/finanse\/chwilowki\/firma\/feniko-pl\/","og_site_name":"Por\u00f3wnywarka finansowa Rankomat","article_publisher":"https:\/\/www.facebook.com\/rankomatpl\/","og_image":[{"width":250,"height":75,"url":"https:\/\/rankomat.pl\/finanse\/wp-content\/uploads\/2024\/02\/logo-feniko.png","type":"image\/png"}],"twitter_card":"summary_large_image","twitter_site":"@rankomat","twitter_misc":{"Szacowany czas czytania":"9 minut"},"schema":{"@context":"https:\/\/schema.org","@graph":[{"@type":"ImageObject","inLanguage":"pl-PL","@id":"https:\/\/rankomat.pl\/finanse\/chwilowki\/firma\/feniko-pl\/#primaryimage","url":"https:\/\/rankomat.pl\/finanse\/wp-content\/uploads\/2024\/02\/logo-feniko.png","contentUrl":"https:\/\/rankomat.pl\/finanse\/wp-content\/uploads\/2024\/02\/logo-feniko.png","width":250,"height":75,"caption":"logo feniko"},{"@type":"BreadcrumbList","@id":"https:\/\/rankomat.pl\/finanse\/chwilowki\/firma\/feniko-pl\/#breadcrumb","itemListElement":[{"@type":"ListItem","position":1,"name":"Finanse","item":"https:\/\/rankomat.pl\/finanse\/"},{"@type":"ListItem","position":2,"name":"Chwil\u00f3wki","item":"https:\/\/rankomat.pl\/finanse\/chwilowki\/"},{"@type":"ListItem","position":3,"name":"Listing firm po\u017cyczkowych","item":"https:\/\/rankomat.pl\/finanse\/chwilowki\/firma\/"},{"@type":"ListItem","position":4,"name":"Feniko.pl"}]}]}},"yasr_visitor_votes":{"stars_attributes":{"read_only":false,"span_bottom":false},"number_of_votes":1,"sum_votes":5},"_links":{"self":[{"href":"https:\/\/rankomat.pl\/finanse\/wp-json\/wp\/v2\/pages\/8603","targetHints":{"allow":["GET"]}}],"collection":[{"href":"https:\/\/rankomat.pl\/finanse\/wp-json\/wp\/v2\/pages"}],"about":[{"href":"https:\/\/rankomat.pl\/finanse\/wp-json\/wp\/v2\/types\/page"}],"author":[{"embeddable":true,"href":"https:\/\/rankomat.pl\/finanse\/wp-json\/wp\/v2\/users\/60"}],"replies":[{"embeddable":true,"href":"https:\/\/rankomat.pl\/finanse\/wp-json\/wp\/v2\/comments?post=8603"}],"version-history":[{"count":0,"href":"https:\/\/rankomat.pl\/finanse\/wp-json\/wp\/v2\/pages\/8603\/revisions"}],"up":[{"embeddable":true,"href":"https:\/\/rankomat.pl\/finanse\/wp-json\/wp\/v2\/pages\/8676"}],"wp:featuredmedia":[{"embeddable":true,"href":"https:\/\/rankomat.pl\/finanse\/wp-json\/wp\/v2\/media\/8609"}],"wp:attachment":[{"href":"https:\/\/rankomat.pl\/finanse\/wp-json\/wp\/v2\/media?parent=8603"}],"curies":[{"name":"wp","href":"https:\/\/api.w.org\/{rel}","templated":true}]}}