{"id":8630,"date":"2024-02-14T13:26:03","date_gmt":"2024-02-14T12:26:03","guid":{"rendered":"https:\/\/rankomat.pl\/finanse\/?page_id=8630"},"modified":"2024-02-14T13:26:03","modified_gmt":"2024-02-14T12:26:03","slug":"kuki","status":"publish","type":"page","link":"https:\/\/rankomat.pl\/finanse\/chwilowki\/firma\/kuki\/","title":{"rendered":"Kuki"},"content":{"rendered":"<p><strong>Kuki to doskonale znana marka na polskim rynku po\u017cyczek pozabankowych. Firma specjalizuje si\u0119 w udzielaniu chwil\u00f3wek przez internet, gwarantuj\u0105c przy tym szybkie rozpatrzenie wniosku i ekspresow\u0105 wyp\u0142at\u0119 \u015brodk\u00f3w w przypadku, gdy decyzja o ich przyznaniu jest pozytywna. A wszystko to na prostych, transparentnych zasadach.<\/strong><\/p>\n<p>Na stronie internetowej Kuki mo\u017cna znale\u017a\u0107 informacj\u0119, \u017ce \u201ekoncentruje si\u0119 na d\u0142ugofalowej wsp\u00f3\u0142pracy z ka\u017cdym klientem\u201d. Postanowili\u015bmy prze\u015bwietli\u0107 ofert\u0119 tego po\u017cyczkodawcy i zebra\u0107 w jednym miejscu informacje, kt\u00f3re s\u0105 najwa\u017cniejsze w\u0142a\u015bnie z punktu widzenia przysz\u0142ego po\u017cyczkobiorcy.<\/p>\n<h2>Ile mog\u0119 po\u017cyczy\u0107 w Kuki?<\/h2>\n<p>G\u00f3rny limit kwoty, o kt\u00f3r\u0105 mo\u017cna wnioskowa\u0107 w Kuki, zale\u017cy od tego, czy jest si\u0119 nowym klientem tej firmy, czy po\u017cycza si\u0119 od niej po raz kolejny.<\/p>\n<ul>\n<li>Osoby ubiegaj\u0105ce si\u0119 o po\u017cyczk\u0119 po raz pierwszy mog\u0105 liczy\u0107 maksymalnie na 5.000 z\u0142.<\/li>\n<li>Stali klienci mog\u0105 z kolei po\u017cyczy\u0107 nawet do 15.000 z\u0142.<\/li>\n<\/ul>\n<h2>Na jak d\u0142ugo mog\u0119 po\u017cyczy\u0107 w Kuki?<\/h2>\n<p>Okres kredytowania jest taki sam w przypadku wszystkich po\u017cyczek udzielanych przez Kuki. Wynosi 30 dni bez wzgl\u0119du na wysoko\u015b\u0107 wnioskowanej kwoty.<\/p>\n<p>W razie gdyby pojawi\u0142y si\u0119 jakiekolwiek problemy ze sp\u0142at\u0105, trzeba jak najszybciej skontaktowa\u0107 si\u0119 z Dzia\u0142em Windykacji (tel.: 22 349 94 12; e-mail: windykacja@kuki.pl). Po zapoznaniu si\u0119 z indywidualn\u0105 sytuacj\u0105 konsultant zaproponuje rozwi\u0105zanie, kt\u00f3re powinno pom\u00f3c upora\u0107 si\u0119 z zad\u0142u\u017ceniem.<\/p>\n<h2>Jakie s\u0105 koszty po\u017cyczki w Kuki?<\/h2>\n<p>Po\u017cyczka w Kuki mo\u017ce kosztowa\u0107 nawet 0 z\u0142. Tak atrakcyjne warunki nie zostan\u0105 niestety zaproponowane wszystkim klientom. Promocja dotyczy wy\u0142\u0105cznie nowych klient\u00f3w, kt\u00f3rzy wnioskuj\u0105 co najmniej o 3.000 z\u0142. Je\u017celi sp\u0142ac\u0105 swoje zobowi\u0105zanie w terminie, oddadz\u0105 dok\u0142adnie tyle samo, ile po\u017cyczyli \u2013 bez \u017cadnych dodatkowych op\u0142at!<\/p>\n<ul>\n<li>Kwota po\u017cyczki: 3.000 z\u0142<\/li>\n<li>Okres sp\u0142aty: 30 dni<\/li>\n<li>Odsetki: 0 z\u0142<\/li>\n<li>Prowizja: 0 z\u0142<\/li>\n<li>RRSO: 0%<\/li>\n<li>Ca\u0142kowita kwota do oddania: 3.000 z\u0142<\/li>\n<\/ul>\n<p>Ale firma nie zapomina r\u00f3wnie\u017c ani o nowych klientach po\u017cyczaj\u0105cych ni\u017csze kwoty, ani o tych, kt\u00f3rzy chc\u0105 skorzysta\u0107 z jej oferty po raz kolejny. Specjalnie dla nich dost\u0119pna jest promocja o nazwie Po\u017cyczka z Rabatem, dzi\u0119ki kt\u00f3rej mo\u017cna zap\u0142aci\u0107 ni\u017csz\u0105 prowizj\u0119 pod warunkiem terminowej sp\u0142aty. Ile da si\u0119 na niej zaoszcz\u0119dzi\u0107? Najlepiej pokaza\u0107 to na konkretnym przyk\u0142adzie:<\/p>\n<p><strong>Po\u017cyczka na 2.000 z\u0142 (oferta standardowa, bez rabatu za terminow\u0105 sp\u0142at\u0119)<\/strong><\/p>\n<ul>\n<li>Kwota po\u017cyczki: 2.000 z\u0142<\/li>\n<li>Okres sp\u0142aty: 30 dni<\/li>\n<li>Odsetki 32,88 z\u0142<\/li>\n<li>Prowizja: 547,12 z\u0142<\/li>\n<li>RRSO: 2115,69%<\/li>\n<li>Ca\u0142kowita kwota do oddania: 2.580 z\u0142<\/li>\n<\/ul>\n<p><strong>Po\u017cyczka na 2.000 z\u0142 (z uwzgl\u0119dnionym rabatem za terminow\u0105 sp\u0142at\u0119)<\/strong><\/p>\n<ul>\n<li>Kwota po\u017cyczki: 2.000 z\u0142<\/li>\n<li>Okres sp\u0142aty: 30 dni<\/li>\n<li>Odsetki: 32,88 z\u0142<\/li>\n<li>Prowizja: 467,12 z\u0142<\/li>\n<li>RRSO: 1410,33%<\/li>\n<li>Ca\u0142kowita kwota do oddania: 2.500 z\u0142<\/li>\n<\/ul>\n<p><strong>Po\u017cyczka na 6.500 z\u0142 (oferta standardowa, bez rabatu za terminow\u0105 sp\u0142at\u0119)<\/strong><\/p>\n<ul>\n<li>Kwota po\u017cyczki 6.500 z\u0142<\/li>\n<li>Okres sp\u0142aty: 30 dni<\/li>\n<li>Odsetki: 106,85 z\u0142<\/li>\n<li>Prowizja: 1.778,15 z\u0142<\/li>\n<li>RRSO: 2115,69%<\/li>\n<li>Ca\u0142kowita kwota do oddania: 8.385 z\u0142<\/li>\n<\/ul>\n<p><strong>Po\u017cyczka na 6.500 z\u0142 (z uwzgl\u0119dnionym rabatem za terminow\u0105 sp\u0142at\u0119)<\/strong><\/p>\n<ul>\n<li>Kwota po\u017cyczki: 6.500 z\u0142<\/li>\n<li>Okres sp\u0142aty: 30 dni<\/li>\n<li>Odsetki: 106,85 z\u0142<\/li>\n<li>Prowizja: 1.518,15 z\u0142<\/li>\n<li>RRSO: 1410,33%<\/li>\n<li>Ca\u0142kowita kwota do oddania: 8.125 z\u0142<\/li>\n<\/ul>\n<p>Jak wida\u0107, procentowa warto\u015b\u0107 rabatu jest taka sama dla nowych i obecnych klient\u00f3w.<\/p>\n<p>Kalkulacj\u0119 przeprowadzili\u015bmy 5 wrze\u015bnia 2022 roku, korzystaj\u0105c z kalkulatora zamieszczonego na stronie po\u017cyczkodawcy.<\/p>\n<h2>Warunki otrzymania po\u017cyczki w Kuki<\/h2>\n<p>Aby mie\u0107 szans\u0119 na otrzymanie po\u017cyczki w Kuki, trzeba:<\/p>\n<ul>\n<li>by\u0107 w wieku 20-75 lat<\/li>\n<li>posiada\u0107 wa\u017cny dow\u00f3d osobisty<\/li>\n<li>posiada\u0107 polskie obywatelstwo i mieszka\u0107 na terenie Polski<\/li>\n<li>mie\u0107 w\u0142asny rachunek bankowy w jednym z bank\u00f3w dzia\u0142aj\u0105cych w Polsce (niewsp\u00f3\u0142dzielony z inn\u0105 osob\u0105)<\/li>\n<li>posiada\u0107 aktywny numer telefonu kom\u00f3rkowego i adres poczty elektronicznej<\/li>\n<li>posiada\u0107 finansow\u0105 zdolno\u015b\u0107 do sp\u0142aty zad\u0142u\u017cenia<\/li>\n<li>posiada\u0107 pe\u0142n\u0105 zdolno\u015b\u0107 do czynno\u015bci prawnych<\/li>\n<\/ul>\n<h3>Dokumenty wymagane do otrzymania po\u017cyczki<\/h3>\n<p>Szybka po\u017cyczka przez internet w Kuki jest przyznawana bez zb\u0119dnych formalno\u015bci, za\u015bwiadcze\u0144 o zarobkach czy por\u0119cze\u0144. Jedynym dokumentem, jakiego potrzebuje przysz\u0142y klient tej firmy do z\u0142o\u017cenia wniosku, jest wa\u017cny dow\u00f3d osobisty.<\/p>\n<h3>Formy zatrudnienia<\/h3>\n<p>Bez dw\u00f3ch zda\u0144 w najlepszej sytuacji b\u0119d\u0105 osoby maj\u0105ce sta\u0142e zatrudnienie na mocy umowy o prac\u0119. Firmy pozabankowe, takie jak Kuki, honoruj\u0105 jednak r\u00f3wnie\u017c inne \u017ar\u00f3d\u0142a dochod\u00f3w, w tym m.in. umow\u0119 zlecenie, umow\u0119 o dzie\u0142o, a tak\u017ce prowadzenie w\u0142asnej dzia\u0142alno\u015bci gospodarczej. Akceptowane s\u0105 r\u00f3wnie\u017c wp\u0142ywy z emerytury, renty, zasi\u0142k\u00f3w czy \u015bwiadcze\u0144 socjalnych, ze stypendi\u00f3w, a nawet wynajmu.<\/p>\n<h2>Weryfikacja w bazie d\u0142u\u017cnik\u00f3w<\/h2>\n<p>Ka\u017cda legalnie dzia\u0142aj\u0105ca firma po\u017cyczkowa z sektora pozabankowego jest zobowi\u0105zana do weryfikowania zdolno\u015bci klient\u00f3w do sp\u0142aty zad\u0142u\u017cenia na mocy Ustawy z dnia 12 maja 2011 r. o kredycie konsumenckim. Przepisy nie reguluj\u0105 dok\u0142adnie, w jaki spos\u00f3b musi to robi\u0107, st\u0105d pewna dowolno\u015b\u0107 po\u017cyczkodawc\u00f3w w wyborze sprawdzanych baz (m.in. takich jak BIK, BIG czy KRD).<\/p>\n<h3>Czy Kuki udziela po\u017cyczek bez sprawdzania BIK?<\/h3>\n<p>BIK czyli Biuro Informacji Kredytowej, w kt\u00f3rym zbierane s\u0105 dane na temat wszystkich zobowi\u0105za\u0144 sp\u0142acanych terminowo, jak i z op\u00f3\u017anieniem jest sprawdzane przez KUKI. Jest to element badania zdolno\u015bci kredytowej klienta. Poza BIK, Kuki weryfikuje r\u00f3wnie\u017c dane o po\u017cyczkobiorcy w nast\u0119puj\u0105cych bazach:<\/p>\n<ul>\n<li>Biuro Informacji Gospodarczej InfoMonitor S.A.,<\/li>\n<li>Krajowy Rejestr D\u0142ug\u00f3w Biuro Informacji Gospodarczej S.A.,<\/li>\n<li>ERIF Biuro Informacji Gospodarczej S.A.,<\/li>\n<li>Krajowe Biuro Informacji Gospodarczej S.A.<\/li>\n<\/ul>\n<h3>Czy Kuki udziela po\u017cyczek dla zad\u0142u\u017conych?<\/h3>\n<p>Warunkiem otrzymania po\u017cyczki w Kuki jest terminowe sp\u0142acanie aktualnie posiadanych zobowi\u0105za\u0144 w innych miejscach. Je\u015bli potencjalny klient ma problem z regulowaniem dotychczasowego zad\u0142u\u017cenia, ma bardzo niewielkie szanse na otrzymanie pieni\u0119dzy od tego po\u017cyczkodawcy.<\/p>\n<h3>Czy w Kuki mo\u017cna wzi\u0105\u0107 po\u017cyczk\u0119 z komornikiem?<\/h3>\n<p>Firma Kuki jest cz\u0142onkiem Polskiego Zwi\u0105zku Instytucji Po\u017cyczkowych. Oznacza to, \u017ce przestrzega zasad odpowiedzialnego po\u017cyczania i innych dobrych praktyk bran\u017cowych, a tak\u017ce promuje je w\u015br\u00f3d swoich klient\u00f3w. Po\u017cyczanie pieni\u0119dzy osobom zad\u0142u\u017conym nie wpisuje si\u0119 w tego rodzaju dzia\u0142ania, dlatego ci, wobec kt\u00f3rych prowadzone jest post\u0119powanie egzekucyjne, prawdopodobnie nie otrzymaj\u0105 \u015brodk\u00f3w od tej firmy.<\/p>\n<h2>Jak wzi\u0105\u0107 po\u017cyczk\u0119 w Kuki?<\/h2>\n<p>Uzyskanie po\u017cyczki online w Kuki jest bardzo proste i nie zajmuje zbyt wiele czasu.<\/p>\n<p><strong>Krok 1 Wybierz kwot\u0119 po\u017cyczki<\/strong><\/p>\n<p>Po wej\u015bciu na stron\u0119 po\u017cyczkodawcy wystarczy zaznaczy\u0107, czy po\u017cycza si\u0119 w Kuki pierwszy, czy kolejny raz i wybra\u0107 kwot\u0119 po\u017cyczki, o jak\u0105 chce si\u0119 wnioskowa\u0107 na wirtualnym kalkulatorze.<\/p>\n<p><strong>Krok 2 Za\u0142\u00f3\u017c profil klienta<\/strong><\/p>\n<p>Nast\u0119pnym krokiem jest za\u0142o\u017cenie profilu klienta zgodnie ze wskaz\u00f3wkami (lub zalogowanie si\u0119, je\u015bli jest si\u0119 ju\u017c zarejestrowanym w serwisie).<\/p>\n<p>Wpisz wymagane dane osobowe oraz zweryfikuj numer telefonu kontaktowego.<\/p>\n<p>A nast\u0119pnie utw\u00f3rz has\u0142o i przejd\u017a do nast\u0119pnego kroku.<\/p>\n<p><strong>Krok 3 Wype\u0142nij formularz po\u017cyczkowy<\/strong><\/p>\n<p>Po rejestracji\/zalogowaniu si\u0119 mo\u017cna ju\u017c wype\u0142ni\u0107 formularz po\u017cyczkowy online. B\u0119dzie trzeba poda\u0107 w nim m.in. informacje takie jak imi\u0119 i nazwisko, adres zamieszkania, numer telefonu, adres e-mail, numer konta bankowego, na kt\u00f3ry chce si\u0119 otrzyma\u0107 po\u017cyczk\u0119, a tak\u017ce dane z dowodu osobistego (PESEL, numer dowodu). Niezb\u0119dne jest r\u00f3wnie\u017c dok\u0142adne zapoznanie si\u0119 z warunkami umowy po\u017cyczkowej i regulaminem. W razie jakichkolwiek w\u0105tpliwo\u015bci warto skontaktowa\u0107 si\u0119 z konsultantem i wyja\u015bni\u0107 wszystko PRZED zaakceptowaniem ich (Dzia\u0142 Obs\u0142ugi Klienta Kuki pracuje od poniedzia\u0142ku do pi\u0105tku w godz. 8:00-20:00 i w weekendy w godz. 9:00-17:00).<\/p>\n<p><strong>Krok 4 Potwierd\u017a swoj\u0105 to\u017csamo\u015b\u0107<\/strong><\/p>\n<p>Po wype\u0142nieniu formularza i nale\u017cy potwierdzi\u0107 swoj\u0105 to\u017csamo\u015b\u0107, wykonuj\u0105c przelew weryfikacyjny w wysoko\u015bci 1 grosza na konto bankowe wskazane przez po\u017cyczkodawc\u0119 lub korzystaj\u0105c z dedykowanej aplikacji Kontomatik.<\/p>\n<p>Wa\u017cne:<\/p>\n<p><em>Przelew musi zosta\u0107 zlecony z tego samego rachunku bankowego, kt\u00f3rego numer zosta\u0142 podany w formularzu po\u017cyczkowym, a jego tytu\u0142 musi brzmie\u0107: \u201ePotwierdzam Warunki Umowy Kuki.pl (numer PESEL osoby ubiegaj\u0105cej si\u0119 o po\u017cyczk\u0119)\u201d.<\/em><\/p>\n<p><strong>Krok 5 Poczekaj na decyzj\u0119<\/strong><\/p>\n<p>Teraz wystarczy ju\u017c tylko zaczeka\u0107 na decyzj\u0119 Kuki. Weryfikacja wniosk\u00f3w jest realizowana przez ca\u0142\u0105 dob\u0119 i 7 dni w tygodniu (w tym r\u00f3wnie\u017c w dni \u015bwi\u0105teczne), wi\u0119c raczej nie b\u0119dzie trzeba d\u0142ugo czeka\u0107.<\/p>\n<h2>Sp\u0142ata po\u017cyczki w Kuki<\/h2>\n<p>Klient, kt\u00f3ry we\u017amie po\u017cyczk\u0119 w Kuki, jest zobowi\u0105zany sp\u0142aci\u0107 j\u0105 po 30 dniach w formie jednorazowego przelewu na konto wskazane przez po\u017cyczkodawc\u0119. Informacje takie jak: dok\u0142adny termin sp\u0142aty i ca\u0142kowita kwota zad\u0142u\u017cenia, mo\u017cna znale\u017a\u0107 w umowie po\u017cyczkowej wysy\u0142anej na podany we wniosku adres e-mail oraz po zalogowaniu si\u0119 na Profil Klienta.<\/p>\n<p>Kuki umo\u017cliwia r\u00f3wnie\u017c sp\u0142at\u0119 zobowi\u0105zania z innego rachunku bankowego ni\u017c ten, na kt\u00f3ry zosta\u0142y przelane \u015brodki przyznane w ramach po\u017cyczki. W takiej sytuacji trzeba:<\/p>\n<ul>\n<li>Poda\u0107 tytu\u0142 przelewu \u201eSp\u0142ata po\u017cyczki nr (i wstawi\u0107 numer po\u017cyczki widoczny po zalogowaniu si\u0119 na Profil Klienta)\u201d;<\/li>\n<\/ul>\n<p>oraz<\/p>\n<ul>\n<li>Przes\u0142a\u0107 potwierdzenie wykonania przelewu na adres info@kuki.pl.<\/li>\n<\/ul>\n<p>Je\u017celi, z powodu r\u00f3\u017cnych losowych okoliczno\u015bci oka\u017ce si\u0119, \u017ce sp\u0142ata nie b\u0119dzie mo\u017cliwa, nale\u017cy jak najszybciej skontaktowa\u0107 si\u0119 z Dzia\u0142em Windykacji, dzwoni\u0105c pod numer 22 349 94 12 lub wysy\u0142aj\u0105c e-mail na adres windykacja@kuki.pl.<\/p>\n<h3>Czy mo\u017cliwa jest sp\u0142ata po\u017cyczki w Kuki przed terminem?<\/h3>\n<p>Jak najbardziej. Wystarczy przela\u0107 wskazan\u0105 w umowie kwot\u0119 na konto bankowe po\u017cyczkodawcy i zatytu\u0142owa\u0107 przelew \u201eSp\u0142ata po\u017cyczki nr (nale\u017cy wstawi\u0107 tu numer po\u017cyczki dost\u0119pny po zalogowaniu si\u0119 na Profil Klienta).<\/p>\n<h3>Wyd\u0142u\u017cenie terminu sp\u0142aty<\/h3>\n<p>Je\u017celi w trakcie okresu kredytowania wydarzy\u0142o si\u0119 co\u015b, co mo\u017ce uniemo\u017cliwi\u0107 klientowi terminow\u0105 sp\u0142at\u0119 zad\u0142u\u017cenia, najlepszym rozwi\u0105zaniem b\u0119dzie jak najszybsze poinformowanie o tym pracownika Dzia\u0142u Windykacji, kt\u00f3ry po zapoznaniu si\u0119 z indywidualn\u0105 sytuacj\u0105 po\u017cyczkobiorcy zaproponuje mu konkretne rozwi\u0105zanie.<\/p>\n<h3>Brak sp\u0142aty \u2013 co je\u015bli po\u017cyczka nie zostanie sp\u0142acona na czas?<\/h3>\n<p>Zgodnie z obowi\u0105zuj\u0105cymi przepisami do ka\u017cdego przeterminowanego zobowi\u0105zania po\u017cyczkodawca mo\u017ce doliczy\u0107 ustawowe odsetki za op\u00f3\u017anienie. Ich maksymalna warto\u015b\u0107 nie mo\u017ce przekroczy\u0107 dwukrotno\u015bci wysoko\u015bci odsetek ustawowych za op\u00f3\u017anienie. Aktualnie po\u017cyczkodawca mo\u017ce naliczy\u0107 odsetki za ka\u017cdy dzie\u0144 op\u00f3\u017anienia w wysoko\u015bci 24,50% w skali roku (wed\u0142ug danych na dzie\u0144 06.10.2022 r.). Kolejne etapy obejmuj\u0105 czynno\u015bci windykacyjne, a \u2013 je\u015bli te r\u00f3wnie\u017c nie przynios\u0105 rezultatu \u2013 przekazanie sprawy komornikowi.<\/p>\n<h2>Windykacja w Kuki<\/h2>\n<p>Je\u015bli termin sp\u0142aty po\u017cyczki zostanie przekroczony, d\u0142u\u017cnik mo\u017ce spodziewa\u0107 si\u0119 telefonu od pracownika Kuki ju\u017c nast\u0119pnego dnia. Bardzo wa\u017cne jest, aby wsp\u00f3\u0142pracowa\u0107 z Dzia\u0142em Windykacji i nie unika\u0107 odpowiedzi na zadawane pytania, dotycz\u0105ce przyczyn braku sp\u0142aty i oczekiwanego terminu uregulowania zad\u0142u\u017cenia. Firma ma przygotowane rozwi\u0105zania, kt\u00f3re maj\u0105 za zadanie u\u0142atwi\u0107 po\u017cyczkobiorcy sp\u0142at\u0119 d\u0142ugu w razie jakichkolwiek k\u0142opot\u00f3w. Aby zaproponowa\u0107 konkretn\u0105 opcj\u0119, musi jednak pozna\u0107 przyczyny zaistnia\u0142ego stanu rzeczy i dowiedzie\u0107 si\u0119 wi\u0119cej o aktualnej sytuacji finansowej d\u0142u\u017cnika.<\/p>\n<h2>Kolejna po\u017cyczka w Kuki<\/h2>\n<p>O nast\u0119pn\u0105 po\u017cyczk\u0119 w Kuki mo\u017cna ubiega\u0107 si\u0119 dopiero po sp\u0142acie poprzedniej. Co wa\u017cne, klienci chc\u0105cy ponownie skorzysta\u0107 z oferty tej firmy, mog\u0105 wnioskowa\u0107 o zdecydowanie wy\u017csz\u0105 kwot\u0119 ni\u017c za pierwszym razem (nawet do 15.000 z\u0142).<\/p>\n","protected":false},"excerpt":{"rendered":"<p>Kuki to doskonale znana marka na polskim rynku po\u017cyczek pozabankowych. Firma specjalizuje si\u0119 w udzielaniu chwil\u00f3wek przez internet, gwarantuj\u0105c przy [&hellip;]<\/p>\n","protected":false},"author":60,"featured_media":8635,"parent":8676,"menu_order":0,"comment_status":"closed","ping_status":"closed","template":"page_lender.php","meta":{"_acf_changed":false,"yasr_overall_rating":0,"yasr_post_is_review":"","yasr_auto_insert_disabled":"","yasr_review_type":"","footnotes":""},"class_list":["post-8630","page","type-page","status-publish","has-post-thumbnail","hentry"],"acf":[],"yoast_head":"<!-- This site is optimized with the Yoast SEO plugin v27.1.1 - https:\/\/yoast.com\/product\/yoast-seo-wordpress\/ -->\n<title>Kuki | Por\u00f3wnywarka finansowa Rankomat<\/title>\n<meta name=\"robots\" content=\"index, follow, max-snippet:-1, max-image-preview:large, max-video-preview:-1\" \/>\n<link rel=\"canonical\" href=\"https:\/\/rankomat.pl\/finanse\/chwilowki\/firma\/kuki\/\" \/>\n<meta property=\"og:locale\" content=\"pl_PL\" \/>\n<meta property=\"og:type\" content=\"article\" \/>\n<meta property=\"og:title\" content=\"Kuki | Por\u00f3wnywarka finansowa Rankomat\" \/>\n<meta property=\"og:description\" content=\"Kuki to doskonale znana marka na polskim rynku po\u017cyczek pozabankowych. Firma specjalizuje si\u0119 w udzielaniu chwil\u00f3wek przez internet, gwarantuj\u0105c przy [&hellip;]\" \/>\n<meta property=\"og:url\" content=\"https:\/\/rankomat.pl\/finanse\/chwilowki\/firma\/kuki\/\" \/>\n<meta property=\"og:site_name\" content=\"Por\u00f3wnywarka finansowa Rankomat\" \/>\n<meta property=\"article:publisher\" content=\"https:\/\/www.facebook.com\/rankomatpl\/\" \/>\n<meta property=\"og:image\" content=\"https:\/\/rankomat.pl\/finanse\/wp-content\/uploads\/2024\/02\/kuki.png\" \/>\n\t<meta property=\"og:image:width\" content=\"250\" \/>\n\t<meta property=\"og:image:height\" content=\"75\" \/>\n\t<meta property=\"og:image:type\" content=\"image\/png\" \/>\n<meta name=\"twitter:card\" content=\"summary_large_image\" \/>\n<meta name=\"twitter:site\" content=\"@rankomat\" \/>\n<meta name=\"twitter:label1\" content=\"Szacowany czas czytania\" \/>\n\t<meta name=\"twitter:data1\" content=\"10 minut\" \/>\n<script type=\"application\/ld+json\" class=\"yoast-schema-graph\">{\"@context\":\"https:\/\/schema.org\",\"@graph\":[{\"@type\":\"ImageObject\",\"inLanguage\":\"pl-PL\",\"@id\":\"https:\/\/rankomat.pl\/finanse\/chwilowki\/firma\/kuki\/#primaryimage\",\"url\":\"https:\/\/rankomat.pl\/finanse\/wp-content\/uploads\/2024\/02\/kuki.png\",\"contentUrl\":\"https:\/\/rankomat.pl\/finanse\/wp-content\/uploads\/2024\/02\/kuki.png\",\"width\":250,\"height\":75,\"caption\":\"logo kuki\"},{\"@type\":\"BreadcrumbList\",\"@id\":\"https:\/\/rankomat.pl\/finanse\/chwilowki\/firma\/kuki\/#breadcrumb\",\"itemListElement\":[{\"@type\":\"ListItem\",\"position\":1,\"name\":\"Finanse\",\"item\":\"https:\/\/rankomat.pl\/finanse\/\"},{\"@type\":\"ListItem\",\"position\":2,\"name\":\"Chwil\u00f3wki\",\"item\":\"https:\/\/rankomat.pl\/finanse\/chwilowki\/\"},{\"@type\":\"ListItem\",\"position\":3,\"name\":\"Listing firm po\u017cyczkowych\",\"item\":\"https:\/\/rankomat.pl\/finanse\/chwilowki\/firma\/\"},{\"@type\":\"ListItem\",\"position\":4,\"name\":\"Kuki\"}]}]}<\/script>\n<!-- \/ Yoast SEO plugin. -->","yoast_head_json":{"title":"Kuki | Por\u00f3wnywarka finansowa Rankomat","robots":{"index":"index","follow":"follow","max-snippet":"max-snippet:-1","max-image-preview":"max-image-preview:large","max-video-preview":"max-video-preview:-1"},"canonical":"https:\/\/rankomat.pl\/finanse\/chwilowki\/firma\/kuki\/","og_locale":"pl_PL","og_type":"article","og_title":"Kuki | Por\u00f3wnywarka finansowa Rankomat","og_description":"Kuki to doskonale znana marka na polskim rynku po\u017cyczek pozabankowych. Firma specjalizuje si\u0119 w udzielaniu chwil\u00f3wek przez internet, gwarantuj\u0105c przy [&hellip;]","og_url":"https:\/\/rankomat.pl\/finanse\/chwilowki\/firma\/kuki\/","og_site_name":"Por\u00f3wnywarka finansowa Rankomat","article_publisher":"https:\/\/www.facebook.com\/rankomatpl\/","og_image":[{"width":250,"height":75,"url":"https:\/\/rankomat.pl\/finanse\/wp-content\/uploads\/2024\/02\/kuki.png","type":"image\/png"}],"twitter_card":"summary_large_image","twitter_site":"@rankomat","twitter_misc":{"Szacowany czas czytania":"10 minut"},"schema":{"@context":"https:\/\/schema.org","@graph":[{"@type":"ImageObject","inLanguage":"pl-PL","@id":"https:\/\/rankomat.pl\/finanse\/chwilowki\/firma\/kuki\/#primaryimage","url":"https:\/\/rankomat.pl\/finanse\/wp-content\/uploads\/2024\/02\/kuki.png","contentUrl":"https:\/\/rankomat.pl\/finanse\/wp-content\/uploads\/2024\/02\/kuki.png","width":250,"height":75,"caption":"logo kuki"},{"@type":"BreadcrumbList","@id":"https:\/\/rankomat.pl\/finanse\/chwilowki\/firma\/kuki\/#breadcrumb","itemListElement":[{"@type":"ListItem","position":1,"name":"Finanse","item":"https:\/\/rankomat.pl\/finanse\/"},{"@type":"ListItem","position":2,"name":"Chwil\u00f3wki","item":"https:\/\/rankomat.pl\/finanse\/chwilowki\/"},{"@type":"ListItem","position":3,"name":"Listing firm po\u017cyczkowych","item":"https:\/\/rankomat.pl\/finanse\/chwilowki\/firma\/"},{"@type":"ListItem","position":4,"name":"Kuki"}]}]}},"yasr_visitor_votes":{"stars_attributes":{"read_only":false,"span_bottom":false},"number_of_votes":0,"sum_votes":0},"_links":{"self":[{"href":"https:\/\/rankomat.pl\/finanse\/wp-json\/wp\/v2\/pages\/8630","targetHints":{"allow":["GET"]}}],"collection":[{"href":"https:\/\/rankomat.pl\/finanse\/wp-json\/wp\/v2\/pages"}],"about":[{"href":"https:\/\/rankomat.pl\/finanse\/wp-json\/wp\/v2\/types\/page"}],"author":[{"embeddable":true,"href":"https:\/\/rankomat.pl\/finanse\/wp-json\/wp\/v2\/users\/60"}],"replies":[{"embeddable":true,"href":"https:\/\/rankomat.pl\/finanse\/wp-json\/wp\/v2\/comments?post=8630"}],"version-history":[{"count":0,"href":"https:\/\/rankomat.pl\/finanse\/wp-json\/wp\/v2\/pages\/8630\/revisions"}],"up":[{"embeddable":true,"href":"https:\/\/rankomat.pl\/finanse\/wp-json\/wp\/v2\/pages\/8676"}],"wp:featuredmedia":[{"embeddable":true,"href":"https:\/\/rankomat.pl\/finanse\/wp-json\/wp\/v2\/media\/8635"}],"wp:attachment":[{"href":"https:\/\/rankomat.pl\/finanse\/wp-json\/wp\/v2\/media?parent=8630"}],"curies":[{"name":"wp","href":"https:\/\/api.w.org\/{rel}","templated":true}]}}