{"id":8646,"date":"2024-02-14T13:26:07","date_gmt":"2024-02-14T12:26:07","guid":{"rendered":"https:\/\/rankomat.pl\/finanse\/?page_id=8646"},"modified":"2025-07-21T11:51:06","modified_gmt":"2025-07-21T09:51:06","slug":"provident","status":"publish","type":"page","link":"https:\/\/rankomat.pl\/finanse\/chwilowki\/firma\/provident\/","title":{"rendered":"Provident"},"content":{"rendered":"<p><strong>Provident z powodzeniem dzia\u0142a na polskim rynku finansowym od ponad 25 lat i mo\u017cna \u015bmia\u0142o powiedzie\u0107, \u017ce przeciera\u0142 szlaki innym firmom ze swojej bran\u017cy. Udziela po\u017cyczek ratalnych, z kt\u00f3rych skorzysta\u0142y w Polsce ju\u017c ponad 4 miliony os\u00f3b. Dla wielu z nich marka Provident sta\u0142a si\u0119 synonimem uczciwego podej\u015bcia, po\u017cyczania na prostych zasadach i oferowaniu produkt\u00f3w \u201eszytych na miar\u0119\u201d, jak najbardziej dostosowanych do potrzeb klient\u00f3w.<\/strong><\/p>\n<p>Provident jest cz\u0119\u015bci\u0105 mi\u0119dzynarodowej grupy finansowej International Personal Finance (IPF), rozwijaj\u0105cej si\u0119 obecnie r\u00f3wnie\u017c w innych krajach (m.in. w Czechach, Rumunii, na W\u0119grzech, a nawet w Meksyku).<\/p>\n<h2>Ile mog\u0119 po\u017cyczy\u0107 w Provident?<\/h2>\n<p>Kwota po\u017cyczki w Provident zale\u017cy od wybranego okresu sp\u0142aty i od rodzaju zobowi\u0105zania. Wide\u0142ki mieszcz\u0105 si\u0119 w przedziale od 500 do 20.000 z\u0142.<\/p>\n<ul>\n<li>Po\u017cyczka Samoobs\u0142ugowa PRO (od 300 do 15.000 z\u0142)<\/li>\n<li>Po\u017cyczka Wynajmowana (od 500 do 15.000 z\u0142)<\/li>\n<li>Po\u017cyczka dopasowana z tygodniow\u0105 rat\u0105 (od 500 do 15.000 z\u0142)<\/li>\n<li>Po\u017cyczka dopasowana z miesi\u0119czn\u0105 rat\u0105 (od 500 do 15.000 z\u0142)<\/li>\n<\/ul>\n<h2>Na jak d\u0142ugo mog\u0119 po\u017cyczy\u0107 w Provident?<\/h2>\n<p>Podobnie jak w przypadku kwot okres sp\u0142aty jest uzale\u017cniony od konkretnej wybranej po\u017cyczki.<\/p>\n<ul>\n<li>Po\u017cyczka Samoobs\u0142ugowa PRO jest udzielana na 3, 6, 12, 18, 24 lub 36 miesi\u0119cy<\/li>\n<li>Po\u017cyczka Wynajmowana jest udzielana na 3, 5, 6, 12, 18, 24, 36 lub 48 miesi\u0119cy (przy czym ostatni wymieniony wariant jest dost\u0119pny wy\u0142\u0105cznie dla kwot 5.000 z\u0142 i wy\u017cszych)<\/li>\n<li>Po\u017cyczka z dopasowan\u0105 tygodniow\u0105 rat\u0105 jest udzielana na okres od 45 do 104 tygodni<\/li>\n<li>Po\u017cyczka z dopasowan\u0105 miesi\u0119czn\u0105 rat\u0105 jest udzielana na 6, 12, 14, 18 lub 24 miesi\u0105ce<\/li>\n<\/ul>\n<h2>Jakie s\u0105 koszty po\u017cyczki w Provident?<\/h2>\n<p>Na koszt zobowi\u0105zania w Provident \u2013 podobnie, gdy chodzi o wysoko\u015b\u0107 wnioskowanej kwoty i termin sp\u0142aty, wp\u0142ywa r\u00f3wnie\u017c oferta wybrana przez klienta. Sp\u00f3jrzmy na kilka przyk\u0142adowych kalkulacji.<\/p>\n<p><strong>Po\u017cyczka Samoobs\u0142ugowa PRO (2.000 z\u0142 na 3 miesi\u0105ce)<\/strong><\/p>\n<ul>\n<li>Kwota po\u017cyczki: 2.000 z\u0142<\/li>\n<li>Termin sp\u0142aty: 3 miesi\u0105ce<\/li>\n<li>Wysoko\u015b\u0107 raty: 756 z\u0142<\/li>\n<li>RRSO: 114,38%<\/li>\n<li>Ca\u0142kowita kwota do sp\u0142aty: 2.268 z\u0142<\/li>\n<\/ul>\n<p><strong>Po\u017cyczka Wynajmowana (2.000 z\u0142 na 3 miesi\u0105ce)<\/strong><\/p>\n<ul>\n<li>Kwota po\u017cyczki: 2.000 z\u0142<\/li>\n<li>Termin sp\u0142aty: 3 miesi\u0105ce<\/li>\n<li>Wysoko\u015b\u0107 raty: 756 z\u0142<\/li>\n<li>RRSO: 114,38%<\/li>\n<li>Ca\u0142kowita kwota do sp\u0142aty: 2.268 z\u0142<\/li>\n<\/ul>\n<p><strong>Po\u017cyczka z dopasowan\u0105 miesi\u0119czn\u0105 rat\u0105 (2.000 z\u0142 na 6 miesi\u0119cy)<\/strong><\/p>\n<ul>\n<li>Kwota po\u017cyczki: 2.000 z\u0142<\/li>\n<li>Termin sp\u0142aty: 6 miesi\u0119cy<\/li>\n<li>Wysoko\u015b\u0107 raty: 491,49 z\u0142<\/li>\n<li>RRSO: 305,09%<\/li>\n<li>Ca\u0142kowita kwota do sp\u0142aty: 2.948,89 z\u0142<\/li>\n<\/ul>\n<p><strong>Po\u017cyczka z dopasowan\u0105 tygodniow\u0105 rat\u0105 (2.000 z\u0142 na 30 tygodni)<\/strong><\/p>\n<ul>\n<li>Kwota po\u017cyczki: 2.000 z\u0142<\/li>\n<li>Termin sp\u0142aty: 30 tygodni<\/li>\n<li>Wysoko\u015b\u0107 raty: 100,56 z\u0142<\/li>\n<li>RRSO: 339,39%<\/li>\n<li>Ca\u0142kowita kwota do sp\u0142aty: 3.016,79 z\u0142<\/li>\n<\/ul>\n<p>Na podanych przyk\u0142adach dobrze wida\u0107, \u017ce d\u0142u\u017cszy termin sp\u0142aty powoduje zwi\u0119kszenie ca\u0142kowitego kosztu zobowi\u0105zania. W przypadku po\u017cyczki z rat\u0105 tygodniow\u0105, wy\u017csze RRSO wynika z mo\u017cliwo\u015bci sp\u0142aty w ramach Obs\u0142ugi Domowej (o czym piszemy wi\u0119cej nieco ni\u017cej).<\/p>\n<p>Podane przez nas wyliczenia nie uwzgl\u0119dniaj\u0105 koszt\u00f3w produkt\u00f3w dodatkowych, z kt\u00f3rych mo\u017ce skorzysta\u0107 z klient (m.in. ubezpieczenie medyczne).<\/p>\n<p>Kalkulacje przeprowadzili\u015bmy 29 wrze\u015bnia 2022 roku, korzystaj\u0105c z kalkulatora dost\u0119pnego na stronie internetowej po\u017cyczkodawcy.<\/p>\n<h2>Warunki otrzymania po\u017cyczki w Provident<\/h2>\n<p>Podstawowe zasady, jakie trzeba spe\u0142ni\u0107, by otrzyma\u0107 po\u017cyczk\u0119 w Provident, s\u0105 naprawd\u0119 proste.<\/p>\n<ul>\n<li>Trzeba mie\u0107 uko\u0144czone 18 lat.<\/li>\n<li>Trzeba posiada\u0107 wa\u017cny dow\u00f3d osobisty.<\/li>\n<li>Trzeba posiada\u0107 sta\u0142y adres zameldowania na terenie Polski.<\/li>\n<li>Trzeba posiada\u0107 polskie obywatelstwo.<\/li>\n<li>Trzeba mie\u0107 w\u0142asne konto w banku i aktywny numer telefonu kom\u00f3rkowego.<\/li>\n<li>Trzeba posiada\u0107 zdolno\u015b\u0107 do terminowej sp\u0142aty po\u017cyczki ratalnej (mie\u0107 sta\u0142e \u017ar\u00f3d\u0142o dochodu).<\/li>\n<\/ul>\n<h3>Dokumenty wymagane do otrzymania po\u017cyczki<\/h3>\n<p>Najwa\u017cniejszym dokumentem, jakiego potrzebuje przysz\u0142y po\u017cyczkobiorca, jest wa\u017cny dow\u00f3d osobisty. Na etapie wype\u0142nienia wniosku o po\u017cyczk\u0119 w Provident b\u0119dzie trzeba te\u017c do\u0142\u0105czy\u0107 skan dokumentu po\u015bwiadczaj\u0105cego dane adresowe (np. rachunek za telefon lub energi\u0119, na kt\u00f3rym b\u0119d\u0105 widoczne imi\u0119, nazwisko i adres zamieszkania). W przypadku po\u017cyczki na raty na d\u0142u\u017cszy termin, niezb\u0119dny b\u0119dzie te\u017c dokument potwierdzaj\u0105cy \u017ar\u00f3d\u0142o dochod\u00f3w podane we wniosku.<\/p>\n<h3>Formy zatrudnienia<\/h3>\n<p>Provident, jak przysta\u0142o na instytucj\u0119 pozabankow\u0105, podchodzi do kwestii \u017ar\u00f3de\u0142 dochodu potencjalnych klient\u00f3w o wiele bardziej elastycznie ni\u017c banki. Wymaga jednak, by klienci mieli sta\u0142y comiesi\u0119czny przych\u00f3d, zatem dopuszczalnymi \u017ar\u00f3d\u0142ami s\u0105 pensja uzyskiwana na mocy umowy o prac\u0119, o dzie\u0142o lub zlecenie, emerytura lub renta.<\/p>\n<h2>Weryfikacja w bazie d\u0142u\u017cnik\u00f3w<\/h2>\n<p>Provident to odpowiedzialna firma po\u017cyczkowa. Mi\u0119dzy innymi z tego wzgl\u0119du przed zaakceptowaniem wniosku klienta sprawdza informacje na jego temat w rejestrze Biura Informacji Gospodarczej S.A. i Biura Informacji Kredytowej S.A.<\/p>\n<h3>Czy Provident udziela po\u017cyczek na raty bez sprawdzania BIK?<\/h3>\n<p>Biuro Informacji Kredytowej (BIK) to jedna z baz, kt\u00f3r\u0105 po\u017cyczkodawca sprawdza przed udost\u0119pnieniem \u015brodk\u00f3w klientowi. Historia kredytowa pozwala oceni\u0107, na ile prawdopodobne jest pojawienie si\u0119 problem\u00f3w ze sp\u0142at\u0105 zobowi\u0105zania.<\/p>\n<h3>Czy Provident udziela po\u017cyczek dla zad\u0142u\u017conych?<\/h3>\n<p>Je\u015bli po\u017cyczkobiorca posiada zobowi\u0105zanie w innym miejscu, jednak terminowo je sp\u0142aca, ma szans\u0119 otrzyma\u0107 \u015brodki mimo zad\u0142u\u017cenia. Je\u017celi natomiast jest osob\u0105 zad\u0142u\u017con\u0105 z d\u0142ug\u0105 list\u0105 wierzycieli czekaj\u0105cych na sp\u0142at\u0119 nale\u017cno\u015bci, decyzja o udzieleniu po\u017cyczki z pewno\u015bci\u0105 b\u0119dzie negatywna.<\/p>\n<h3>Czy w Provident mo\u017cna wzi\u0105\u0107 po\u017cyczk\u0119 z komornikiem?<\/h3>\n<p>Udzielanie finansowania osobom z zaj\u0119ciem komorniczym w \u017caden spos\u00f3b nie wpisuje si\u0119 w zasady odpowiedzialnego po\u017cyczania, kt\u00f3r\u0105 od lat promuje Provident. Takie dzia\u0142anie mog\u0142oby nie tylko znacznie pogorszy\u0107 sytuacj\u0119 d\u0142u\u017cnika, ale te\u017c narazi\u0107 po\u017cyczkodawc\u0119 na niemal gwarantowan\u0105 strat\u0119. Trudno wyobrazi\u0107 sobie, by chcia\u0142 on podejmowa\u0107 tego rodzaju ryzyko. \u201ePo\u017cyczka z komornikiem\u201d to chwytliwe has\u0142o marketingowe, kt\u00f3re stosuje wiele firm, by zainteresowa\u0107 swoj\u0105 ofert\u0105. W praktyce jednak nie ma szans na to, by osoba niesp\u0142acaj\u0105ca na czas swoich zobowi\u0105za\u0144, dosta\u0142a po\u017cyczk\u0119 w renomowanej firmie pozabankowej, jak\u0105 bez w\u0105tpienia jest Provident.<\/p>\n<h2>Jak wzi\u0105\u0107 po\u017cyczk\u0119 w Provident?<\/h2>\n<p>Od uzyskania po\u017cyczki w Provident po\u017cyczkobiorc\u0119 dziel\u0105 zaledwie cztery proste kroki.<\/p>\n<p><strong>Krok 1 Wybierz kwot\u0119 po\u017cyczki i termin sp\u0142aty<\/strong><\/p>\n<p>Na wirtualnym kalkulatorze udost\u0119pnionym na stronie po\u017cyczkodawcy mo\u017cna wybra\u0107 nie tylko kwot\u0119 po\u017cyczki i liczb\u0119 rat, w jakich chce si\u0119 j\u0105 sp\u0142aci\u0107, ale r\u00f3wnie\u017c rodzaj po\u017cyczki. Na poni\u017cszych zrzutach ekranu wida\u0107 np. Po\u017cyczk\u0119 Samoobs\u0142ugow\u0105 PRO i Po\u017cyczk\u0119 Wynajmowan\u0105, ale to niejedyne aktualne propozycje Providenta.<\/p>\n<p><strong>Krok 2 Zaloguj si\u0119 lub zarejestruj i wype\u0142nij prosty wniosek online<\/strong><\/p>\n<p>Po dokonaniu wyboru wystarczy klikn\u0105\u0107 przycisk \u201eZ\u0142\u00f3\u017c wniosek\u201d na kalkulatorze. Dzi\u0119ki temu nast\u0105pi automatyczne przekierowanie na stron\u0119 logowania.<\/p>\n<p>Je\u015bli jednak jest si\u0119 nowym klientem Providenta, najpierw b\u0119dzie trzeba za\u0142o\u017cy\u0107 konto w serwisie po\u017cyczkodawcy. Aby rozpocz\u0105\u0107 ten (zupe\u0142nie nieskomplikowany) proces, trzeba najpierw poda\u0107 sw\u00f3j adres e-mail i klikn\u0105\u0107 przycisk \u201eDalej\u201d.<\/p>\n<p>We wniosku podaje si\u0119 podstawowe dane osobowe i teleadresowe, a tak\u017ce informacje finansowe, chocia\u017cby takie jak \u017ar\u00f3d\u0142o uzyskiwanego dochodu, \u015bredni koszt utrzymania, liczba os\u00f3b zamieszkuj\u0105cych dane gospodarstwo domowe itp.<\/p>\n<p><strong>Krok 3 Zapoznaj si\u0119 z warunkami umowy i zaakceptuj je i potwierd\u017a swoje dane<\/strong><\/p>\n<p>Po wype\u0142nieniu wniosku trzeba b\u0119dzie jeszcze potwierdzi\u0107 swoj\u0105 to\u017csamo\u015b\u0107, wykonuj\u0105c przelew w wysoko\u015bci 1 z\u0142 na konto podane przez po\u017cyczkodawc\u0119. Provident przypomina jednak swoim klientom r\u00f3wnie\u017c o konieczno\u015bci zaakceptowania warunk\u00f3w umowy PO zapoznaniu si\u0119 z nimi. W razie w\u0105tpliwo\u015bci lub jakichkolwiek pyta\u0144 mo\u017cna zadzwoni\u0107 na infolini\u0119 (nr 600\u202f200\u202f200) i porozmawia\u0107 z konsultantem.<\/p>\n<p><strong>Krok 4 Poczekaj na decyzj\u0119 po\u017cyczkodawcy<\/strong><\/p>\n<p>Informacj\u0119 o zaakceptowaniu\/odrzuceniu wniosku o po\u017cyczk\u0119 mo\u017cna otrzyma\u0107 ju\u017c w ci\u0105gu kilku minut od wys\u0142ania go. Proces rozpatrywania wniosku jest w pe\u0142ni zautomatyzowany, dzi\u0119ki czemu przebiega szybko i sprawnie.<\/p>\n<p>Wa\u017cne:<\/p>\n<p><em>Powy\u017cej opisali\u015bmy proces wnioskowania o po\u017cyczk\u0119 online. Provident udost\u0119pnia klientom r\u00f3wnie\u017c mo\u017cliwo\u015b\u0107 po\u017cyczania pieni\u0119dzy przez telefon oraz \u2013 co jest aktualnie ewenementem na polskim rynku \u2013 z obs\u0142ug\u0105 domow\u0105. Aby zapozna\u0107 si\u0119 z ofert\u0105, wystarczy zadzwoni\u0107 pod numer 600\u202f200 200 i dopyta\u0107 o szczeg\u00f3\u0142y.<\/em><\/p>\n<h2>Sp\u0142ata po\u017cyczki na raty w Provident<\/h2>\n<p>Zobowi\u0105zanie zaci\u0105gni\u0119te w Providencie mo\u017cna sp\u0142aci\u0107 na 3 sposoby:<\/p>\n<ul>\n<li>Tradycyjnym przelewem bankowym na konto po\u017cyczkodawcy.<\/li>\n<li>Przelewem natychmiastowym z wykorzystaniem mechanizmu \u201epay by link\u201d (p\u0142atno\u015b\u0107 poprzez link) za po\u015brednictwem systemu szybkich p\u0142atno\u015bci Przelewy24.<\/li>\n<li>Przekazuj\u0105c okre\u015blon\u0105 w umowie wysoko\u015b\u0107 raty w got\u00f3wce bezpo\u015brednio Doradcy Providenta (opcja dost\u0119pna dla po\u017cyczek z obs\u0142ug\u0105 domow\u0105).<\/li>\n<li>Czy mo\u017cliwa jest sp\u0142ata po\u017cyczki ratalnej przed terminem?<\/li>\n<li>Zobowi\u0105zanie w Provident mo\u017cna sp\u0142aci\u0107 w dowolnym momencie. Wa\u017cne jednak, aby poinformowa\u0107 po\u017cyczkodawc\u0119 o takim zamiarze \u2013 dzi\u0119ki temu nast\u0105pi ponowne przeliczenie nale\u017cno\u015bci uwzgl\u0119dniaj\u0105ce proporcjonalnie obni\u017cony ca\u0142kowity koszt po\u017cyczki.<\/li>\n<\/ul>\n<h3>Wyd\u0142u\u017cenie terminu sp\u0142aty<\/h3>\n<p>Provident udost\u0119pnia klientom opcj\u0119 zmiany terminu na uregulowanie zobowi\u0105zania w ramach Elastycznego Planu Sp\u0142at. Mog\u0105 skorzysta\u0107 z niego klienci, kt\u00f3rzy:<\/p>\n<ul>\n<li>Sp\u0142acili co najmniej trzy pe\u0142ne raty swojej po\u017cyczki.<\/li>\n<li>Zaleg\u0142o\u015bci w sp\u0142acie nie przekraczaj\u0105 150% warto\u015bci raty.<\/li>\n<li>Nie korzystali z przesuni\u0119cia terminu sp\u0142aty w poprzednim miesi\u0105cu.<\/li>\n<li>Z\u0142o\u017cyli wniosek o przesuni\u0119cie terminu sp\u0142aty co najmniej 3 dni przed dniem, w kt\u00f3rym mia\u0142a ona nast\u0105pi\u0107 zgodnie z harmonogramem.<\/li>\n<\/ul>\n<h3>Brak sp\u0142aty \u2013 co, je\u015bli po\u017cyczka nie zostanie sp\u0142acona na czas?<\/h3>\n<p>W pierwszej kolejno\u015bci po\u017cyczkodawca na pewno b\u0119dzie pr\u00f3bowa\u0142 dowiedzie\u0107 si\u0119, dlaczego rata nie zosta\u0142a sp\u0142acona w terminie. Na mocy Kodeksu cywilnego mo\u017ce te\u017c doliczy\u0107 do zobowi\u0105zania ustawowe odsetki za op\u00f3\u017anienie, a tak\u017ce zg\u0142osi\u0107 informacj\u0119 do rejestr\u00f3w d\u0142u\u017cnik\u00f3w.<\/p>\n<h3>Windykacja w Provident<\/h3>\n<p>Chocia\u017c na pocz\u0105tku po\u017cyczkodawca z pewno\u015bci\u0105 wyka\u017ce si\u0119 du\u017c\u0105 otwarto\u015bci\u0105 i b\u0119dzie pr\u00f3bowa\u0142 pom\u00f3c znale\u017a\u0107 rozwi\u0105zanie, kt\u00f3re u\u0142atwi klientowi jak najszybsze sp\u0142acenie zad\u0142u\u017cenia, brak wsp\u00f3\u0142pracy ze strony po\u017cyczkobiorcy czy przed\u0142u\u017caj\u0105ce si\u0119 niedotrzymywanie ustalonych termin\u00f3w spowoduje, \u017ce sprawa zostanie przekazana wewn\u0119trznej firmie windykacyjnej. Je\u015bli jej dzia\u0142ania nie przynios\u0105 oczekiwanego rezultatu, rozpocznie si\u0119 post\u0119powanie s\u0105dowe, a tu\u017c po nim \u2013 egzekucja komornicza.<\/p>\n<h2>Kolejna po\u017cyczka w Provident<\/h2>\n<p>Kwestia kolejnej po\u017cyczki w firmie Provident wygl\u0105da nieco inaczej ni\u017c w przypadku wi\u0119kszo\u015bci po\u017cyczkodawc\u00f3w z sektora pozabankowego, kt\u00f3rzy proponuj\u0105 sta\u0142ym klientom wi\u0119ksze limity kwot, a niekiedy tak\u017ce dodatkowe rabaty. Po\u017cyczkodawca ten umo\u017cliwia bowiem wzi\u0119cie kolejnej po\u017cyczki jeszcze przed sp\u0142at\u0105 poprzedniej. Aktualna oferta jest zawsze dost\u0119pna po zalogowaniu si\u0119 na konto klienta w serwisie internetowym Providenta.<\/p>\n","protected":false},"excerpt":{"rendered":"<p>Provident z powodzeniem dzia\u0142a na polskim rynku finansowym od ponad 25 lat i mo\u017cna \u015bmia\u0142o powiedzie\u0107, \u017ce przeciera\u0142 szlaki innym [&hellip;]<\/p>\n","protected":false},"author":60,"featured_media":12495,"parent":8676,"menu_order":0,"comment_status":"closed","ping_status":"closed","template":"page_lender.php","meta":{"_acf_changed":false,"yasr_overall_rating":0,"yasr_post_is_review":"","yasr_auto_insert_disabled":"","yasr_review_type":"","footnotes":""},"class_list":["post-8646","page","type-page","status-publish","has-post-thumbnail","hentry"],"acf":[],"yoast_head":"<!-- This site is optimized with the Yoast SEO plugin v27.1.1 - https:\/\/yoast.com\/product\/yoast-seo-wordpress\/ -->\n<title>Provident | Por\u00f3wnywarka finansowa Rankomat<\/title>\n<meta name=\"robots\" content=\"index, follow, max-snippet:-1, max-image-preview:large, max-video-preview:-1\" \/>\n<link rel=\"canonical\" href=\"https:\/\/rankomat.pl\/finanse\/chwilowki\/firma\/provident\/\" \/>\n<meta property=\"og:locale\" content=\"pl_PL\" \/>\n<meta property=\"og:type\" content=\"article\" \/>\n<meta property=\"og:title\" content=\"Provident | Por\u00f3wnywarka finansowa Rankomat\" \/>\n<meta property=\"og:description\" content=\"Provident z powodzeniem dzia\u0142a na polskim rynku finansowym od ponad 25 lat i mo\u017cna \u015bmia\u0142o powiedzie\u0107, \u017ce przeciera\u0142 szlaki innym [&hellip;]\" \/>\n<meta property=\"og:url\" content=\"https:\/\/rankomat.pl\/finanse\/chwilowki\/firma\/provident\/\" \/>\n<meta property=\"og:site_name\" content=\"Por\u00f3wnywarka finansowa Rankomat\" \/>\n<meta property=\"article:publisher\" content=\"https:\/\/www.facebook.com\/rankomatpl\/\" \/>\n<meta property=\"article:modified_time\" content=\"2025-07-21T09:51:06+00:00\" \/>\n<meta property=\"og:image\" content=\"https:\/\/rankomat.pl\/finanse\/wp-content\/uploads\/2021\/03\/rankomat-star-og.png\" \/>\n\t<meta property=\"og:image:width\" content=\"480\" \/>\n\t<meta property=\"og:image:height\" content=\"320\" \/>\n\t<meta property=\"og:image:type\" content=\"image\/png\" \/>\n<meta name=\"twitter:card\" content=\"summary_large_image\" \/>\n<meta name=\"twitter:site\" content=\"@rankomat\" \/>\n<meta name=\"twitter:label1\" content=\"Szacowany czas czytania\" \/>\n\t<meta name=\"twitter:data1\" content=\"10 minut\" \/>\n<script type=\"application\/ld+json\" class=\"yoast-schema-graph\">{\"@context\":\"https:\/\/schema.org\",\"@graph\":[{\"@type\":\"ImageObject\",\"inLanguage\":\"pl-PL\",\"@id\":\"https:\/\/rankomat.pl\/finanse\/chwilowki\/firma\/provident\/#primaryimage\",\"url\":\"https:\/\/rankomat.pl\/finanse\/wp-content\/uploads\/2025\/07\/logo-provident_250x70.svg\",\"contentUrl\":\"https:\/\/rankomat.pl\/finanse\/wp-content\/uploads\/2025\/07\/logo-provident_250x70.svg\"},{\"@type\":\"BreadcrumbList\",\"@id\":\"https:\/\/rankomat.pl\/finanse\/chwilowki\/firma\/provident\/#breadcrumb\",\"itemListElement\":[{\"@type\":\"ListItem\",\"position\":1,\"name\":\"Finanse\",\"item\":\"https:\/\/rankomat.pl\/finanse\/\"},{\"@type\":\"ListItem\",\"position\":2,\"name\":\"Chwil\u00f3wki\",\"item\":\"https:\/\/rankomat.pl\/finanse\/chwilowki\/\"},{\"@type\":\"ListItem\",\"position\":3,\"name\":\"Listing firm po\u017cyczkowych\",\"item\":\"https:\/\/rankomat.pl\/finanse\/chwilowki\/firma\/\"},{\"@type\":\"ListItem\",\"position\":4,\"name\":\"Provident\"}]}]}<\/script>\n<!-- \/ Yoast SEO plugin. -->","yoast_head_json":{"title":"Provident | Por\u00f3wnywarka finansowa Rankomat","robots":{"index":"index","follow":"follow","max-snippet":"max-snippet:-1","max-image-preview":"max-image-preview:large","max-video-preview":"max-video-preview:-1"},"canonical":"https:\/\/rankomat.pl\/finanse\/chwilowki\/firma\/provident\/","og_locale":"pl_PL","og_type":"article","og_title":"Provident | Por\u00f3wnywarka finansowa Rankomat","og_description":"Provident z powodzeniem dzia\u0142a na polskim rynku finansowym od ponad 25 lat i mo\u017cna \u015bmia\u0142o powiedzie\u0107, \u017ce przeciera\u0142 szlaki innym [&hellip;]","og_url":"https:\/\/rankomat.pl\/finanse\/chwilowki\/firma\/provident\/","og_site_name":"Por\u00f3wnywarka finansowa Rankomat","article_publisher":"https:\/\/www.facebook.com\/rankomatpl\/","article_modified_time":"2025-07-21T09:51:06+00:00","og_image":[{"width":480,"height":320,"url":"https:\/\/rankomat.pl\/finanse\/wp-content\/uploads\/2021\/03\/rankomat-star-og.png","type":"image\/png"}],"twitter_card":"summary_large_image","twitter_site":"@rankomat","twitter_misc":{"Szacowany czas czytania":"10 minut"},"schema":{"@context":"https:\/\/schema.org","@graph":[{"@type":"ImageObject","inLanguage":"pl-PL","@id":"https:\/\/rankomat.pl\/finanse\/chwilowki\/firma\/provident\/#primaryimage","url":"https:\/\/rankomat.pl\/finanse\/wp-content\/uploads\/2025\/07\/logo-provident_250x70.svg","contentUrl":"https:\/\/rankomat.pl\/finanse\/wp-content\/uploads\/2025\/07\/logo-provident_250x70.svg"},{"@type":"BreadcrumbList","@id":"https:\/\/rankomat.pl\/finanse\/chwilowki\/firma\/provident\/#breadcrumb","itemListElement":[{"@type":"ListItem","position":1,"name":"Finanse","item":"https:\/\/rankomat.pl\/finanse\/"},{"@type":"ListItem","position":2,"name":"Chwil\u00f3wki","item":"https:\/\/rankomat.pl\/finanse\/chwilowki\/"},{"@type":"ListItem","position":3,"name":"Listing firm po\u017cyczkowych","item":"https:\/\/rankomat.pl\/finanse\/chwilowki\/firma\/"},{"@type":"ListItem","position":4,"name":"Provident"}]}]}},"yasr_visitor_votes":{"stars_attributes":{"read_only":false,"span_bottom":false},"number_of_votes":0,"sum_votes":0},"_links":{"self":[{"href":"https:\/\/rankomat.pl\/finanse\/wp-json\/wp\/v2\/pages\/8646","targetHints":{"allow":["GET"]}}],"collection":[{"href":"https:\/\/rankomat.pl\/finanse\/wp-json\/wp\/v2\/pages"}],"about":[{"href":"https:\/\/rankomat.pl\/finanse\/wp-json\/wp\/v2\/types\/page"}],"author":[{"embeddable":true,"href":"https:\/\/rankomat.pl\/finanse\/wp-json\/wp\/v2\/users\/60"}],"replies":[{"embeddable":true,"href":"https:\/\/rankomat.pl\/finanse\/wp-json\/wp\/v2\/comments?post=8646"}],"version-history":[{"count":0,"href":"https:\/\/rankomat.pl\/finanse\/wp-json\/wp\/v2\/pages\/8646\/revisions"}],"up":[{"embeddable":true,"href":"https:\/\/rankomat.pl\/finanse\/wp-json\/wp\/v2\/pages\/8676"}],"wp:featuredmedia":[{"embeddable":true,"href":"https:\/\/rankomat.pl\/finanse\/wp-json\/wp\/v2\/media\/12495"}],"wp:attachment":[{"href":"https:\/\/rankomat.pl\/finanse\/wp-json\/wp\/v2\/media?parent=8646"}],"curies":[{"name":"wp","href":"https:\/\/api.w.org\/{rel}","templated":true}]}}