{"id":8649,"date":"2024-02-14T13:26:11","date_gmt":"2024-02-14T12:26:11","guid":{"rendered":"https:\/\/rankomat.pl\/finanse\/?page_id=8649"},"modified":"2025-10-29T10:34:34","modified_gmt":"2025-10-29T09:34:34","slug":"smartney","status":"publish","type":"page","link":"https:\/\/rankomat.pl\/finanse\/chwilowki\/firma\/smartney\/","title":{"rendered":"Smartney"},"content":{"rendered":"<p><strong>Smartney to fintech dzia\u0142aj\u0105cy w sektorze pozabankowym, kt\u00f3ry specjalizuje si\u0119 w udzielaniu ratalnych po\u017cyczek online, a w swojej ofercie posiada r\u00f3wnie\u017c po\u017cyczki konsolidacyjne dla os\u00f3b zad\u0142u\u017conych, kt\u00f3re chcia\u0142yby po\u0142\u0105czy\u0107 kilka zobowi\u0105za\u0144 w jedno i sp\u0142aca\u0107 je na korzystniejszych zasadach ni\u017c dotychczas. Jest cz\u0119\u015bci\u0105 francuskiej Grupy Oney Bank istniej\u0105cej od ponad 35 lat i obecnej w kilkunastu krajach. Liczby m\u00f3wi\u0105 same za siebie: z jej us\u0142ug skorzysta\u0142o ju\u017c ponad 7,5 miliona klient\u00f3w.<\/strong><\/p>\n<p>Pocz\u0105tek historii marki Smartney w Polsce si\u0119ga 2018 roku. G\u0142\u00f3wnym celem jest oferowanie po\u017cyczek dostosowanych do indywidualnych potrzeb, w konkurencyjnych kwotach (aktualnie do 60.000 z\u0142), na jasnych zasadach, a do tego szybkie rozpatrywanie wniosk\u00f3w.<\/p>\n<p>Podmiot nale\u017cy to Zwi\u0105zku Przedsi\u0119biorstw Finansowych w Polsce (ZPF) i w zwi\u0105zku z tym jest zobowi\u0105zany do przestrzegania Zasad Dobrych Praktyk. kt\u00f3re corocznie weryfikowane s\u0105 specjalnym audytem przeprowadzanym przez ZPF.<\/p>\n<h2>Ile mog\u0119 po\u017cyczy\u0107 w Smartney?<\/h2>\n<p>W Smartney maksymalna wysoko\u015b\u0107 kwoty, o jak\u0105 mo\u017cna wnioskowa\u0107, zale\u017cy od tego, na jak d\u0142ugo chce si\u0119 po\u017cyczy\u0107 pieni\u0105dze.<\/p>\n<ul>\n<li>Klienci po\u017cyczaj\u0105cy \u015brodki na 6-36 miesi\u0119cy mog\u0105 wnioskowa\u0107 maksymalnie o 5.000 z\u0142.<\/li>\n<li>Klienci po\u017cyczaj\u0105cy \u015brodki na 24-60 miesi\u0119cy mog\u0105 wnioskowa\u0107 maksymalnie o 50.000 z\u0142<\/li>\n<li>Klienci po\u017cyczaj\u0105cy \u015brodki na 66-96 miesi\u0119cy mog\u0105 wnioskowa\u0107 maksymalnie o 60.000 z\u0142.<\/li>\n<\/ul>\n<p>Je\u017celi decyzja o przyznaniu po\u017cyczki b\u0119dzie pozytywna, Smartney zaproponuje klientowi zwi\u0119kszenie jej warto\u015bci do maksymalnej kwoty, jak\u0105 jest w stanie mu przyzna\u0107. Mo\u017cna z tej opcji skorzysta\u0107 lub pozosta\u0107 przy sumie wskazanej we wniosku.<\/p>\n<h2>Na jak d\u0142ugo mog\u0119 po\u017cyczy\u0107 w Smartney?<\/h2>\n<p><strong>Po\u017cyczkodawca umo\u017cliwia po\u017cyczenie \u015brodk\u00f3w na okres od 6 do 96 miesi\u0119cy, a dok\u0142adnie:<\/strong><\/p>\n<ul>\n<li>3.000-5.000 z\u0142, je\u015bli po\u017cycza si\u0119 pieni\u0105dze na 6-36 miesi\u0119cy.<\/li>\n<li>5.100-50.000 z\u0142, je\u015bli po\u017cycza si\u0119 pieni\u0105dze na 24-60 miesi\u0119cy.<\/li>\n<li>10.000-60.000 z\u0142, je\u015bli po\u017cycza si\u0119 pieni\u0105dze na 66-96 miesi\u0119cy.<\/li>\n<\/ul>\n<h2>Jakie s\u0105 koszty po\u017cyczki w Smartney?<\/h2>\n<p>Na stronie internetowej Smartney mo\u017cna znale\u017a\u0107 informacj\u0119, \u017ce firma oferuje \u201eniezwykle korzystne oprocentowanie\u201d, a klienci s\u0105 w stanie \u201epo\u017cyczy\u0107 wi\u0119ksze sumy na naprawd\u0119 korzystnych warunkach\u201d. Czy to tylko has\u0142a marketingowe? Sprawd\u017amy to na konkretnych przyk\u0142adach.<\/p>\n<p><strong>Po\u017cyczka na 5.000 z\u0142 na 6 miesi\u0119cy (sp\u0142acana w sze\u015bciu r\u00f3wnych ratach)<\/strong><\/p>\n<ul>\n<li>Kwota po\u017cyczki: 5.000 z\u0142<\/li>\n<li>Okres sp\u0142aty: 6 miesi\u0119cy<\/li>\n<li>Odsetki: 269,04 z\u0142<\/li>\n<li>Prowizja: 700 z\u0142<\/li>\n<li>RRSO: 85,99%<\/li>\n<li>Wysoko\u015b\u0107 miesi\u0119cznej raty: 994,82 z\u0142<\/li>\n<li>Ca\u0142kowita kwota do oddania: 5969,04 z\u0142<\/li>\n<\/ul>\n<p><strong>Po\u017cyczka na 5.000 z\u0142 na 24 miesi\u0105ce (sp\u0142acana w 24 r\u00f3wnych ratach)<\/strong><\/p>\n<ul>\n<li>Kwota po\u017cyczki: 5.000 z\u0142<\/li>\n<li>Okres sp\u0142aty: 24 miesi\u0105ce<\/li>\n<li>Odsetki: 1.060,57 z\u0142<\/li>\n<li>Prowizja: 1.050 z\u0142<\/li>\n<li>RRSO: 43,07%<\/li>\n<li>Wysoko\u015b\u0107 miesi\u0119cznej raty: 296,23 z\u0142<\/li>\n<li>Ca\u0142kowita kwota do oddania: 7.110,57 z\u0142<\/li>\n<\/ul>\n<p>Powy\u017cszy przyk\u0142ad pokazuje prawid\u0142owo\u015b\u0107, jaka zachodzi w przypadku po\u017cyczek ratalnych: im d\u0142u\u017cszy termin sp\u0142aty zobowi\u0105zania, tym wy\u017cszy jego koszt. W przypadku po\u017cyczki na 24 miesi\u0105ce \u2013 mimo otrzymania takiej samej sumy, co w wariancie pierwszym, identycznej prowizji i ni\u017cszej raty \u2013 ca\u0142kowita kwota, jak\u0105 trzeba odda\u0107 po\u017cyczkodawcy jest o 795,51 z\u0142 wy\u017csza ni\u017c w sytuacji, gdyby klient sp\u0142aci\u0142 nale\u017cno\u015b\u0107 w 6 miesi\u0119cy.<\/p>\n<p>Wynika to przede wszystkim z wy\u017cszego ryzyka, jakie ponosi firma pozabankowa, po\u017cyczaj\u0105c klientowi \u015brodki na d\u0142u\u017cszy czas. Z drugiej strony jednak mo\u017cliwo\u015b\u0107 regulowania ni\u017cszej raty i roz\u0142o\u017cenie sp\u0142aty w czasie mo\u017ce pom\u00f3c upora\u0107 si\u0119 z niekorzystn\u0105 sytuacj\u0105 finansow\u0105. W takim wypadku wy\u017csze koszty mog\u0105 zej\u015b\u0107 na dalszy plan, a priorytetem jest utrzymanie w ryzach bud\u017cetu domowego.<\/p>\n<p>Warto wspomnie\u0107 te\u017c, \u017ce Smartney okresowo przygotowuje dla klient\u00f3w kody rabatowe, kt\u00f3re obni\u017caj\u0105 koszty po\u017cyczki. Klient posiadaj\u0105cy taki kod mo\u017ce zrealizowa\u0107 go, klikaj\u0105c \u201eMam kod rabatowy\u201d na wirtualnym kalkulatorze po\u017cyczkowym dost\u0119pnym na stronie g\u0142\u00f3wnej serwisu internetowego po\u017cyczkodawcy. Po klikni\u0119ciu pojawi si\u0119 nast\u0119puj\u0105ce okienko:<\/p>\n<p>Wystarczy wprowadzi\u0107 kod i zatwierdzi\u0107 go, aby cieszy\u0107 si\u0119 ni\u017cszymi kosztami.<\/p>\n<p>Kalkulacj\u0119 przeprowadzili\u015bmy 13 wrze\u015bnia 2022 roku, korzystaj\u0105c z kalkulatora zamieszczonego na stronie po\u017cyczkodawcy.<\/p>\n<h2>Warunki otrzymania po\u017cyczki w Smartney<\/h2>\n<p>Chc\u0105c otrzyma\u0107 po\u017cyczk\u0119 w Smartney, trzeba:<\/p>\n<ul>\n<li>Mie\u0107 23-70 lat<\/li>\n<li>Posiada\u0107 wa\u017cny dow\u00f3d osobisty<\/li>\n<li>Posiada\u0107 polskie obywatelstwo<\/li>\n<li>Posiada\u0107 miejsce zamieszkania na terenie Polski<\/li>\n<li>Mie\u0107 w\u0142asny (niewsp\u00f3\u0142dzielony z inn\u0105 osob\u0105) rachunek w banku dzia\u0142aj\u0105cym w Polsce<\/li>\n<li>Posiada\u0107 aktywny telefon kom\u00f3rkowy, a tak\u017ce adres e-mail<\/li>\n<li>Mie\u0107 histori\u0119 kredytow\u0105, kt\u00f3ra nie b\u0119dzie stanowi\u0142a przeszkody w po\u017cyczeniu \u015brodk\u00f3w<\/li>\n<li>Posiada\u0107 zdolno\u015b\u0107 do terminowej sp\u0142aty zaci\u0105gni\u0119tego zobowi\u0105zania<\/li>\n<li>Posiada\u0107 pe\u0142n\u0105 zdolno\u015b\u0107 do czynno\u015bci prawnych<\/li>\n<\/ul>\n<h3>Dokumenty wymagane do otrzymania po\u017cyczki<\/h3>\n<p>Po\u017cyczka w Smartney jest udzielana na niezwykle prostych zasadach. Podstawowym (i jedynym) dokumentem niezb\u0119dnym do tego, by j\u0105 otrzyma\u0107, jest wa\u017cny dow\u00f3d osobisty. Firma nie wymaga od os\u00f3b sk\u0142adaj\u0105cych wniosek \u017cadnych dodatkowych za\u015bwiadcze\u0144 lub por\u0119cze\u0144.<\/p>\n<h3>Formy zatrudnienia<\/h3>\n<p>Podobnie jak inne firmy z bran\u017cy pozabankowej, r\u00f3wnie\u017c Smartney akceptuje o wiele wi\u0119cej \u017ar\u00f3de\u0142 dochodu ni\u017c banki. Opr\u00f3cz typowej umowy o prac\u0119 dopuszczalne s\u0105 r\u00f3wnie\u017c opcje takie jak umowy cywilno-prawne (umowa-zlecenie i umowa o dzie\u0142o), wp\u0142ywy z wynajmu mieszkania, emerytury, renty, stypendi\u00f3w, aliment\u00f3w, zasi\u0142k\u00f3w, a tak\u017ce \u015bwiadcze\u0144 socjalnych.<\/p>\n<p>Chocia\u017c naj\u0142atwiej otrzyma\u0107 po\u017cyczk\u0119 b\u0119dzie osobom posiadaj\u0105cym sta\u0142y doch\u00f3d, klienci otrzymuj\u0105cy nieregularne wp\u0142ywy lub nawet chwilowo bezrobotni nie zostan\u0105 \u201ez miejsca\u201d zdyskwalifikowani, jak sta\u0142oby si\u0119 w przypadku ubiegania si\u0119 o po\u017cyczk\u0119 w instytucji bankowej.<\/p>\n<h2>Weryfikacja w bazie d\u0142u\u017cnik\u00f3w<\/h2>\n<p>Jednym z etap\u00f3w odpowiedzialnego po\u017cyczania jest weryfikacja historii kredytowej wnioskodawcy. Podobnie jak inne firmy dzia\u0142aj\u0105ce na rynku po\u017cyczek pozabankowych, r\u00f3wnie\u017c Lendon sprawdza wcze\u015bniejsz\u0105 histori\u0119 sp\u0142at zobowi\u0105za\u0144 finansowych. Pozwalaj\u0105 na to zar\u00f3wno bazy d\u0142u\u017cnik\u00f3w jak i BIK.<\/p>\n<h3>Czy Smartney udziela po\u017cyczek na raty bez sprawdzania BIK?<\/h3>\n<p>Nie. Po\u017cyczkodawca na etapie weryfikacji wniosku potencjalnego klienta sprawdza wpisy na jego temat w rejestrach takich jak BIK, BIG, KRD i CRIF.<\/p>\n<h3>Czy Smartney udziela po\u017cyczek na raty dla zad\u0142u\u017conych?<\/h3>\n<p>Posiadanie zad\u0142u\u017cenia w innym miejscu nie spowoduje, \u017ce wniosek z\u0142o\u017cony w Smartney zostanie automatycznie odrzucony. Kluczowe dla jego pozytywnego rozpatrzenia (poza aktualn\u0105 sytuacj\u0105 finansow\u0105) b\u0119dzie to, czy sp\u0142ata nast\u0119puje w wyznaczonym terminie. Je\u015bli po\u017cyczkodawca uzna, \u017ce klient jest w stanie wywi\u0105zywa\u0107 si\u0119 ze swoich zobowi\u0105za\u0144 mimo posiadania innego zad\u0142u\u017cenia, przyzna mu pieni\u0105dze.<\/p>\n<h3>Czy w Smartney mo\u017cna wzi\u0105\u0107 po\u017cyczk\u0119 z komornikiem?<\/h3>\n<p>Egzekucja komornicza to ostatni etap odzyskiwania d\u0142ugu, kt\u00f3ry rozpoczyna si\u0119 dopiero po wydaniu s\u0105dowego wyroku lub nakazu zap\u0142aty z klauzul\u0105 wykonalno\u015bci. W jego ramach komornik zajmuje sk\u0142adniki maj\u0105tku d\u0142u\u017cnika, takie jak \u015brodki finansowe, ruchomo\u015bci oraz nieruchomo\u015bci (z zachowaniem tzw. kwoty wolnej od zaj\u0119cia). Sytuacja finansowa osoby, wobec kt\u00f3rej wszcz\u0119to czynno\u015bci egzekucyjne, jest zazwyczaj bardzo z\u0142a. Mi\u0119dzy innymi z tego powodu nie ma szans, aby otrzyma\u0142a ona pieni\u0105dze z firmy pozabankowej takiej jak Smartney.<\/p>\n<p>Co istotne z punktu widzenia os\u00f3b zmagaj\u0105cych si\u0119 z zad\u0142u\u017ceniem, Smartney oferuje mo\u017cliwo\u015b\u0107 skonsolidowania po\u017cyczek, kt\u00f3rych sp\u0142ata jest problematyczna. W skr\u00f3cie: konsolidacja polega na po\u0142\u0105czeniu wielu d\u0142ug\u00f3w w jeden i ustaleniu nowych zasad sp\u0142acania go. Przy wyborze takiego rozwi\u0105zania ma si\u0119 gwarancj\u0119, \u017ce zaproponowana rata b\u0119dzie ni\u017csza ni\u017c dotychczasowe. Dzi\u0119ki temu powinno by\u0107 \u0142atwiej poradzi\u0107 sobie z uregulowaniem wszystkich zobowi\u0105za\u0144, a tym samym unikn\u0105\u0107 wspomnianej wcze\u015bniej interwencji komornika.<\/p>\n<h2>Jak wzi\u0105\u0107 po\u017cyczk\u0119 w Smartney?<\/h2>\n<p>Z\u0142o\u017cenie wniosku o po\u017cyczk\u0119 na raty w Smartney przebiega szybko i sprawnie.<\/p>\n<p><strong>Krok 1 Wybierz kwot\u0119 po\u017cyczki<\/strong><\/p>\n<p>Po wej\u015bciu na stron\u0119 internetow\u0105 po\u017cyczkodawcy wystarczy wybra\u0107 kwot\u0119 po\u017cyczki i preferowany termin sp\u0142aty na widocznym po prawej stronie kalkulatorze. Trzeba zaznaczy\u0107 na nim te\u017c, czy chodzi o po\u017cyczk\u0119 rataln\u0105, czy skonsolidowanie dotychczasowych zobowi\u0105za\u0144. Je\u015bli posiada si\u0119 kod rabatowy, nale\u017cy klikn\u0105\u0107 link \u201eMam kod rabatowy\u201d znajduj\u0105cy si\u0119 tu\u017c pod wysoko\u015bci\u0105 raty i RRSO. Spos\u00f3b aktywowania go opisali\u015bmy nieco wy\u017cej, w akapicie \u201eKoszty po\u017cyczki w Smartney\u201d.<\/p>\n<p><strong>Krok 2 Za\u0142\u00f3\u017c profil klienta<\/strong><\/p>\n<p>Je\u015bli korzysta si\u0119 z oferty Smartney po raz pierwszy, to trzeba za\u0142o\u017cy\u0107 konto w Strefie Klienta. W tym celu wystarczy wpisa\u0107 w odpowiednie pole adres e-mail lub automatycznie nadany numer klienta znajduj\u0105cy si\u0119 w umowie, utworzy\u0107 has\u0142o i klikn\u0105\u0107 przycisk \u201eDalej\u201d.<\/p>\n<p>Stali klienci loguj\u0105 si\u0119 z wykorzystaniem danych podanych podczas rejestracji.<\/p>\n<p><strong>Krok 3 Wype\u0142nij formularz po\u017cyczkowy<\/strong><\/p>\n<p>Kolejnym krokiem b\u0119dzie wype\u0142nienie wniosku po\u017cyczkowego. B\u0119dzie trzeba poda\u0107 w nim m.in. imi\u0119 i nazwisko, adres zamieszkania, numer telefonu kom\u00f3rkowego, numer konta bankowego, numer dowodu osobistego i numer PESEL, stan cywilny, liczb\u0119 os\u00f3b na utrzymaniu, wykszta\u0142cenie.<\/p>\n<p><strong>Krok 4 Zweryfikuj swoj\u0105 to\u017csamo\u015b\u0107 online<\/strong><\/p>\n<p>Mo\u017cna zrobi\u0107 to na jeden z trzech sposob\u00f3w:<\/p>\n<ul>\n<li>Wykona\u0107 tradycyjny przelew weryfikacyjny w wysoko\u015bci 1 grosza na konto wskazane przez po\u017cyczkodawc\u0119 (wa\u017cne, by pieni\u0105dze trafi\u0142y tam z tego samego rachunku, kt\u00f3ry zosta\u0142 podany we wniosku).<\/li>\n<li>Wykona\u0107 przelew weryfikacyjny na 1 z\u0142, korzystaj\u0105c z szybkich p\u0142atno\u015bci Blue Media (kwota zostanie zwr\u00f3cona na konto po potwierdzeniu to\u017csamo\u015bci klienta).<\/li>\n<li>Skorzysta\u0107 z aplikacji weryfikacyjnej Kontomatik, kt\u00f3ra po zalogowaniu si\u0119 do bankowo\u015bci elektronicznej automatycznie \u0142\u0105czy si\u0119 z kontem bankowym, zapewniaj\u0105c wgl\u0105d w jego histori\u0119 i pobiera dane niezb\u0119dne do weryfikacji klienta. Wykorzystuje do tego technologi\u0119 \u201escreen scraping\u201d, a wi\u0119c nie zapami\u0119tuje ich. To darmowe rozwi\u0105zanie, w przeciwie\u0144stwie do dw\u00f3ch poprzednich sposob\u00f3w, nie wymaga przelewania \u015brodk\u00f3w na konto.<br \/>\nKrok 5 Poczekaj na decyzj\u0119 po\u017cyczkodawcy<\/li>\n<\/ul>\n<p>Smartney deklaruje, \u017ce decyzja o przyznaniu\/nieprzyznaniu po\u017cyczki zapada w ci\u0105gu kilku minut. Je\u015bli \u015brodki zostan\u0105 przyznane, ich przelew zostanie zrealizowany za po\u015brednictwem p\u0142atno\u015bci online Dotpay \u2013 wszystko po to, by trafi\u0142y na konto klienta jak najszybciej.<\/p>\n<p>Wiele firm po\u017cyczkowych zwraca uwag\u0119 na dok\u0142adne sprawdzanie informacji podawanych w formularzu po\u017cyczkowym. Je\u015bli s\u0105 one nieprawid\u0142owe, wniosek zostaje odrzucony. W razie wyst\u0105pienia takich problem\u00f3w w Smartney mo\u017cna spodziewa\u0107 si\u0119 telefonu konsultanta, kt\u00f3ry dopyta o to, czego brakuje, nie pozbawiaj\u0105c klienta bez szansy na otrzymanie potrzebnej kwoty.<\/p>\n<h2>Sp\u0142ata po\u017cyczki na raty w Smartney<\/h2>\n<p>Po\u017cyczka ratalna w Smartney jest sp\u0142acana w r\u00f3wnych, miesi\u0119cznych ratach. Dok\u0142adny harmonogram sp\u0142at otrzymuje si\u0119 razem z zestawem dokument\u00f3w przesy\u0142anych mailem tu\u017c po przyznaniu po\u017cyczki. Jest on dost\u0119pny r\u00f3wnie\u017c w Strefie Klienta. Po zalogowaniu si\u0119 do niej mo\u017cna nie tylko sprawdzi\u0107 wszystkie szczeg\u00f3\u0142y dotycz\u0105ce zobowi\u0105zania, ale r\u00f3wnie\u017c ustawi\u0107 automatyczn\u0105 sp\u0142at\u0119 rat. Aktualnych informacji dotycz\u0105cych wysoko\u015bci kwoty pozosta\u0142ej do sp\u0142aty udzieli r\u00f3wnie\u017c konsultant Smartney pod numerem telefonu 22 528 88 88. Infolinia<\/p>\n<h3>Czy mo\u017cliwa jest sp\u0142ata po\u017cyczki ratalnej przed terminem?<\/h3>\n<p>Jak najbardziej tak. Aby to zrobi\u0107, wystarczy zalogowa\u0107 si\u0119 na sw\u00f3j profil w Strefie Klienta.<\/p>\n<h3>Wyd\u0142u\u017cenie terminu sp\u0142aty<\/h3>\n<p>W Smartney mo\u017cna skorzysta\u0107 z tzw. zawieszenia wykonania umowy po\u017cyczki. Po z\u0142o\u017ceniu odpowiedniego wniosku otrzymuje si\u0119 mo\u017cliwo\u015b\u0107 zawieszenia sp\u0142acania rat przez maksymalnie 3 miesi\u0105ce. Opcja jest dost\u0119pna raz w ci\u0105gu okresu obowi\u0105zywania umowy po\u017cyczkowej. Klienci, kt\u00f3rzy mog\u0105 z niej skorzysta\u0107 to:<\/p>\n<ul>\n<li>Osoby, kt\u00f3re straci\u0142y g\u0142\u00f3wne \u017ar\u00f3d\u0142o utrzymania po 13.03.2020 r.<\/li>\n<li>Osoby, kt\u00f3re zawar\u0142y umow\u0119 ze Smartney przed 13.03.2020 r. i obowi\u0105zuje ona co najmniej do 14.09.2020 r.<\/li>\n<\/ul>\n<p>Aby dyspozycja zacz\u0119\u0142a obowi\u0105zywa\u0107, trzeba pobra\u0107 Wniosek o zawieszenie wykonania umowy ze strony internetowej po\u017cyczkodawcy, wype\u0142ni\u0107 go i przes\u0142a\u0107 do Smartney drog\u0105 mailow\u0105 (kontakt@smartney.pl) lub poczt\u0105 tradycyjn\u0105 na adres:<\/p>\n<p>Smartney Sp. z o.o. Krakowiak\u00f3w 46 02-255 Warszawa<\/p>\n<p>Oczywi\u015bcie skorzystanie z zawieszenia wykonania umowy po\u017cyczki niesie ze sob\u0105 okre\u015blone konsekwencje:<\/p>\n<ul>\n<li>Wyd\u0142u\u017cy si\u0119 okres sp\u0142aty po\u017cyczki (natomiast NIE zmieni\u0105 si\u0119 jej koszty).<\/li>\n<li>Informacja o zawieszeniu sp\u0142aty rat trafi do Biura Informacji Kredytowej.<\/li>\n<\/ul>\n<h3>Brak sp\u0142aty \u2013 co, je\u015bli po\u017cyczka nie zostanie sp\u0142acona na czas?<\/h3>\n<p>W razie niesp\u0142acenia zobowi\u0105zania w terminie, po\u017cyczkodawca podejmie kroki zgodne zapisami Ustawy o kredycie konsumenckim z 12 maja 2011 r., kt\u00f3ra m.in. okre\u015bla obowi\u0105zki firm pozabankowych udzielaj\u0105cych szybkich po\u017cyczek i reguluje spos\u00f3b ich dzia\u0142ania.<\/p>\n<h3>Windykacja w Smartney<\/h3>\n<p>Na pocz\u0105tku przedstawicielowi po\u017cyczkodawcy na pewno b\u0119dzie zale\u017ca\u0142o na poznaniu powod\u00f3w braku terminowej sp\u0142aty. Kolejny etap obejmuje wykorzystanie metod tzw. mi\u0119kkiej windykacji czyli pr\u00f3b\u0119 ustalenia warunk\u00f3w uregulowania d\u0142ugu, kt\u00f3re b\u0119d\u0105 akceptowalne zar\u00f3wno dla po\u017cyczkobiorcy, jak i wierzyciela.<\/p>\n<p>Je\u015bli to podej\u015bcie zawiedzie, a d\u0142u\u017cnik nie zareaguje na podj\u0119te pr\u00f3by kontaktu b\u0105d\u017a odm\u00f3wi wsp\u00f3\u0142pracy w celu rozwi\u0105zania sytuacji, kolejnym etapem b\u0119dzie tzw. windykacja twarda, kt\u00f3ra mo\u017ce obejmowa\u0107 m.in. wpisanie d\u0142u\u017cnika do rejestru biur informacji gospodarczej, takich jak BIG Infomonitor, KRD czy ERIF.<\/p>\n<h2 id=\"czy-warto-skorzystac-z-pozyczki-smartney\">Czy warto skorzysta\u0107 z po\u017cyczki Smartney? Jakie s\u0105 opinie o firmie Smartney?<\/h2>\n<p>Opinie o firmie Smartney s\u0105 relatywnie dobre: klienci doceniaj\u0105 atrakcyjne warunki, na jakich mo\u017cna po\u017cyczy\u0107 pieni\u0105dze, szybki przelew \u015brodk\u00f3w, czy te\u017c\u00a0<strong>wygodny panel do kontrolowania i sp\u0142aty zad\u0142u\u017cenia<\/strong>. W sieci pojawiaj\u0105 si\u0119 te\u017c negatywne komentarze na jej temat, przy czym w du\u017cej cz\u0119\u015bci z nich, klienci wyra\u017caj\u0105 rozczarowanie otrzymaniem odmownej decyzji po\u017cyczkowej. Niekt\u00f3rzy zwracaj\u0105 dodatkowo uwag\u0119, \u017ce nie uzyskali po\u017cyczki pomimo dobrej sytuacji finansowej, a jeszcze inni \u2013 \u017ce ich wniosek w og\u00f3le nie zosta\u0142 rozpatrzony.<\/p>\n<p>W praktyce, najwi\u0119kszy mankament oferty Smartney stanowi bez w\u0105tpienia jej ograniczona dost\u0119pno\u015b\u0107. Z tego te\u017c wzgl\u0119du mog\u0105 j\u0105 rozwa\u017cy\u0107 g\u0142\u00f3wnie klienci, kt\u00f3rzy uzyskuj\u0105 sta\u0142e dochody i nie maj\u0105 zaleg\u0142o\u015bci w sp\u0142acie zobowi\u0105za\u0144. Dla nich jednak, lepszym wyborem powinna okaza\u0107 si\u0119 mimo wszystko\u00a0<strong>jedna z propozycji bankowego kredytu got\u00f3wkowego<\/strong>. Ka\u017cdy z takich klient\u00f3w, niezale\u017cnie kiedy i ile pieni\u0119dzy chce po\u017cyczy\u0107, bez problemu znajdzie kredyt, kt\u00f3ry pod wzgl\u0119dem czysto finansowym b\u0119dzie bardziej op\u0142acalny, ni\u017c po\u017cyczka Smartney.<\/p>\n","protected":false},"excerpt":{"rendered":"<p>Smartney to fintech dzia\u0142aj\u0105cy w sektorze pozabankowym, kt\u00f3ry specjalizuje si\u0119 w udzielaniu ratalnych po\u017cyczek online, a w swojej ofercie posiada [&hellip;]<\/p>\n","protected":false},"author":16,"featured_media":8651,"parent":8676,"menu_order":0,"comment_status":"closed","ping_status":"closed","template":"page_lender.php","meta":{"_acf_changed":false,"yasr_overall_rating":0,"yasr_post_is_review":"","yasr_auto_insert_disabled":"","yasr_review_type":"","footnotes":""},"class_list":["post-8649","page","type-page","status-publish","has-post-thumbnail","hentry"],"acf":[],"yoast_head":"<!-- This site is optimized with the Yoast SEO plugin v27.1.1 - https:\/\/yoast.com\/product\/yoast-seo-wordpress\/ -->\n<title>Smartney - sprawd\u017a oferty bankowe | Por\u00f3wnywarka finansowa Rankomat<\/title>\n<meta name=\"robots\" content=\"index, follow, max-snippet:-1, max-image-preview:large, max-video-preview:-1\" \/>\n<link rel=\"canonical\" href=\"https:\/\/rankomat.pl\/finanse\/chwilowki\/firma\/smartney\/\" \/>\n<meta property=\"og:locale\" content=\"pl_PL\" \/>\n<meta property=\"og:type\" content=\"article\" \/>\n<meta property=\"og:title\" content=\"Smartney - sprawd\u017a {{count_bank_28}} | Por\u00f3wnywarka finansowa Rankomat\" \/>\n<meta property=\"og:description\" content=\"Smartney to fintech dzia\u0142aj\u0105cy w sektorze pozabankowym, kt\u00f3ry specjalizuje si\u0119 w udzielaniu ratalnych po\u017cyczek online, a w swojej ofercie posiada [&hellip;]\" \/>\n<meta property=\"og:url\" content=\"https:\/\/rankomat.pl\/finanse\/chwilowki\/firma\/smartney\/\" \/>\n<meta property=\"og:site_name\" content=\"Por\u00f3wnywarka finansowa Rankomat\" \/>\n<meta property=\"article:publisher\" content=\"https:\/\/www.facebook.com\/rankomatpl\/\" \/>\n<meta property=\"article:modified_time\" content=\"2025-10-29T09:34:34+00:00\" \/>\n<meta property=\"og:image\" content=\"https:\/\/rankomat.pl\/finanse\/wp-content\/uploads\/2024\/02\/smartney_logo.png\" \/>\n\t<meta property=\"og:image:width\" content=\"250\" \/>\n\t<meta property=\"og:image:height\" content=\"75\" \/>\n\t<meta property=\"og:image:type\" content=\"image\/png\" \/>\n<meta name=\"twitter:card\" content=\"summary_large_image\" \/>\n<meta name=\"twitter:site\" content=\"@rankomat\" \/>\n<meta name=\"twitter:label1\" content=\"Szacowany czas czytania\" \/>\n\t<meta name=\"twitter:data1\" content=\"13 minut\" \/>\n<script type=\"application\/ld+json\" class=\"yoast-schema-graph\">{\"@context\":\"https:\/\/schema.org\",\"@graph\":[{\"@type\":\"ImageObject\",\"inLanguage\":\"pl-PL\",\"@id\":\"https:\/\/rankomat.pl\/finanse\/chwilowki\/firma\/smartney\/#primaryimage\",\"url\":\"https:\/\/rankomat.pl\/finanse\/wp-content\/uploads\/2024\/02\/smartney_logo.png\",\"contentUrl\":\"https:\/\/rankomat.pl\/finanse\/wp-content\/uploads\/2024\/02\/smartney_logo.png\",\"width\":250,\"height\":75},{\"@type\":\"BreadcrumbList\",\"@id\":\"https:\/\/rankomat.pl\/finanse\/chwilowki\/firma\/smartney\/#breadcrumb\",\"itemListElement\":[{\"@type\":\"ListItem\",\"position\":1,\"name\":\"Finanse\",\"item\":\"https:\/\/rankomat.pl\/finanse\/\"},{\"@type\":\"ListItem\",\"position\":2,\"name\":\"Chwil\u00f3wki\",\"item\":\"https:\/\/rankomat.pl\/finanse\/chwilowki\/\"},{\"@type\":\"ListItem\",\"position\":3,\"name\":\"Listing firm po\u017cyczkowych\",\"item\":\"https:\/\/rankomat.pl\/finanse\/chwilowki\/firma\/\"},{\"@type\":\"ListItem\",\"position\":4,\"name\":\"Smartney\"}]}]}<\/script>\n<!-- \/ Yoast SEO plugin. -->","yoast_head_json":{"title":"Smartney - sprawd\u017a oferty bankowe | Por\u00f3wnywarka finansowa Rankomat","robots":{"index":"index","follow":"follow","max-snippet":"max-snippet:-1","max-image-preview":"max-image-preview:large","max-video-preview":"max-video-preview:-1"},"canonical":"https:\/\/rankomat.pl\/finanse\/chwilowki\/firma\/smartney\/","og_locale":"pl_PL","og_type":"article","og_title":"Smartney - sprawd\u017a {{count_bank_28}} | Por\u00f3wnywarka finansowa Rankomat","og_description":"Smartney to fintech dzia\u0142aj\u0105cy w sektorze pozabankowym, kt\u00f3ry specjalizuje si\u0119 w udzielaniu ratalnych po\u017cyczek online, a w swojej ofercie posiada [&hellip;]","og_url":"https:\/\/rankomat.pl\/finanse\/chwilowki\/firma\/smartney\/","og_site_name":"Por\u00f3wnywarka finansowa Rankomat","article_publisher":"https:\/\/www.facebook.com\/rankomatpl\/","article_modified_time":"2025-10-29T09:34:34+00:00","og_image":[{"width":250,"height":75,"url":"https:\/\/rankomat.pl\/finanse\/wp-content\/uploads\/2024\/02\/smartney_logo.png","type":"image\/png"}],"twitter_card":"summary_large_image","twitter_site":"@rankomat","twitter_misc":{"Szacowany czas czytania":"13 minut"},"schema":{"@context":"https:\/\/schema.org","@graph":[{"@type":"ImageObject","inLanguage":"pl-PL","@id":"https:\/\/rankomat.pl\/finanse\/chwilowki\/firma\/smartney\/#primaryimage","url":"https:\/\/rankomat.pl\/finanse\/wp-content\/uploads\/2024\/02\/smartney_logo.png","contentUrl":"https:\/\/rankomat.pl\/finanse\/wp-content\/uploads\/2024\/02\/smartney_logo.png","width":250,"height":75},{"@type":"BreadcrumbList","@id":"https:\/\/rankomat.pl\/finanse\/chwilowki\/firma\/smartney\/#breadcrumb","itemListElement":[{"@type":"ListItem","position":1,"name":"Finanse","item":"https:\/\/rankomat.pl\/finanse\/"},{"@type":"ListItem","position":2,"name":"Chwil\u00f3wki","item":"https:\/\/rankomat.pl\/finanse\/chwilowki\/"},{"@type":"ListItem","position":3,"name":"Listing firm po\u017cyczkowych","item":"https:\/\/rankomat.pl\/finanse\/chwilowki\/firma\/"},{"@type":"ListItem","position":4,"name":"Smartney"}]}]}},"yasr_visitor_votes":{"stars_attributes":{"read_only":false,"span_bottom":false},"number_of_votes":1,"sum_votes":5},"_links":{"self":[{"href":"https:\/\/rankomat.pl\/finanse\/wp-json\/wp\/v2\/pages\/8649","targetHints":{"allow":["GET"]}}],"collection":[{"href":"https:\/\/rankomat.pl\/finanse\/wp-json\/wp\/v2\/pages"}],"about":[{"href":"https:\/\/rankomat.pl\/finanse\/wp-json\/wp\/v2\/types\/page"}],"author":[{"embeddable":true,"href":"https:\/\/rankomat.pl\/finanse\/wp-json\/wp\/v2\/users\/16"}],"replies":[{"embeddable":true,"href":"https:\/\/rankomat.pl\/finanse\/wp-json\/wp\/v2\/comments?post=8649"}],"version-history":[{"count":0,"href":"https:\/\/rankomat.pl\/finanse\/wp-json\/wp\/v2\/pages\/8649\/revisions"}],"up":[{"embeddable":true,"href":"https:\/\/rankomat.pl\/finanse\/wp-json\/wp\/v2\/pages\/8676"}],"wp:featuredmedia":[{"embeddable":true,"href":"https:\/\/rankomat.pl\/finanse\/wp-json\/wp\/v2\/media\/8651"}],"wp:attachment":[{"href":"https:\/\/rankomat.pl\/finanse\/wp-json\/wp\/v2\/media?parent=8649"}],"curies":[{"name":"wp","href":"https:\/\/api.w.org\/{rel}","templated":true}]}}