{"id":8657,"date":"2024-02-14T13:26:21","date_gmt":"2024-02-14T12:26:21","guid":{"rendered":"https:\/\/rankomat.pl\/finanse\/?page_id=8657"},"modified":"2024-02-14T13:26:21","modified_gmt":"2024-02-14T12:26:21","slug":"via-sms","status":"publish","type":"page","link":"https:\/\/rankomat.pl\/finanse\/chwilowki\/firma\/via-sms\/","title":{"rendered":"VIA SMS"},"content":{"rendered":"<p><strong>Via SMS nale\u017cy do \u0142otewskiej grupy finansowej, kt\u00f3ra powsta\u0142a w 2009 roku. W Polsce firma pojawi\u0142a si\u0119 11 lat temu, szybko zajmuj\u0105c wysok\u0105 i stabiln\u0105 pozycj\u0119 na rynku. Swoim klientom oferuje po\u017cyczki kr\u00f3tkoterminowe opiewaj\u0105ce na maksymalnie 4\u202f000 z\u0142. Prosta i nowoczesna procedura wnioskowania odbywa si\u0119 ca\u0142kowicie online, dzi\u0119ki czemu po\u017cyczkobiorcy mog\u0105 zdoby\u0107 got\u00f3wk\u0119 w kr\u00f3tkim czasie i bez wychodzenia z domu.<\/strong><\/p>\n<p>Tradycyjne chwil\u00f3wki zwykle udzielane s\u0105 na okres 30 dni, co sprawia, \u017ce d\u0142u\u017cnik musi szybko odzyska\u0107 p\u0142ynno\u015b\u0107 finansow\u0105, aby sp\u0142aci\u0107 zobowi\u0105zanie. Via SMS proponuje d\u0142u\u017cszy okres sp\u0142aty, si\u0119gaj\u0105cy 61 dni. To du\u017cy plus dla os\u00f3b, kt\u00f3re potrzebuj\u0105 nieco wi\u0119cej czasu na swobodne uregulowanie d\u0142ugu.<\/p>\n<p>Firma podkre\u015bla, \u017ce dobro i komfort klienta stanowi\u0105 dla niej priorytet. Dlatego ubieganie si\u0119 o po\u017cyczk\u0119 jest wygodne i pozbawione zb\u0119dnych formalno\u015bci, a ka\u017cdy po\u017cyczkobiorca traktowany jest indywidualnie.<\/p>\n<h2>Ile mog\u0119 po\u017cyczy\u0107 w Via SMS?<\/h2>\n<p>Via SMS udziela po\u017cyczek kr\u00f3tkoterminowych, kt\u00f3re nie przekraczaj\u0105 4000 z\u0142. Jednak nie od razu mo\u017cna ubiega\u0107 si\u0119 o tak\u0105 kwot\u0119. Nowi klienci firmy otrzymaj\u0105 maksymalnie 1500 z\u0142. Dopiero po up\u0142ywie 7 dni od momentu sp\u0142aty pierwszego zobowi\u0105zania ich limit wzro\u015bnie do 2000 z\u0142.<\/p>\n<p>Nast\u0119pnie po 7 dniach od uregulowania drugiej po\u017cyczki b\u0119d\u0105 mogli stara\u0107 si\u0119 o 2500 z\u0142. Ostatni limit wynosi 3000 z\u0142, przyznawany jest on na tej samej zasadzie. Zatem kwota 4000 z\u0142 dost\u0119pna jest jako pi\u0105ta po\u017cyczka.<\/p>\n<h2>Koszty po\u017cyczki w Via SMS<\/h2>\n<p>Rozpatruj\u0105c koszty po\u017cyczki w Via SMS warto podkre\u015bli\u0107, \u017ce nowi klienci maj\u0105 mo\u017cliwo\u015b\u0107 zaci\u0105gni\u0119cia pierwszej po\u017cyczki za 0 z\u0142 bez jakichkolwiek dodatkowych op\u0142at i prowizji. Co wa\u017cne \u2013 termin sp\u0142aty mo\u017ce wynosi\u0107 30 lub 61 dni. Przyk\u0142adowe opcje finansowania wygl\u0105daj\u0105 nast\u0119puj\u0105co:<\/p>\n<p><strong>Pierwsza po\u017cyczka w Via SMS na kwot\u0119 1500 z\u0142 z okresem sp\u0142aty wynosz\u0105cym 61 dni:<\/strong><\/p>\n<ul>\n<li>Kwota po\u017cyczki: 1500 z\u0142<\/li>\n<li>Op\u0142aty: 0 z\u0142<\/li>\n<li>Odsetki: 0 z\u0142<\/li>\n<li>Do sp\u0142aty: 1500 z\u0142<\/li>\n<li>RRSO: 0%<\/li>\n<li>Termin p\u0142atno\u015bci: 30 lub 61 dni<\/li>\n<\/ul>\n<p><strong>Druga po\u017cyczka w Via SMS na kwot\u0119 2000 z\u0142 z okresem sp\u0142aty wynosz\u0105cym 61 dni:<\/strong><\/p>\n<ul>\n<li>Kwota po\u017cyczki: 2000 z\u0142<\/li>\n<li>Op\u0142aty: 600,27z\u0142<\/li>\n<li>Odsetki: 66,85 z\u0142<\/li>\n<li>Do sp\u0142aty: 2667,12 z\u0142<\/li>\n<li>RRSO: 460%<\/li>\n<li>Termin p\u0142atno\u015bci: 61 dni<\/li>\n<\/ul>\n<p><strong>Pi\u0105ta po\u017cyczka w Via SMS na maksymaln\u0105 kwot\u0119 finansowania 4000 z\u0142, z terminem sp\u0142aty wynosz\u0105cym 61 dni.<\/strong><\/p>\n<ul>\n<li>Kwota po\u017cyczki: 4000 z\u0142<\/li>\n<li>Op\u0142aty: 1200,54 z\u0142<\/li>\n<li>Odsetki: 133,70 z\u0142<\/li>\n<li>Do sp\u0142aty: 5334,24 z\u0142<\/li>\n<li>RRSO: 460%<\/li>\n<li>Termin p\u0142atno\u015bci: 61 dni<\/li>\n<\/ul>\n<p><strong>Koszty tej samej po\u017cyczki, wzi\u0119tej na okres 30 dni, prezentuj\u0105 si\u0119 nieco inaczej.<\/strong><\/p>\n<ul>\n<li>Kwota po\u017cyczki: 4000 z\u0142<\/li>\n<li>Op\u0142aty: 1098,63 z\u0142<\/li>\n<li>Odsetki: 65,75 z\u0142<\/li>\n<li>Do sp\u0142aty: 5164,38 z\u0142<\/li>\n<li>RRSO: 2139%<\/li>\n<li>Termin p\u0142atno\u015bci: 30 dni<\/li>\n<li>Warunki po\u017cyczki w Via SMS<\/li>\n<\/ul>\n<p><strong>Via SMS nie stawia swoim klientom \u017cadnych wyg\u00f3rowanych wymaga\u0144. Aby otrzyma\u0107 finansowanie, wystarczy spe\u0142ni\u0107 kilka podstawowych warunk\u00f3w:<\/strong><\/p>\n<ul>\n<li>wiek od 20 do 72 roku \u017cycia,<\/li>\n<li>obywatelstwo polskie,<\/li>\n<li>adres zamieszkania na terenie Polski,<\/li>\n<li>aktualny dow\u00f3d osobisty,<\/li>\n<li>konto bankowe,<\/li>\n<li>numer telefonu kom\u00f3rkowego,<\/li>\n<li>adres e-mail,<\/li>\n<li>pozytywna historia kredytowa,<\/li>\n<li>\u017ar\u00f3d\u0142o dochodu.<\/li>\n<\/ul>\n<h3>Dokumenty wymagane do otrzymania po\u017cyczki<\/h3>\n<p>Via SMS udziela finansowania szybko i w oparciu o minimum formalno\u015bci. Aby przej\u015b\u0107 przez proces ubiegania si\u0119 o po\u017cyczk\u0119, wystarczy aktualny dow\u00f3d osobisty. Najcz\u0119\u015bciej firma nie wymaga \u017cadnych dodatkowych dokument\u00f3w w postaci za\u015bwiadcze\u0144 o zatrudnieniu lub zarobkach. Sporadycznie wierzyciel prosi wnioskuj\u0105cego o wyci\u0105g z konta z ostatnich 3 miesi\u0119cy.<\/p>\n<h3>Formy zatrudnienia<\/h3>\n<p>Via SMS nie oczekuje od swoich klient\u00f3w sta\u0142ej umowy o prac\u0119. Wystarczy, \u017ce po\u017cyczkobiorca posiada jakiekolwiek \u017ar\u00f3d\u0142o systematycznych dochod\u00f3w. Wp\u0142ywy finansowe mog\u0105 zatem pochodzi\u0107 z r\u00f3\u017cnych \u017ar\u00f3de\u0142, r\u00f3wnie\u017c zasi\u0142k\u00f3w, \u015bwiadcze\u0144, pracy dorywczej, wynajmu nieruchomo\u015bci, emerytury czy renty.<\/p>\n<h2>Weryfikacja w bazie d\u0142u\u017cnik\u00f3w<\/h2>\n<p>Firmy pozabankowe podczas rozpatrywania wniosku o po\u017cyczk\u0119 zawsze sprawdzaj\u0105 bazy d\u0142u\u017cnik\u00f3w. To najlepszy spos\u00f3b, aby zweryfikowa\u0107 wiarygodno\u015b\u0107 i reputacj\u0119 finansow\u0105 wnioskuj\u0105cego. Udzielenie zad\u0142u\u017cenia osobie, kt\u00f3ra nie przestrzega terminowo\u015bci i ma kiepsk\u0105 reputacj\u0119 finansow\u0105, by\u0142oby bowiem zbyt du\u017cym ryzykiem dla obu stron.<\/p>\n<h3>Czy Via SMS udziela po\u017cyczek na raty bez sprawdzania BIK?<\/h3>\n<p>Via SMS jako jedna z nielicznych firm po\u017cyczkowych nie korzysta z bazy Biura Informacji Kredytowej \u2013 BIK. Weryfikuje jednak swoich klient\u00f3w w Biurze Informacji Gospodarczej ERIF oraz Biurze Informacji Gospodarczej BIG.<\/p>\n<h3>Czy Via SMS udziela po\u017cyczek dla zad\u0142u\u017conych?<\/h3>\n<p>Via SMS nie udziela po\u017cyczek osobom, kt\u00f3re nieterminowo reguluj\u0105 zobowi\u0105zania zaci\u0105gni\u0119te w innych instytucjach finansowych. Z\u0142a historia kredytowa oraz liczne zad\u0142u\u017cenia s\u0105 powodem automatycznego odrzucenia wniosku.<\/p>\n<h3>Czy w Via SMS mo\u017cna wzi\u0105\u0107 po\u017cyczk\u0119 z komornikiem?<\/h3>\n<p>Osoby, wobec kt\u00f3rych toczy si\u0119 post\u0119powanie komornicze, nie otrzymaj\u0105 finansowania w Via SMS. Mog\u0105 za to rozejrze\u0107 si\u0119 za tak zwanymi \u201epo\u017cyczkami z komornikiem\u201d, kt\u00f3re oferuj\u0105 niekt\u00f3re firmy pozabankowe.<\/p>\n<h2>Jak wzi\u0105\u0107 po\u017cyczk\u0119 w Via SMS?<\/h2>\n<p>Via SMS obiecuje szybk\u0105 i \u0142atw\u0105 procedur\u0119 wnioskowania oraz b\u0142yskawiczny przelew \u015brodk\u00f3w na konto klienta i trzeba przyzna\u0107, \u017ce obietnicy dotrzymuje. Wzi\u0119cie po\u017cyczki to nic trudnego, ka\u017cdy u\u017cytkownik Internetu z pewno\u015bci\u0105 sobie z tym \u015bwietnie poradzi. Aby rozpocz\u0105\u0107 wnioskowanie o finansowanie, nale\u017cy wej\u015b\u0107 na stron\u0119 internetow\u0105 www.viasms.pl, wybra\u0107 kwot\u0119 po\u017cyczki i termin sp\u0142aty, a nast\u0119pnie klikn\u0105\u0107 \u201ewe\u017a po\u017cyczk\u0119\u201d.<\/p>\n<p>Kolejnym krokiem jest rejestracja, podczas kt\u00f3rej wnioskuj\u0105cy proszony jest o podanie imienia, nazwiska, adresu, numeru dowodu osobistego, numeru PESEL oraz numeru telefonu kom\u00f3rkowego.<\/p>\n<p>Po klikni\u0119ciu przycisku \u201ewy\u015blij\u201d klient otrzymuje SMS z kodem, kt\u00f3ry nale\u017cy wprowadzi\u0107 w odpowiednie okienko.<\/p>\n<p>Nast\u0119pnym etapem jest weryfikacja wprowadzonych danych za pomoc\u0105 us\u0142ugi Kontomatik lub Instator. Polega ona na zalogowaniu si\u0119 w specjalnym oknie do systemu bankowo\u015bci internetowej. To ca\u0142kowicie bezpieczny i szybki spos\u00f3b na potwierdzenie to\u017csamo\u015bci. Gdy wszystko si\u0119 zgadza, klient niemal natychmiast otrzymuje decyzj\u0119 o przyznaniu po\u017cyczki.<\/p>\n<p>Je\u015bli jest ona pozytywna, wkr\u00f3tce got\u00f3wka pojawi si\u0119 koncie po\u017cyczkobiorcy. Ekspresowy przelew jest mo\u017cliwy, je\u015bli bank, w kt\u00f3rym klient posiada swoje konto, obs\u0142uguje system natychmiastowych p\u0142atno\u015bci Dotpay.<\/p>\n<h2>Sp\u0142ata po\u017cyczki na raty w Via SMS<\/h2>\n<p>Terminowa sp\u0142ata zad\u0142u\u017cenia powinna by\u0107 priorytetem ka\u017cdego po\u017cyczkobiorcy. Klienci Via SMS musz\u0105 uregulowa\u0107 zaci\u0105gni\u0119te zobowi\u0105zanie w ci\u0105gu 30 lub 61 dni w zale\u017cno\u015bci od wybranego terminu sp\u0142aty. Aby sp\u0142aci\u0107 po\u017cyczk\u0119, nale\u017cy dokona\u0107 przelewu na konto wierzyciela lub zalogowa\u0107 si\u0119 w profilu klienta na www.viasms.pl i zrealizowa\u0107 p\u0142atno\u015b\u0107 za pomoc\u0105 us\u0142ugi Przelewy24.<\/p>\n<ul>\n<li>Tytu\u0142 przelewu: sp\u0142ata po\u017cyczki ID klienta<\/li>\n<li>Odbiorca VIA SMS PL<\/li>\n<li>Adres odbiorcy Al. Jerozolimskie 123A, 02-017 Warszawa<\/li>\n<\/ul>\n<h3>Czy mo\u017cliwa jest sp\u0142ata po\u017cyczki ratalnej przed terminem?<\/h3>\n<p>Klient Via SMS ma prawo sp\u0142aci\u0107 zaci\u0105gni\u0119te zobowi\u0105zanie przed terminem okre\u015blonym w umowie. Nie poniesie z tego tytu\u0142u \u017cadnych dodatkowych op\u0142at. Ponadto do 14 dni od momentu dokonania sp\u0142aty ca\u0142kowitej kwoty po\u017cyczki wierzyciel rozliczy koszty zad\u0142u\u017cenia, kt\u00f3re zostan\u0105 zmniejszone proporcjonalnie do liczby dni faktycznego korzystania z po\u017cyczki. Zatem je\u015bli tylko klient ma mo\u017cliwo\u015b\u0107 wcze\u015bniejszego uregulowania d\u0142ugu, powinien z niej skorzysta\u0107, aby zaoszcz\u0119dzi\u0107 na kosztach finansowania.<\/p>\n<h3>Wyd\u0142u\u017cenie terminu sp\u0142aty<\/h3>\n<p>Wydarzenia losowe i nag\u0142e wypadki cz\u0119sto powoduj\u0105 niespodziewane wydatki, kt\u00f3re mog\u0105 znacznie utrudni\u0107 uregulowanie d\u0142ugu. W takiej sytuacji klient Via SMS ma prawo skorzysta\u0107 z mo\u017cliwo\u015bci wyd\u0142u\u017cenia terminu sp\u0142aty zad\u0142u\u017cenia o kolejnych 7, 14 lub 30 dni.<\/p>\n<p>Warunkiem jest jednak uiszczenie odpowiednio wysokiej op\u0142aty za przed\u0142u\u017cenie okresu po\u017cyczki najp\u00f3\u017aniej w ustalonym w umowie pierwotnym dniu sp\u0142aty. Po otrzymaniu p\u0142atno\u015bci wierzyciel informuje po\u017cyczkobiorc\u0119 o przed\u0142u\u017ceniu terminu drog\u0105 sms-ow\u0105 lub mailow\u0105.<\/p>\n<h3>Brak sp\u0142aty \u2013 co, je\u015bli po\u017cyczka nie zostanie sp\u0142acona na czas<\/h3>\n<p>Brak terminowo\u015bci albo \u2013 co gorsza \u2013 ignorowanie obowi\u0105zku sp\u0142aty zaci\u0105gni\u0119tego zobowi\u0105zania zawsze wi\u0105\u017ce si\u0119 z dotkliwymi dla klienta konsekwencjami. Przede wszystkim kwota zad\u0142u\u017cenia natychmiast wzrasta, a nazwisko po\u017cyczkobiorcy niemal natychmiast pojawia si\u0119 w rejestrach d\u0142u\u017cnik\u00f3w. Brak sp\u0142aty po\u017cyczki w Via SMS w ustalonym w umowie terminie skutkuje naliczeniem odsetek karnych oraz wszcz\u0119ciem procedury windykacyjnej, kt\u00f3rej koszty r\u00f3wnie\u017c poniesie d\u0142u\u017cnik.<\/p>\n<h3>Windykacja w Via SMS<\/h3>\n<p>Via SMS podejmuje standardowe kroki maj\u0105ce na celu wyegzekwowanie nale\u017cnych pieni\u0119dzy od po\u017cyczkobiorcy. Pocz\u0105tkowo co klika dni wysy\u0142a monity drog\u0105 smsow\u0105, telefoniczn\u0105 oraz mailow\u0105. Je\u015bli wezwania nie przynosz\u0105 \u017cadnego skutku, czynno\u015bci przejmuje zewn\u0119trzna firma windykacyjna. Kolejnym etapem jest przekazanie sprawy do s\u0105du oraz zaj\u0119cie komornicze.<\/p>\n<h2>Kolejna po\u017cyczka w Via SMS<\/h2>\n<p>Stali klienci firmy wraz z kolejnymi po\u017cyczkami zwi\u0119kszaj\u0105 sw\u00f3j limit zad\u0142u\u017cenia. Pierwsza darmowa po\u017cyczka si\u0119ga 1500 z\u0142, dopiero za pi\u0105tym razem mo\u017cna otrzyma\u0107 4000 z\u0142. Mimo tych ogranicze\u0144 osoby poszukuj\u0105ce mniejszych po\u017cyczek, ch\u0119tnie wracaj\u0105 do firmy po kolejne chwil\u00f3wki.<\/p>\n<p>Aby powt\u00f3rnie zaci\u0105gn\u0105\u0107 zad\u0142u\u017cenie, wystarczy zalogowa\u0107 si\u0119 na profil klienta na stronie www.viasms.pl, wybra\u0107 kwot\u0119 i okres finansowania, a nast\u0119pnie wys\u0142a\u0107 wype\u0142niony wniosek. Po kilku minutach po\u017cyczkobiorca otrzymuje wiadomo\u015b\u0107 SMS z informacj\u0105 o decyzji w sprawie przyznania po\u017cyczki.<\/p>\n<p>W przypadku, gdy jest ona pozytywna, ostatnim krokiem jest zaakceptowanie warunk\u00f3w po\u017cyczki na profilu klienta, po kt\u00f3rym nast\u0119puje natychmiastowy przelew \u015brodk\u00f3w na konto wnioskuj\u0105cego. Via SMS docenia lojalno\u015b\u0107 swoich klient\u00f3w, oferuj\u0105c im atrakcyjne rabaty i promocje.<\/p>\n","protected":false},"excerpt":{"rendered":"<p>Via SMS nale\u017cy do \u0142otewskiej grupy finansowej, kt\u00f3ra powsta\u0142a w 2009 roku. W Polsce firma pojawi\u0142a si\u0119 11 lat temu, [&hellip;]<\/p>\n","protected":false},"author":60,"featured_media":8659,"parent":8676,"menu_order":0,"comment_status":"closed","ping_status":"closed","template":"page_lender.php","meta":{"_acf_changed":false,"yasr_overall_rating":0,"yasr_post_is_review":"","yasr_auto_insert_disabled":"","yasr_review_type":"","footnotes":""},"class_list":["post-8657","page","type-page","status-publish","has-post-thumbnail","hentry"],"acf":[],"yoast_head":"<!-- This site is optimized with the Yoast SEO plugin v27.1.1 - https:\/\/yoast.com\/product\/yoast-seo-wordpress\/ -->\n<title>VIA SMS | Por\u00f3wnywarka finansowa Rankomat<\/title>\n<meta name=\"robots\" content=\"index, follow, max-snippet:-1, max-image-preview:large, max-video-preview:-1\" \/>\n<link rel=\"canonical\" href=\"https:\/\/rankomat.pl\/finanse\/chwilowki\/firma\/via-sms\/\" \/>\n<meta property=\"og:locale\" content=\"pl_PL\" \/>\n<meta property=\"og:type\" content=\"article\" \/>\n<meta property=\"og:title\" content=\"VIA SMS | Por\u00f3wnywarka finansowa Rankomat\" \/>\n<meta property=\"og:description\" content=\"Via SMS nale\u017cy do \u0142otewskiej grupy finansowej, kt\u00f3ra powsta\u0142a w 2009 roku. W Polsce firma pojawi\u0142a si\u0119 11 lat temu, [&hellip;]\" \/>\n<meta property=\"og:url\" content=\"https:\/\/rankomat.pl\/finanse\/chwilowki\/firma\/via-sms\/\" \/>\n<meta property=\"og:site_name\" content=\"Por\u00f3wnywarka finansowa Rankomat\" \/>\n<meta property=\"article:publisher\" content=\"https:\/\/www.facebook.com\/rankomatpl\/\" \/>\n<meta property=\"og:image\" content=\"https:\/\/rankomat.pl\/finanse\/wp-content\/uploads\/2024\/02\/logo-viasms.pl_.png\" \/>\n\t<meta property=\"og:image:width\" content=\"250\" \/>\n\t<meta property=\"og:image:height\" content=\"75\" \/>\n\t<meta property=\"og:image:type\" content=\"image\/png\" \/>\n<meta name=\"twitter:card\" content=\"summary_large_image\" \/>\n<meta name=\"twitter:site\" content=\"@rankomat\" \/>\n<meta name=\"twitter:label1\" content=\"Szacowany czas czytania\" \/>\n\t<meta name=\"twitter:data1\" content=\"9 minut\" \/>\n<script type=\"application\/ld+json\" class=\"yoast-schema-graph\">{\"@context\":\"https:\/\/schema.org\",\"@graph\":[{\"@type\":\"ImageObject\",\"inLanguage\":\"pl-PL\",\"@id\":\"https:\/\/rankomat.pl\/finanse\/chwilowki\/firma\/via-sms\/#primaryimage\",\"url\":\"https:\/\/rankomat.pl\/finanse\/wp-content\/uploads\/2024\/02\/logo-viasms.pl_.png\",\"contentUrl\":\"https:\/\/rankomat.pl\/finanse\/wp-content\/uploads\/2024\/02\/logo-viasms.pl_.png\",\"width\":250,\"height\":75},{\"@type\":\"BreadcrumbList\",\"@id\":\"https:\/\/rankomat.pl\/finanse\/chwilowki\/firma\/via-sms\/#breadcrumb\",\"itemListElement\":[{\"@type\":\"ListItem\",\"position\":1,\"name\":\"Finanse\",\"item\":\"https:\/\/rankomat.pl\/finanse\/\"},{\"@type\":\"ListItem\",\"position\":2,\"name\":\"Chwil\u00f3wki\",\"item\":\"https:\/\/rankomat.pl\/finanse\/chwilowki\/\"},{\"@type\":\"ListItem\",\"position\":3,\"name\":\"Listing firm po\u017cyczkowych\",\"item\":\"https:\/\/rankomat.pl\/finanse\/chwilowki\/firma\/\"},{\"@type\":\"ListItem\",\"position\":4,\"name\":\"VIA SMS\"}]}]}<\/script>\n<!-- \/ Yoast SEO plugin. -->","yoast_head_json":{"title":"VIA SMS | Por\u00f3wnywarka finansowa Rankomat","robots":{"index":"index","follow":"follow","max-snippet":"max-snippet:-1","max-image-preview":"max-image-preview:large","max-video-preview":"max-video-preview:-1"},"canonical":"https:\/\/rankomat.pl\/finanse\/chwilowki\/firma\/via-sms\/","og_locale":"pl_PL","og_type":"article","og_title":"VIA SMS | Por\u00f3wnywarka finansowa Rankomat","og_description":"Via SMS nale\u017cy do \u0142otewskiej grupy finansowej, kt\u00f3ra powsta\u0142a w 2009 roku. W Polsce firma pojawi\u0142a si\u0119 11 lat temu, [&hellip;]","og_url":"https:\/\/rankomat.pl\/finanse\/chwilowki\/firma\/via-sms\/","og_site_name":"Por\u00f3wnywarka finansowa Rankomat","article_publisher":"https:\/\/www.facebook.com\/rankomatpl\/","og_image":[{"width":250,"height":75,"url":"https:\/\/rankomat.pl\/finanse\/wp-content\/uploads\/2024\/02\/logo-viasms.pl_.png","type":"image\/png"}],"twitter_card":"summary_large_image","twitter_site":"@rankomat","twitter_misc":{"Szacowany czas czytania":"9 minut"},"schema":{"@context":"https:\/\/schema.org","@graph":[{"@type":"ImageObject","inLanguage":"pl-PL","@id":"https:\/\/rankomat.pl\/finanse\/chwilowki\/firma\/via-sms\/#primaryimage","url":"https:\/\/rankomat.pl\/finanse\/wp-content\/uploads\/2024\/02\/logo-viasms.pl_.png","contentUrl":"https:\/\/rankomat.pl\/finanse\/wp-content\/uploads\/2024\/02\/logo-viasms.pl_.png","width":250,"height":75},{"@type":"BreadcrumbList","@id":"https:\/\/rankomat.pl\/finanse\/chwilowki\/firma\/via-sms\/#breadcrumb","itemListElement":[{"@type":"ListItem","position":1,"name":"Finanse","item":"https:\/\/rankomat.pl\/finanse\/"},{"@type":"ListItem","position":2,"name":"Chwil\u00f3wki","item":"https:\/\/rankomat.pl\/finanse\/chwilowki\/"},{"@type":"ListItem","position":3,"name":"Listing firm po\u017cyczkowych","item":"https:\/\/rankomat.pl\/finanse\/chwilowki\/firma\/"},{"@type":"ListItem","position":4,"name":"VIA SMS"}]}]}},"yasr_visitor_votes":{"stars_attributes":{"read_only":false,"span_bottom":false},"number_of_votes":0,"sum_votes":0},"_links":{"self":[{"href":"https:\/\/rankomat.pl\/finanse\/wp-json\/wp\/v2\/pages\/8657","targetHints":{"allow":["GET"]}}],"collection":[{"href":"https:\/\/rankomat.pl\/finanse\/wp-json\/wp\/v2\/pages"}],"about":[{"href":"https:\/\/rankomat.pl\/finanse\/wp-json\/wp\/v2\/types\/page"}],"author":[{"embeddable":true,"href":"https:\/\/rankomat.pl\/finanse\/wp-json\/wp\/v2\/users\/60"}],"replies":[{"embeddable":true,"href":"https:\/\/rankomat.pl\/finanse\/wp-json\/wp\/v2\/comments?post=8657"}],"version-history":[{"count":0,"href":"https:\/\/rankomat.pl\/finanse\/wp-json\/wp\/v2\/pages\/8657\/revisions"}],"up":[{"embeddable":true,"href":"https:\/\/rankomat.pl\/finanse\/wp-json\/wp\/v2\/pages\/8676"}],"wp:featuredmedia":[{"embeddable":true,"href":"https:\/\/rankomat.pl\/finanse\/wp-json\/wp\/v2\/media\/8659"}],"wp:attachment":[{"href":"https:\/\/rankomat.pl\/finanse\/wp-json\/wp\/v2\/media?parent=8657"}],"curies":[{"name":"wp","href":"https:\/\/api.w.org\/{rel}","templated":true}]}}