{"id":8710,"date":"2024-02-14T13:26:43","date_gmt":"2024-02-14T12:26:43","guid":{"rendered":"https:\/\/rankomat.pl\/finanse\/?page_id=8710"},"modified":"2024-02-14T13:26:43","modified_gmt":"2024-02-14T12:26:43","slug":"freezl","status":"publish","type":"page","link":"https:\/\/rankomat.pl\/finanse\/chwilowki\/firma\/freezl\/","title":{"rendered":"Freezl"},"content":{"rendered":"<p><strong>Freezl.pl to serwis internetowy, kt\u00f3ry zajmuje si\u0119 udzielaniem kr\u00f3tkoterminowych po\u017cyczek online. Platforma wsp\u00f3\u0142pracuje z kilkoma po\u017cyczkodawcami ( m.in. Dobra Kasa Sp. z o.o., Prosta Po\u017cyczka Sp. z o.o. oraz FINPOMOC Sp. z o.o. z siedzib\u0105 w Warszawie), kt\u00f3rych ofert\u0119 przedstawia klientom.<\/strong><\/p>\n<p>W\u0142a\u015bcicielem serwisu jest firma TAMGACOM LLC, z siedzib\u0105 w Zjednoczonych Emiratach Arabskich, kt\u00f3ra specjalizuje si\u0119 w tego typu platformach finansowych. W swoim portfelu posiada tak\u017ce mark\u0119 Ekassa i Szybka Got\u00f3wka. Freezl dzia\u0142a nie tylko na polskim rynku, z jego us\u0142ug mog\u0105 skorzysta\u0107 tak\u017ce hiszpa\u0144scy klienci.<\/p>\n<h2>Ile mog\u0119 po\u017cyczy\u0107 we Freezl?<\/h2>\n<p>Nowi klienci mog\u0105 po\u017cyczy\u0107 we Freezl od 400 z\u0142 do 5000 z\u0142. Dla sta\u0142ych klient\u00f3w firma przygotowa\u0142a ofert\u0119 po\u017cyczki a\u017c do 15 000 z\u0142.<\/p>\n<h2>Na jak d\u0142ugo mog\u0119 po\u017cyczy\u0107 we Freezl?<\/h2>\n<p>Freezl oferuje dwa okresy sp\u0142aty po\u017cyczki. Swoje zobowi\u0105zanie mo\u017cemy sp\u0142aci\u0107 w ci\u0105gu 30 lub 65 dni. Firma oferuje mo\u017cliwo\u015b\u0107 refinansowania po\u017cyczki, dzi\u0119ki czemu mo\u017cemy wyd\u0142u\u017cy\u0107 czas sp\u0142aty o kolejne 30 dni.<\/p>\n<h2>Jakie s\u0105 koszty po\u017cyczki w Freezl?<\/h2>\n<p>Freezl oferuje po\u017cyczki w bardzo szerokim przedziale, bo od 400 z\u0142 do a\u017c 15 000 z\u0142. W tym zakresie nowi klienci mog\u0105 po\u017cyczy\u0107 maksymalnie 5000 z\u0142.<\/p>\n<p><strong>Po\u017cyczki dla nowych klient\u00f3w s\u0105 bezp\u0142atne, wi\u0119c kalkulacja dla 3000 z\u0142 b\u0119dzie wygl\u0105da\u0107 nast\u0119puj\u0105co:<\/strong><\/p>\n<ul>\n<li>Kwota po\u017cyczki: 3 000 z\u0142,<\/li>\n<li>Czas sp\u0142aty: 30 dni,<\/li>\n<li>Prowizja: 0,00 z\u0142 (poza promocj\u0105 810,00 z\u0142),<\/li>\n<li>Odsetki: 0,00 z\u0142 (poza promocj\u0105 50,40 z\u0142),<\/li>\n<li>Do sp\u0142aty: 3 000,00 z\u0142 (poza promocj\u0105 3860,40 z\u0142),<\/li>\n<li>RRSO: 0% (poza promocj\u0105 2050%).<\/li>\n<\/ul>\n<p>Wspomniana powy\u017cej promocja dotyczy sytuacji, w kt\u00f3rej raty s\u0105 sp\u0142acane terminowo. Po\u017cyczki powy\u017cej 5000 z\u0142 s\u0105 dost\u0119pne jedynie dla sta\u0142ych klient\u00f3w.<strong> Kalkulacja dla po\u017cyczki w kwocie 6000 z\u0142 na 30 dni b\u0119dzie nast\u0119puj\u0105ca:<\/strong><\/p>\n<ul>\n<li>Kwota po\u017cyczki: 6 000 z\u0142,<\/li>\n<li>Czas sp\u0142aty: 30 dni,<\/li>\n<li>Prowizja: 1620,00 z\u0142,<\/li>\n<li>Odsetki: 101,10 z\u0142,<\/li>\n<li>Do sp\u0142aty: 7721,10 z\u0142,<\/li>\n<li>RRSO: 2051%.<\/li>\n<\/ul>\n<p><strong>Sprawd\u017amy, jak prezentuj\u0105 si\u0119 koszty w przypadku nieco wi\u0119kszych po\u017cyczek, przyk\u0142adowo 10 000 z\u0142 na 65 dni:<\/strong><\/p>\n<ul>\n<li>Kwota po\u017cyczki: 10 000 z\u0142,<\/li>\n<li>Czas sp\u0142aty: 65 dni,<\/li>\n<li>Prowizja: 2900,30 z\u0142,<\/li>\n<li>Odsetki: 365,30 z\u0142,<\/li>\n<li>Do sp\u0142aty: 13 265,60 z\u0142,<\/li>\n<li>RRSO: 389%.<\/li>\n<\/ul>\n<h2>Warunki po\u017cyczki we Freezl<\/h2>\n<p>Po\u017cyczk\u0119 we Freezl mo\u017ce otrzyma\u0107 osoba, kt\u00f3ra spe\u0142nia poni\u017csze warunki:<\/p>\n<ul>\n<li>jest obywatelem Rzeczypospolitej Polskiej,<\/li>\n<li>mieszka w Polsce,<\/li>\n<li>uko\u0144czy\u0142a 18 lat,<\/li>\n<li>posiada sta\u0142y doch\u00f3d,<\/li>\n<li>ma aktywny numer telefonu kom\u00f3rkowego oraz adres mailowy,<\/li>\n<li>korzysta z osobistego rachunku bankowego w jednym z polskich bank\u00f3w,<\/li>\n<li>za\u0142o\u017cy\u0142a profil na stronie freezl.pl.<\/li>\n<\/ul>\n<h3>Dokumenty wymagane do otrzymania po\u017cyczki<\/h3>\n<p>Firma nie wymaga przedstawiania dokument\u00f3w potwierdzaj\u0105cych zarobki czy zatrudnienie. Jedynym dokumentem, kt\u00f3ry przyda nam si\u0119 w czasie wype\u0142niania wniosku po\u017cyczkowego, jest dow\u00f3d osobisty. To z niego powinni\u015bmy spisa\u0107 numer i umie\u015bci\u0107 w formularzu po\u017cyczkowym w sekcji przeznaczonej na dane osobowe.<\/p>\n<h3>Formy zatrudnienia<\/h3>\n<p>Freezl przygotowa\u0142 dla nas r\u00f3\u017cnorodne opcje w zakresie okre\u015blenia naszego statusu na rynku pracy. S\u0105 one nast\u0119puj\u0105ce:<\/p>\n<ul>\n<li>zatrudniony na pe\u0142en etat,<\/li>\n<li>zatrudniony na cz\u0119\u015b\u0107 etatu,<\/li>\n<li>samozatrudniony,<\/li>\n<li>zatrudniony na czas okre\u015blony,<\/li>\n<li>student,<\/li>\n<li>na emeryturze,<\/li>\n<li>bezrobotny,<\/li>\n<li>pobiera zasi\u0142ek socjalny,<\/li>\n<li>inne.<\/li>\n<\/ul>\n<p>We wniosku po\u017cyczkowym mo\u017cemy poda\u0107 tylko jedno \u017ar\u00f3d\u0142o zarobk\u00f3w, wi\u0119c musimy wybra\u0107 to, kt\u00f3re przynosi nam najwi\u0119cej dochodu. Stabilno\u015b\u0107 zatrudnienia nie b\u0119dzie mia\u0142a a\u017c takiego znaczenia, je\u015bli jednak mam dwa \u017ar\u00f3d\u0142a dochodu o podobnej wysoko\u015bci zarobk\u00f3w, lepiej wybra\u0107 ten z d\u0142u\u017cszym sta\u017cem.<\/p>\n<h2>Weryfikacja w bazie d\u0142u\u017cnik\u00f3w<\/h2>\n<p>Weryfikacja to jeden z najistotniejszych etap\u00f3w sk\u0142adania wniosku po\u017cyczkowego. Sprawdzenie naszej zdolno\u015bci kredytowej oraz historii w zakresie sp\u0142acania wcze\u015bniejszych zobowi\u0105za\u0144 jest dla wielu firm kluczowa przed podj\u0119ciem decyzji po\u017cyczkowej. Nie inaczej jest w przypadku Freezl, sprawd\u017amy szczeg\u00f3\u0142y.<\/p>\n<h3>Czy Freezl udziela po\u017cyczek na raty bez sprawdzania BIK?<\/h3>\n<p>Nie. Freezl nie udziela po\u017cyczek bez sprawdzania BIK. Podobnie jak wi\u0119kszo\u015b\u0107 firm po\u017cyczkowych obecnych w Polsce, tak\u017ce Freezl sprawdza bazy d\u0142u\u017cnik\u00f3w. Bazy sprawdzane przez t\u0119 firm\u0119 to:<\/p>\n<ul>\n<li>Biuro Informacji Kredytowej S.A. (BIK),<\/li>\n<li>Krajowy Rejestr D\u0142ug\u00f3w S.A. (KRD),<\/li>\n<li>BIG InfoMonitor S.A.<\/li>\n<\/ul>\n<h3>Czy Freezl udziela po\u017cyczek dla zad\u0142u\u017conych?<\/h3>\n<p>Freezl nie posiada w ofercie po\u017cyczek skierowanych bezpo\u015brednio do zad\u0142u\u017conych os\u00f3b. Na stronie po\u017cyczkodawcy nie znajdziemy informacji na temat oczekiwa\u0144 wobec potencjalnych klient\u00f3w. Mo\u017cemy jednak za\u0142o\u017cy\u0107, \u017ce skoro firma nie pisze wprost o zad\u0142u\u017ceniu, jako przeszkodzie w otrzymaniu po\u017cyczki, to ka\u017cdy wniosek b\u0119dzie oceniany indywidualnie pod tym k\u0105tem. Taki wniosek mo\u017cemy wysnu\u0107 tak\u017ce na podstawie polityki sp\u00f3\u0142ki TAMGACOM LLC w przypadku innych swoich marek (Ekassa, Szybka Got\u00f3wka).<\/p>\n<h3>Czy w Freezl mo\u017cna wzi\u0105\u0107 po\u017cyczk\u0119 z komornikiem?<\/h3>\n<p>Firma nie precyzuje, czy klient z zad\u0142u\u017ceniem komorniczym ma u niej szans\u0119 na po\u017cyczk\u0119. Wynika to zapewne z tego, \u017ce ka\u017cdy wniosek jest oceniany indywidualnie na podstawie autorskiego algorytmu. Na zdolno\u015b\u0107 kredytow\u0105 sk\u0142ada si\u0119 bardzo wiele czynnik\u00f3w, od \u015bci\u015ble demograficznych (np. wiek, wykszta\u0142cenie) do indywidualnych (wysoko\u015b\u0107 zarobk\u00f3w, obecno\u015b\u0107 i charakter innych zobowi\u0105za\u0144). To oznacza, \u017ce chocia\u017c zad\u0142u\u017cenie na etapie komorniczym jest bardzo du\u017cym obci\u0105\u017ceniem dla naszej zdolno\u015bci kredytowej, to nie w ka\u017cdej sytuacji musi j\u0105 przekre\u015bla\u0107. Je\u015bli jeste\u015bmy w takiej sytuacji, warto jednak zastanowi\u0107 si\u0119 nad tym, czy kolejna po\u017cyczka b\u0119dzie na pewno odpowiednim rozwi\u0105zaniem.<\/p>\n<h2>Jak wzi\u0105\u0107 po\u017cyczk\u0119 w Freezl?<\/h2>\n<p>Nie bez przyczyny Freezl okre\u015bla sw\u00f3j produkt jako \u201cszybk\u0105 po\u017cyczk\u0119 online\u201d. Proces ubiegania si\u0119 o po\u017cyczk\u0119 jest w ca\u0142o\u015bci dost\u0119pny przez internet, wniosek mo\u017cemy z\u0142o\u017cy\u0107 ca\u0142odobowo, a sam formularz jest bardzo prosty. Poni\u017cej pokazujemy, jak w kilku krokach mo\u017cemy ubiega\u0107 si\u0119 o po\u017cyczk\u0119 we Freezl.<\/p>\n<p><strong>Krok 1 Wybranie kwoty i czasu sp\u0142aty<\/strong><\/p>\n<p>Mo\u017cemy to zrobi\u0107 na suwaku widocznym na g\u0142\u00f3wnej stronie po\u017cyczkodawcy. Kwot\u0119 wybierzemy z przedzia\u0142u 400 \u2013 5000 z\u0142 (wi\u0119ksze kwoty s\u0105 dost\u0119pne dla sta\u0142ych klient\u00f3w, po zalogowaniu). Czas sp\u0142aty mo\u017cemy ustawi\u0107 na 30 albo 65 dni, nie mamy mo\u017cliwo\u015bci wybrania okresu pomi\u0119dzy nimi.<\/p>\n<p><strong>Krok 2 Formularz: podstawowe dane<\/strong><\/p>\n<p>Wniosek po\u017cyczkowy nie jest d\u0142ugi, ale podzielony na wygodne sekcje tematyczne. Interesuj\u0105ca jest mo\u017cliwo\u015b\u0107 wprowadzenia odpowiedzi g\u0142osowo, co jest bardzo rzadko spotykane w innych firmach po\u017cyczkowych. Pierwsza sekcja to podstawowe dane osobowe, w kt\u00f3rych zostaniemy zapytani o:<\/p>\n<ul>\n<li>imi\u0119, nazwisko,<\/li>\n<li>dane do rejestracji konta (adres e-mail jako login, has\u0142o),<\/li>\n<li>numer PESEL,<\/li>\n<li>numer telefonu,<\/li>\n<li>seria i numer dowodu osobistego.<\/li>\n<li>Znajdziemy te\u017c pytanie \u201cCzy masz prawo jazdy?\u201d, kt\u00f3rego obecno\u015b\u0107 jest do\u015b\u0107 zaskakuj\u0105ca, poniewa\u017c nie jest osadzone w \u017cadnym kontek\u015bcie i nie do ko\u0144ca wiadomo, czemu s\u0142u\u017cy.<\/li>\n<\/ul>\n<p><strong>Krok 3 Formularz: dane adresowe<\/strong><\/p>\n<p>To druga cz\u0119\u015b\u0107 wniosku, w kt\u00f3rej zostaniemy poproszeni o podanie danych dotycz\u0105cych zameldowania. Warto zwr\u00f3ci\u0107 uwag\u0119 na to, \u017ce nie zostaniemy zapytani o adres korespondencyjny. R\u00f3wnie\u017c w profilu nie b\u0119dziemy mie\u0107 mo\u017cliwo\u015bci wprowadzenia dodatkowego adresu do korespondencji. W tej sekcji wniosku czekaj\u0105 na nas pytania o:<\/p>\n<ul>\n<li>kod pocztowy,<\/li>\n<li>ulic\u0119,<\/li>\n<li>miasto,<\/li>\n<li>numer domu,<\/li>\n<li>numer mieszkania,<\/li>\n<li>ponownie numer telefonu.<\/li>\n<\/ul>\n<p><strong>Krok 4 Formularz: dane finansowe<\/strong><\/p>\n<p>To ju\u017c ostatnia cz\u0119\u015b\u0107 wniosku po\u017cyczkowego. To w niej powinni\u015bmy wprowadzi\u0107 najistotniejsze, w procesie ubiegania si\u0119 o po\u017cyczk\u0119, dane:<\/p>\n<ul>\n<li>wykszta\u0142cenie,<\/li>\n<li>zatrudnienie,<\/li>\n<li>rodzaj dzia\u0142alno\u015bci \u2013 tutaj do wyboru b\u0119dziemy mie\u0107 ponad 20 bran\u017c, m.in. energetyk\u0119, dziennikarstwo, si\u0142y zbrojne, handel itd.,<\/li>\n<li>doch\u00f3d miesi\u0119czny netto,<\/li>\n<li>zatrudniony od \u2013 przedzia\u0142y od \u201cponi\u017cej 6 miesi\u0119cy\u201d do \u201cpowy\u017cej 10 lat\u201d,<\/li>\n<li>suma wszystkich miesi\u0119cznych rat innych kredyt\u00f3w,<\/li>\n<li>\u0142\u0105czny limit kart kredytowych.<\/li>\n<\/ul>\n<p><strong>Krok 5 Wyra\u017cenie zg\u00f3d i potwierdzenie zapoznania si\u0119 z dokumentami<\/strong><\/p>\n<p>W tym punkcie zaznaczamy zbiorczo (lub pojedynczo, ta opcja jest dost\u0119pna po rozwini\u0119ciu listy) check-boxy przy nast\u0119puj\u0105cych punktach:<\/p>\n<ul>\n<li>zgoda na przetwarzanie danych osobowych,<\/li>\n<li>potwierdzenie zapoznania si\u0119 z umow\u0105 i regulaminami,<\/li>\n<li>udzielenie upowa\u017cnienia do weryfikacji w bazach d\u0142u\u017cnik\u00f3w,<\/li>\n<li>udzielenie pe\u0142nomocnictwa na udost\u0119pnienie informacji do BIK,<\/li>\n<\/ul>\n<p><strong>Krok 6 Dodanie zdj\u0119cia<\/strong><\/p>\n<p>To punkt, kt\u00f3ry zdecydowanie wyr\u00f3\u017cnia si\u0119 na tle innych wniosk\u00f3w po\u017cyczkowych. Intryguj\u0105ca jest zw\u0142aszcza informacja: \u201cUmieszczenie w\u0142asnego zdj\u0119cia na swoim profilu o 50% zwi\u0119ksza szanse na pozytywn\u0105 decyzj\u0119 o po\u017cyczce\u201d. Punkt mo\u017cna pomin\u0105\u0107.<\/p>\n<p><strong>Krok 7 Weryfikacja bankowa<\/strong><\/p>\n<p>To ostatni punkt, w kt\u00f3rym dzia\u0142anie le\u017cy po naszej stronie. \u017beby potwierdzi\u0107 swoj\u0105 to\u017csamo\u015b\u0107, zostaniemy poproszeni o weryfikacj\u0119 konta bankowego za pomoc\u0105 aplikacji Wurmie. To w pe\u0142ni bezpieczny spos\u00f3b, dzi\u0119ki kt\u00f3remu nie tylko potwierdzimy swoj\u0105 to\u017csamo\u015b\u0107, ale tak\u017ce przeka\u017cemy informacje na temat aktywno\u015bci konta. To dodatkowo potwierdzi nasze zarobki i sytuacj\u0119 finansow\u0105. Warto zaznaczy\u0107, \u017ce aplikacja nie ma dost\u0119pu do naszych \u015brodk\u00f3w i nie mo\u017ce realizowa\u0107 \u017cadnych transakcji.<\/p>\n<p>Krok 8 Decyzja po\u017cyczkowa i przelanie \u015brodk\u00f3w<\/p>\n<p>Po pozytywnej weryfikacji nast\u0105pi ocena naszego wniosku. Z regu\u0142y trwa ona kilkana\u015bcie minut. Je\u015bli algorytm nie b\u0119dzie w stanie oceni\u0107 naszej aplikacji na podstawie przekazanych danych lub je\u015bli firma b\u0119dzie mia\u0142a jakiekolwiek pytania w sprawie naszego wniosku, otrzymamy stosown\u0105 wiadomo\u015b\u0107 mailow\u0105.<\/p>\n<h2>Sp\u0142ata po\u017cyczki na raty w Freezl<\/h2>\n<p>Zanim z\u0142o\u017cymy wniosek o po\u017cyczk\u0119, warto zapozna\u0107 si\u0119 nie tylko z warunkami jej otrzymania, ale tak\u017ce sp\u0142aty. Jak sp\u0142acanie po\u017cyczki wygl\u0105da we Freezl? Sprawd\u017amy!<\/p>\n<h3>Czy mo\u017cliwa jest sp\u0142ata po\u017cyczki przed terminem?<\/h3>\n<p>Tak, wcze\u015bniejsza sp\u0142ata zobowi\u0105zania to jedno z podstawowych praw, kt\u00f3re mamy jako po\u017cyczkobiorcy. Po\u017cyczk\u0119 mo\u017cemy sp\u0142aci\u0107 cz\u0119\u015bciowo lub w ca\u0142o\u015bci. O swoim zamiarze nie musimy informowa\u0107 po\u017cyczkodawcy, chocia\u017c wiele firm prosi o wcze\u015bniejszy kontakt, by odpowiednio przeliczy\u0107 koszty po\u017cyczki. One bowiem zmieniaj\u0105 si\u0119 w zale\u017cno\u015bci od czasu trwania umowy. Sp\u0142acaj\u0105c po\u017cyczk\u0119 wcze\u015bniej, skracamy umow\u0119, a wi\u0119c tak\u017ce zmniejszamy kwot\u0119 do sp\u0142aty.<\/p>\n<h3>Wyd\u0142u\u017cenie terminu sp\u0142aty<\/h3>\n<p>Freezl nie daje mo\u017cliwo\u015bci przesuni\u0119cia terminu sp\u0142aty, ale dla klient\u00f3w maj\u0105cych trudno\u015b\u0107 z terminow\u0105 sp\u0142at\u0105 przygotowa\u0142o ofert\u0119 refinansowania po\u017cyczki. Oznacza to sp\u0142at\u0119 obecnego zobowi\u0105zania przez zaci\u0105gni\u0119cie nast\u0119pnego, a ca\u0142e dzia\u0142anie jest realizowane za po\u015brednictwem Freezl. Dzi\u0119ki temu b\u0119dziemy mie\u0107 wi\u0119cej czasu na sp\u0142acenie zobowi\u0105zania, za\u015b po\u017cyczkodawca nie musi si\u0119 martwi\u0107 o swoje pieni\u0105dze. Opcja ta wi\u0105\u017ce si\u0119 z dodatkow\u0105 op\u0142at\u0105, szczeg\u00f3\u0142y znajdziemy w umowie po\u017cyczkowej lub uzyskamy kontaktuj\u0105c si\u0119 z po\u017cyczkodawc\u0105.<\/p>\n<p>Co ciekawe Freezl przewiduje tak\u0105 mo\u017cliwo\u015b\u0107 ju\u017c w momencie wnioskowania o po\u017cyczk\u0119. Jednym z dokument\u00f3w umieszczonych w formularzu po\u017cyczkowym jest \u201cWniosek o refinansowanie po\u017cyczki\u201d, w kt\u00f3rym o\u015bwiadczamy, \u017ce \u201csk\u0142adamy wniosek o wyszukanie i zaproponowanie Po\u017cyczkodawcy, kt\u00f3ry jest w stanie zaakceptowa\u0107 m\u00f3j wniosek o po\u017cyczk\u0119\u201d. Refinansowanie jest oczywi\u015bcie opcjonalne, nie musimy z niego korzysta\u0107, jednak taki dokument u\u0142atwia nam aplikowanie, je\u015bli ju\u017c si\u0119 na to zdecydujemy.<\/p>\n<h3>Brak sp\u0142aty \u2013 co je\u015bli po\u017cyczka nie zostanie sp\u0142acona na czas<\/h3>\n<p>Je\u015bli nie sp\u0142acamy po\u017cyczki terminowo, mo\u017cemy liczy\u0107 si\u0119 z szeregiem konsekwencji. Najwa\u017cniejsze z nich to:<\/p>\n<ul>\n<li><strong>narastaj\u0105ce odsetki<\/strong> \u2013 wed\u0142ug polskich przepis\u00f3w i zgodnie z zapisem w umowie z Freezl s\u0105 one naliczane nast\u0119puj\u0105co: \u201codsetki za czas op\u00f3\u017anienia naliczane s\u0105 w wysoko\u015bci odsetek maksymalnych za op\u00f3\u017anienie okre\u015blonych w art. 481 \u00a7 2 Kodeksu cywilnego, tj. dwukrotno\u015bci wysoko\u015bci odsetek ustawowych za op\u00f3\u017anienie (odsetki ustawowe za op\u00f3\u017anienie wynosz\u0105 sum\u0119 stopy referencyjnej Narodowego Banku Polskiego i 5,5 punkt\u00f3w procentowych).\u201d;<\/li>\n<li><strong>monity<\/strong> \u2013 przypomnienia o p\u0142atno\u015bci w formie SMS, e-mail, pisemnej i telefonicznej. Ich celem jest skuteczne nawi\u0105zanie kontaktu i ustalenie formy sp\u0142aty, dlatego potrafi\u0105 by\u0107 bardzo cz\u0119ste i natarczywe. Dotyczy to zw\u0142aszcza sytuacji, w kt\u00f3rych kontakt z nami przejmuje zewn\u0119trzna firma windykacyjna. Nie warto ich jednak unika\u0107, poniewa\u017c im d\u0142u\u017cej zwlekamy ze sp\u0142at\u0105 i im bardziej utrudniamy kontakt, tym gorsza jest nasza sytuacja;<\/li>\n<li><strong>wpis do baz d\u0142u\u017cnik\u00f3w<\/strong> \u2013 je\u015bli zad\u0142u\u017cenie spe\u0142nia \u0142\u0105cznie podstawowe warunki wpisania do rejestru (zaleg\u0142o\u015b\u0107 min. 200 z\u0142, przekroczenie terminu p\u0142atno\u015bci o 60 dni oraz przes\u0142anie do d\u0142u\u017cnika listu poleconego z wezwaniem do zap\u0142aty) to po miesi\u0105cu od daty wys\u0142ania listu informacja o zaleg\u0142o\u015bci trafi do rejestr\u00f3w d\u0142u\u017cnik\u00f3w;<\/li>\n<li><strong>przekazanie sprawy do s\u0105du i egzekucja komornicza<\/strong> \u2013 to ostatni etap odzyskania nale\u017cno\u015bci, kt\u00f3ry zostaje wdro\u017cony, gdy poprzednie \u015brodki nie przynios\u0105 oczekiwanego skutku. Wi\u0105\u017ce si\u0119 z rosn\u0105cymi odsetkami, wpisem do rejestru d\u0142u\u017cnik\u00f3w oraz konieczno\u015bci\u0105 uiszczenia op\u0142at s\u0105dowych, a w sytuacji dalszego zwlekania z uregulowaniem nale\u017cno\u015bci, tak\u017ce egzekucj\u0105 komornicz\u0105.<\/li>\n<\/ul>\n<h3>Windykacja w Freezl<\/h3>\n<p>W\u015br\u00f3d wymienionych powy\u017cej konsekwencji braku sp\u0142aty w terminie s\u0105 dzia\u0142ania windykacyjne. Na pocz\u0105tkowym etapie zajmuje si\u0119 nimi wewn\u0119trzny dzia\u0142 we Freezl, nast\u0119pnie sprawa jest przekazywana do firmy zewn\u0119trznej. W ramach dzia\u0142a\u0144 obu tych podmiot\u00f3w mo\u017cemy spodziewa\u0107 si\u0119 wiadomo\u015bci mailowych, telefonicznych i SMS. Otrzymamy tak\u017ce pisma drog\u0105 tradycyjn\u0105, bo to jeden z wymienionych w ustawie element\u00f3w koniecznych do przeprowadzenia dalszych procedur zwi\u0105zanych m.in. z przes\u0142aniem informacji o zaleg\u0142o\u015bci do rejestr\u00f3w d\u0142u\u017cnik\u00f3w. Je\u015bli te dzia\u0142ania nie przynios\u0105 efektu, sprawa zostanie skierowana na drog\u0119 s\u0105dow\u0105.<\/p>\n<h2>Kolejna po\u017cyczka w Freezl<\/h2>\n<p>Wniosek o kolejn\u0105 po\u017cyczk\u0119 mo\u017cemy z\u0142o\u017cy\u0107 po sp\u0142aceniu aktualnego zobowi\u0105zania. Mo\u017cemy to zrobi\u0107 na trzy sposoby:<\/p>\n<ul>\n<li>przez SMS \u2013 to najszybszy spos\u00f3b na otrzymanie pieni\u0119dzy dla sta\u0142ych klient\u00f3w. Musimy jedynie wys\u0142a\u0107 SMS na numer 4340 o tre\u015bci POZYCZKA_ Kwota Po\u017cyczki_Termin sp\u0142aty po\u017cyczki w dniach (np. POZYCZKA_1500_30);<\/li>\n<li>przez telefon \u2013 ta opcja jest r\u00f3wnie\u017c dost\u0119pna dla sta\u0142ych klient\u00f3w, kt\u00f3rzy akurat nie mog\u0105 z\u0142o\u017cy\u0107 wniosku przez internet. Wystarczy zadzwoni\u0107 pod numer 228738073, a konsultanci Freezl wype\u0142ni\u0105 wniosek za nas;<\/li>\n<li>wniosek online \u2013 ta mo\u017cliwo\u015b\u0107 jest dost\u0119pna zar\u00f3wno dla nowych jak i sta\u0142ych klient\u00f3w. Klienci ubiegaj\u0105cy si\u0119 o kolejn\u0105 po\u017cyczk\u0119 nie musz\u0105 ponownie przechodzi\u0107 procesu weryfikacji, za\u015b proces otrzymania decyzji po\u017cyczkowej i przelania \u015brodk\u00f3w zajmuje tylko minut\u0119.<\/li>\n<\/ul>\n","protected":false},"excerpt":{"rendered":"<p>Freezl.pl to serwis internetowy, kt\u00f3ry zajmuje si\u0119 udzielaniem kr\u00f3tkoterminowych po\u017cyczek online. Platforma wsp\u00f3\u0142pracuje z kilkoma po\u017cyczkodawcami ( m.in. Dobra Kasa [&hellip;]<\/p>\n","protected":false},"author":60,"featured_media":8713,"parent":8676,"menu_order":0,"comment_status":"closed","ping_status":"closed","template":"page_lender.php","meta":{"_acf_changed":false,"yasr_overall_rating":0,"yasr_post_is_review":"","yasr_auto_insert_disabled":"","yasr_review_type":"","footnotes":""},"class_list":["post-8710","page","type-page","status-publish","has-post-thumbnail","hentry"],"acf":[],"yoast_head":"<!-- This site is optimized with the Yoast SEO plugin v27.1.1 - https:\/\/yoast.com\/product\/yoast-seo-wordpress\/ -->\n<title>Freezl | Por\u00f3wnywarka finansowa Rankomat<\/title>\n<meta name=\"robots\" content=\"index, follow, max-snippet:-1, max-image-preview:large, max-video-preview:-1\" \/>\n<link rel=\"canonical\" href=\"https:\/\/rankomat.pl\/finanse\/chwilowki\/firma\/freezl\/\" \/>\n<meta property=\"og:locale\" content=\"pl_PL\" \/>\n<meta property=\"og:type\" content=\"article\" \/>\n<meta property=\"og:title\" content=\"Freezl | Por\u00f3wnywarka finansowa Rankomat\" \/>\n<meta property=\"og:description\" content=\"Freezl.pl to serwis internetowy, kt\u00f3ry zajmuje si\u0119 udzielaniem kr\u00f3tkoterminowych po\u017cyczek online. Platforma wsp\u00f3\u0142pracuje z kilkoma po\u017cyczkodawcami ( m.in. Dobra Kasa [&hellip;]\" \/>\n<meta property=\"og:url\" content=\"https:\/\/rankomat.pl\/finanse\/chwilowki\/firma\/freezl\/\" \/>\n<meta property=\"og:site_name\" content=\"Por\u00f3wnywarka finansowa Rankomat\" \/>\n<meta property=\"article:publisher\" content=\"https:\/\/www.facebook.com\/rankomatpl\/\" \/>\n<meta property=\"og:image\" content=\"https:\/\/rankomat.pl\/finanse\/wp-content\/uploads\/2024\/02\/logo-freezl.png\" \/>\n\t<meta property=\"og:image:width\" content=\"250\" \/>\n\t<meta property=\"og:image:height\" content=\"75\" \/>\n\t<meta property=\"og:image:type\" content=\"image\/png\" \/>\n<meta name=\"twitter:card\" content=\"summary_large_image\" \/>\n<meta name=\"twitter:site\" content=\"@rankomat\" \/>\n<meta name=\"twitter:label1\" content=\"Szacowany czas czytania\" \/>\n\t<meta name=\"twitter:data1\" content=\"12 minut\" \/>\n<script type=\"application\/ld+json\" class=\"yoast-schema-graph\">{\"@context\":\"https:\/\/schema.org\",\"@graph\":[{\"@type\":\"ImageObject\",\"inLanguage\":\"pl-PL\",\"@id\":\"https:\/\/rankomat.pl\/finanse\/chwilowki\/firma\/freezl\/#primaryimage\",\"url\":\"https:\/\/rankomat.pl\/finanse\/wp-content\/uploads\/2024\/02\/logo-freezl.png\",\"contentUrl\":\"https:\/\/rankomat.pl\/finanse\/wp-content\/uploads\/2024\/02\/logo-freezl.png\",\"width\":250,\"height\":75,\"caption\":\"logo freezl\"},{\"@type\":\"BreadcrumbList\",\"@id\":\"https:\/\/rankomat.pl\/finanse\/chwilowki\/firma\/freezl\/#breadcrumb\",\"itemListElement\":[{\"@type\":\"ListItem\",\"position\":1,\"name\":\"Finanse\",\"item\":\"https:\/\/rankomat.pl\/finanse\/\"},{\"@type\":\"ListItem\",\"position\":2,\"name\":\"Chwil\u00f3wki\",\"item\":\"https:\/\/rankomat.pl\/finanse\/chwilowki\/\"},{\"@type\":\"ListItem\",\"position\":3,\"name\":\"Listing firm po\u017cyczkowych\",\"item\":\"https:\/\/rankomat.pl\/finanse\/chwilowki\/firma\/\"},{\"@type\":\"ListItem\",\"position\":4,\"name\":\"Freezl\"}]}]}<\/script>\n<!-- \/ Yoast SEO plugin. -->","yoast_head_json":{"title":"Freezl | Por\u00f3wnywarka finansowa Rankomat","robots":{"index":"index","follow":"follow","max-snippet":"max-snippet:-1","max-image-preview":"max-image-preview:large","max-video-preview":"max-video-preview:-1"},"canonical":"https:\/\/rankomat.pl\/finanse\/chwilowki\/firma\/freezl\/","og_locale":"pl_PL","og_type":"article","og_title":"Freezl | Por\u00f3wnywarka finansowa Rankomat","og_description":"Freezl.pl to serwis internetowy, kt\u00f3ry zajmuje si\u0119 udzielaniem kr\u00f3tkoterminowych po\u017cyczek online. Platforma wsp\u00f3\u0142pracuje z kilkoma po\u017cyczkodawcami ( m.in. Dobra Kasa [&hellip;]","og_url":"https:\/\/rankomat.pl\/finanse\/chwilowki\/firma\/freezl\/","og_site_name":"Por\u00f3wnywarka finansowa Rankomat","article_publisher":"https:\/\/www.facebook.com\/rankomatpl\/","og_image":[{"width":250,"height":75,"url":"https:\/\/rankomat.pl\/finanse\/wp-content\/uploads\/2024\/02\/logo-freezl.png","type":"image\/png"}],"twitter_card":"summary_large_image","twitter_site":"@rankomat","twitter_misc":{"Szacowany czas czytania":"12 minut"},"schema":{"@context":"https:\/\/schema.org","@graph":[{"@type":"ImageObject","inLanguage":"pl-PL","@id":"https:\/\/rankomat.pl\/finanse\/chwilowki\/firma\/freezl\/#primaryimage","url":"https:\/\/rankomat.pl\/finanse\/wp-content\/uploads\/2024\/02\/logo-freezl.png","contentUrl":"https:\/\/rankomat.pl\/finanse\/wp-content\/uploads\/2024\/02\/logo-freezl.png","width":250,"height":75,"caption":"logo freezl"},{"@type":"BreadcrumbList","@id":"https:\/\/rankomat.pl\/finanse\/chwilowki\/firma\/freezl\/#breadcrumb","itemListElement":[{"@type":"ListItem","position":1,"name":"Finanse","item":"https:\/\/rankomat.pl\/finanse\/"},{"@type":"ListItem","position":2,"name":"Chwil\u00f3wki","item":"https:\/\/rankomat.pl\/finanse\/chwilowki\/"},{"@type":"ListItem","position":3,"name":"Listing firm po\u017cyczkowych","item":"https:\/\/rankomat.pl\/finanse\/chwilowki\/firma\/"},{"@type":"ListItem","position":4,"name":"Freezl"}]}]}},"yasr_visitor_votes":{"stars_attributes":{"read_only":false,"span_bottom":false},"number_of_votes":1,"sum_votes":5},"_links":{"self":[{"href":"https:\/\/rankomat.pl\/finanse\/wp-json\/wp\/v2\/pages\/8710","targetHints":{"allow":["GET"]}}],"collection":[{"href":"https:\/\/rankomat.pl\/finanse\/wp-json\/wp\/v2\/pages"}],"about":[{"href":"https:\/\/rankomat.pl\/finanse\/wp-json\/wp\/v2\/types\/page"}],"author":[{"embeddable":true,"href":"https:\/\/rankomat.pl\/finanse\/wp-json\/wp\/v2\/users\/60"}],"replies":[{"embeddable":true,"href":"https:\/\/rankomat.pl\/finanse\/wp-json\/wp\/v2\/comments?post=8710"}],"version-history":[{"count":0,"href":"https:\/\/rankomat.pl\/finanse\/wp-json\/wp\/v2\/pages\/8710\/revisions"}],"up":[{"embeddable":true,"href":"https:\/\/rankomat.pl\/finanse\/wp-json\/wp\/v2\/pages\/8676"}],"wp:featuredmedia":[{"embeddable":true,"href":"https:\/\/rankomat.pl\/finanse\/wp-json\/wp\/v2\/media\/8713"}],"wp:attachment":[{"href":"https:\/\/rankomat.pl\/finanse\/wp-json\/wp\/v2\/media?parent=8710"}],"curies":[{"name":"wp","href":"https:\/\/api.w.org\/{rel}","templated":true}]}}