{"id":8717,"date":"2024-02-14T13:22:04","date_gmt":"2024-02-14T12:22:04","guid":{"rendered":"https:\/\/rankomat.pl\/finanse\/?page_id=8717"},"modified":"2024-02-14T13:26:01","modified_gmt":"2024-02-14T12:26:01","slug":"szybka-gotowka","status":"publish","type":"page","link":"https:\/\/rankomat.pl\/finanse\/chwilowki\/firma\/szybka-gotowka\/","title":{"rendered":"Szybka Got\u00f3wka"},"content":{"rendered":"<p><strong>Obecna na rynku po\u017cyczek pozabankowych od 6 lat Szybka Got\u00f3wka to platforma, kt\u00f3rej tw\u00f3rcy postawili sobie za cel wprowadzania rozwi\u0105za\u0144, \u201edzi\u0119ki kt\u00f3rym popularne chwil\u00f3wki zyskuj\u0105 zupe\u0142nie now\u0105 jako\u015b\u0107\u201d. I rzeczywi\u015bcie, chocia\u017c trzon jej oferty stanowi\u0105 po\u017cyczki na kr\u00f3tki termin (30 dni), niekt\u00f3rzy klienci mog\u0105 liczy\u0107 na wyj\u0105tek od tej regu\u0142y.<\/strong><\/p>\n<p>Z us\u0142ug platformy Szybka Got\u00f3wka skorzysta\u0142o do tej pory ponad milion klient\u00f3w, a ponad po\u0142owa z nich zdecydowa\u0142a si\u0119 ponownie po\u017cyczy\u0107 tu \u015brodki.<\/p>\n<h2>le mog\u0119 po\u017cyczy\u0107 w Szybka Got\u00f3wka?<\/h2>\n<p>Na platformie Szybka Po\u017cyczka obowi\u0105zuj\u0105 dwa limity kwot \u2013 dla nowych i sta\u0142ych klient\u00f3w. Ci pierwsi mog\u0105 po\u017cyczy\u0107 do 5.000 z\u0142, drudzy \u2013 nawet 15 .000 z\u0142.<\/p>\n<p>Dodatkowo klienci maj\u0105 mo\u017cliwo\u015b\u0107 refinansowania swojego zobowi\u0105zania na 7 lub 30 dni w razie gdyby pojawi\u0142y si\u0119 nieoczekiwane problemy ze sp\u0142at\u0105.<\/p>\n<h2>Na jak d\u0142ugo mog\u0119 po\u017cyczy\u0107 w Szybka Got\u00f3wka?<\/h2>\n<p>Szybka Got\u00f3wka udziela po\u017cyczek na 30 lub 65 dni, jednak ten drugi wariant jest dost\u0119pny wy\u0142\u0105cznie dla niekt\u00f3rych sta\u0142ych klient\u00f3w. Ocen\u0119 tego, na jak d\u0142ugo mo\u017cna po\u017cyczy\u0107 \u015brodki danej osobie przeprowadza system, a informacje dotycz\u0105ce maksymalnego dost\u0119pnego terminu sp\u0142aty s\u0105 dost\u0119pne po zalogowaniu na konto.<\/p>\n<h2>Jakie s\u0105 koszty po\u017cyczki w Szybka Got\u00f3wka?<\/h2>\n<p>Nowi klienci mog\u0105 po\u017cyczy\u0107 tutaj do 5.000 z\u0142 zupe\u0142nie za darmo. Jest jednak jeden warunek: aby otrzyma\u0107 taki rabat, musz\u0105 sp\u0142aci\u0107 zobowi\u0105zanie bez \u017cadnych op\u00f3\u017anie\u0144.<\/p>\n<p><strong>Pierwsza po\u017cyczka w Szybka Got\u00f3wka na 5.000 z\u0142 (w przypadku terminowej sp\u0142aty)<\/strong><\/p>\n<ul>\n<li>Kwota po\u017cyczki: 5.000 z\u0142<\/li>\n<li>Termin sp\u0142aty: 30 dni<\/li>\n<li>Odsetki: 0 z\u0142<\/li>\n<li>Prowizja: 0 z\u0142<\/li>\n<li>RRSO: 0%<\/li>\n<li>Ca\u0142kowita kwota do sp\u0142aty: 5.000 z\u0142<\/li>\n<\/ul>\n<p><strong>Pierwsza po\u017cyczka w Szybka Got\u00f3wka na 5.000 z\u0142 (warunki standardowe)<\/strong><\/p>\n<ul>\n<li>Kwota po\u017cyczki: 5.000 z\u0142<\/li>\n<li>Termin sp\u0142aty: 30 dni<\/li>\n<li>Odsetki: 82,20 z\u0142<\/li>\n<li>Prowizja: 1.350 z\u0142<\/li>\n<li>RRSO: 2042%<\/li>\n<li>Ca\u0142kowita kwota do sp\u0142aty: 6.432,20 z\u0142<\/li>\n<\/ul>\n<p><strong>Kolejna po\u017cyczka w Szybka Got\u00f3wka na 7.500 z\u0142<\/strong><\/p>\n<ul>\n<li>Kwota po\u017cyczki: 7.500 z\u0142<\/li>\n<li>Termin sp\u0142aty: 30 dni<\/li>\n<li>Odsetki: 123,30 z\u0142<\/li>\n<li>Prowizja: 2.025 z\u0142<\/li>\n<li>RRSO: 2042%<\/li>\n<li>Ca\u0142kowita kwota do sp\u0142aty: 9.648,30 z\u0142<\/li>\n<\/ul>\n<p>Kalkulacj\u0119 przeprowadzili\u015bmy 16 wrze\u015bnia 2022 roku, korzystaj\u0105c z kalkulatora zamieszczonego na stronie po\u017cyczkodawcy.<\/p>\n<p>Warto w tym miejscu podkre\u015bli\u0107, \u017ce Szybka Got\u00f3wka organizuje dla klient\u00f3w cykliczne promocje z kodami promocyjnymi. Obejmuj\u0105 one m.in. gwarantowane zni\u017cki na po\u017cyczki.<\/p>\n<h2>Warunki otrzymania po\u017cyczki w Szybka Got\u00f3wka<\/h2>\n<p>Podstawowe wymagania wzgl\u0119dem po\u017cyczkobiorc\u00f3w s\u0105 nast\u0119puj\u0105ce:<\/p>\n<ul>\n<li>Uko\u0144czone 18 lat<\/li>\n<li>Wa\u017cny dow\u00f3d osobisty<\/li>\n<li>Posiadanie w\u0142asnego konta w jednym z bank\u00f3w dzia\u0142aj\u0105cych w Polsce<\/li>\n<li>Aktywny numer telefonu kom\u00f3rkowego<\/li>\n<li>Adres poczty elektronicznej<\/li>\n<li>Brak zaleg\u0142o\u015bci w sp\u0142acie innych zobowi\u0105za\u0144<\/li>\n<li>Sta\u0142y doch\u00f3d<\/li>\n<\/ul>\n<h3>Dokumenty wymagane do otrzymania po\u017cyczki<\/h3>\n<p>Do wnioskowania o finansowe wsparcie w Szybka Got\u00f3wka wystarczy wa\u017cny dow\u00f3d osobisty (informacje takie jak numer dokumentu to\u017csamo\u015bci i numer PESEL b\u0119dzie trzeba wpisa\u0107 w formularzu online). Nie s\u0105 potrzebne \u017cadne inne dokumenty.<\/p>\n<h3>Formy zatrudnienia<\/h3>\n<p>Firmy pozabankowe, poza niezwykle uproszczonym procesem ubiegania si\u0119 o \u015brodki finansowe w por\u00f3wnaniu z bankami, akceptuj\u0105 r\u00f3wnie\u017c o wiele wi\u0119cej \u017ar\u00f3de\u0142 dochod\u00f3w potencjalnych klient\u00f3w. Opr\u00f3cz umowy o prac\u0119 i przychod\u00f3w z w\u0142asnej dzia\u0142alno\u015bci mog\u0105 by\u0107 to m.in. umowa o dzie\u0142o, umowa zlecenie, emerytura, renta, a nawet mniej oczywiste wp\u0142ywy, takie jak otrzymywane zasi\u0142ki i inne \u015bwiadczenia oraz stypendia.<\/p>\n<h2>Weryfikacja w bazie d\u0142u\u017cnik\u00f3w<\/h2>\n<p>Pomimo, \u017ce firmy z sektora pozabankowego udzielaj\u0105 finansowania na o wiele mniej restrykcyjnych zasadach ni\u017c banki, na mocy obowi\u0105zuj\u0105cych przepis\u00f3w r\u00f3wnie\u017c s\u0105 zobowi\u0105zane do sprawdzania historii kredytowej klienta i oceny jego zdolno\u015bci do terminowej sp\u0142aty zad\u0142u\u017cenia. Nie musz\u0105 co prawda robi\u0107 tego tak drobiazgowo jak instytucje bankowe, ale ka\u017cda z nich sprawdza wybrane rejestry d\u0142u\u017cnik\u00f3w, aby upewni\u0107 si\u0119, \u017ce podpisuje umow\u0119 z osob\u0105, kt\u00f3ra nie straci\u0142a p\u0142ynno\u015bci finansowej.<\/p>\n<p>Szybka Got\u00f3wka weryfikuje informacje dotycz\u0105ce klienta w: BIK i KRD.<\/p>\n<h3>Czy Szybka Got\u00f3wka udziela po\u017cyczek bez sprawdzania BIK?<\/h3>\n<p>Nie. Platforma wsp\u00f3\u0142pracuje z Biurem Informacji Kredytowej, zatem trzeba liczy\u0107 si\u0119 z weryfikacj\u0105 w BIK.<\/p>\n<h3>Czy Szybka Got\u00f3wka udziela po\u017cyczek dla zad\u0142u\u017conych?<\/h3>\n<p>Samo posiadanie zad\u0142u\u017cenia nie powoduje, \u017ce nie mo\u017cna ubiega\u0107 si\u0119 o po\u017cyczk\u0119 na platformie Szybka Got\u00f3wka. Kluczowe jest to, czy nie ma \u017cadnych zaleg\u0142o\u015bci w jego sp\u0142acie. Je\u017celi po\u017cyczkodawca na etapie weryfikacji wniosku oceni, \u017ce kolejne zobowi\u0105zanie nie jest obci\u0105\u017cone zbyt du\u017cym ryzykiem niewywi\u0105zania si\u0119 klienta z umowy, udzieli mu finansowania.<\/p>\n<h3>Czy w Szybka Got\u00f3wka mo\u017cna wzi\u0105\u0107 po\u017cyczk\u0119 z komornikiem?<\/h3>\n<p>Przeterminowane zad\u0142u\u017cenie w innym miejscu to jeden z powod\u00f3w odrzucenia wniosku w Szybka Got\u00f3wka. Je\u015bli d\u0142u\u017cnik nie jest w stanie sp\u0142aca\u0107 swoich zobowi\u0105za\u0144 na czas, a opr\u00f3cz tego jego maj\u0105tek zaj\u0105\u0142 komornik, nie ma w zasadzie \u017cadnych szans na otrzymanie \u015brodk\u00f3w z jakiejkolwiek firmy pozabankowej.<\/p>\n<h2>Jak wzi\u0105\u0107 po\u017cyczk\u0119 w Szybka Got\u00f3wka?<\/h2>\n<p>Ubieganie si\u0119 o po\u017cyczk\u0119 online w Szybka Got\u00f3wka przebiega bardzo szybko i sprawnie bez wzgl\u0119du na to, czy jest si\u0119 sta\u0142ym klientem, czy wype\u0142nia wniosek po raz pierwszy. Oto, co dok\u0142adnie trzeba zrobi\u0107:<\/p>\n<p><strong>Krok 1 Wybierz kwot\u0119 po\u017cyczki i okres sp\u0142aty<\/strong><\/p>\n<p>Pierwszym krokiem niezb\u0119dnym do rozpocz\u0119cia ca\u0142ego procesu po\u017cyczkowego jest wyb\u00f3r konkretnej kwoty po\u017cyczki i terminu sp\u0142aty (po\u017cyczkodawca udost\u0119pnia na wirtualnym kalkulatorze dwie opcje: 30 i 65 dni, jednak druga z nich nie jest dost\u0119pna dla wszystkich klient\u00f3w; na pewno te\u017c nie b\u0119d\u0105 mog\u0142y skorzysta\u0107 z niej osoby ubiegaj\u0105ce si\u0119 o po\u017cyczk\u0119 na platformie Szybka Got\u00f3wka po raz pierwszy). Nast\u0119pnie nale\u017cy klikn\u0105\u0107 przycisk \u201eWe\u017a swoj\u0105 po\u017cyczk\u0119\u201d.<\/p>\n<p><strong>Krok 2 Podanie niezb\u0119dnych danych osobowych<\/strong><\/p>\n<p>Po klikni\u0119ciu przycisku \u201eWe\u017a swoj\u0105 po\u017cyczk\u0119\u201d nast\u0105pi automatyczne przeniesienie na podstron\u0119, na kt\u00f3rej trzeba b\u0119dzie poda\u0107 dane osobowe i zaakceptowa\u0107 tre\u015b\u0107 polityki prywatno\u015bci. Co wa\u017cne, na tym etapie mo\u017cna jeszcze zmieni\u0107 kwot\u0119 po\u017cyczki.<\/p>\n<p>Podanie tych informacji jest niezb\u0119dne na etapie tworzenia konta na platformie Szybka Got\u00f3wka. Klienci, kt\u00f3rzy ju\u017c je za\u0142o\u017cyli, musz\u0105 po prostu zalogowa\u0107 si\u0119 na sw\u00f3j profil.<\/p>\n<p><strong>Krok 3 Wype\u0142nij wniosek po\u017cyczkowy<\/strong><\/p>\n<p>W kolejnym kroku przechodzi si\u0119 ju\u017c bezpo\u015brednio do wype\u0142nienia wniosku. Poza podstawowymi informacjami takimi jak imi\u0119 i nazwisko, adres zamieszkania, numer telefonu, numer rachunku bankowego, dane z dowodu osobistego, po\u017cyczkodawca b\u0119dzie chcia\u0142 r\u00f3wnie\u017c dowiedzie\u0107 si\u0119 nieco wi\u0119cej o sytuacji finansowej klienta (\u017ar\u00f3d\u0142o dochodu, liczba os\u00f3b zamieszkuj\u0105cych gospodarstwo domowe itp.). Wniosek potwierdza si\u0119 za pomoc\u0105 kodu SMS, kt\u00f3ry zostanie wys\u0142any na podany numer.<\/p>\n<p><strong>Krok 4 Dokonaj weryfikacji konta bankowego<\/strong><\/p>\n<p>Do potwierdzenia danych podanych we wniosku niezb\u0119dne b\u0119dzie dokonanie weryfikacji konta bankowego. Mo\u017cna zrobi\u0107 to na dwa sposoby: korzystaj\u0105c z szybkiego przelewu Blue Media lub typowego przelewu bankowego.<\/p>\n<p>Wa\u017cne: Przelew weryfikacyjny wykonuje si\u0119 tylko raz, jako nowy klient. Kiedy ponownie korzysta si\u0119 z oferty platformy Szybka Got\u00f3wka, nie ma ju\u017c takiej potrzeby.<\/p>\n<p><strong>Krok 5 Poczekaj na decyzj\u0119 po\u017cyczkodawcy<\/strong><\/p>\n<p>Na stronie internetowej Szybka Got\u00f3wka mo\u017cna znale\u017a\u0107 informacj\u0119, \u017ce decyzja o przyznaniu po\u017cyczki\/odrzuceniu wniosku zapada w ci\u0105gu 1 minuty. Mo\u017ce jednak przed\u0142u\u017cy\u0107 si\u0119 do kilkunastu minut. Je\u015bli jest pozytywna, \u015brodki zostaj\u0105 wyp\u0142acone od razu.<\/p>\n<h2>Sp\u0142ata po\u017cyczki w Szybka Got\u00f3wka<\/h2>\n<p>Termin uregulowania zad\u0142u\u017cenia jest wskazany w umowie po\u017cyczkowej. Sp\u0142ata w postaci jednej raty powinna zosta\u0107 przelana na konto bankowe wskazane przez po\u017cyczkodawc\u0119. W tytule przelewu nale\u017cy wpisa\u0107 \u201eSp\u0142ata po\u017cyczki nr [wpisa\u0107 numer formularza informacyjnego]\u201d.<\/p>\n<h3>Czy mo\u017cliwa jest sp\u0142ata po\u017cyczki przed terminem?<\/h3>\n<p>Mimo \u017ce w umowie zawartej z po\u017cyczkodawc\u0105 widnieje okre\u015blony termin sp\u0142aty, nic nie stoi na przeszkodzie, by uregulowa\u0107 zobowi\u0105zanie wcze\u015bniej, je\u015bli ma si\u0119 tak\u0105 mo\u017cliwo\u015b\u0107. Mo\u017cna to zrobi\u0107 w dowolnym momencie obowi\u0105zywania umowy po\u017cyczkowej.<\/p>\n<h3>Wyd\u0142u\u017cenie terminu sp\u0142aty<\/h3>\n<p>Je\u017celi, z r\u00f3\u017cnych powod\u00f3w, terminowa sp\u0142ata oka\u017ce si\u0119 niemo\u017cliwa, najlepszym wyj\u015bciem b\u0119dzie skorzystanie z opcji refinansowania. Szybka Got\u00f3wka udost\u0119pnia klientom tak\u0105 mo\u017cliwo\u015b\u0107 na 7 lub 30 dni. Szczeg\u00f3\u0142owe informacje i warunki, na jakich udzielane jest refinansowanie, mo\u017cna znale\u017a\u0107 w profilu klienta.<\/p>\n<h3>Brak sp\u0142aty \u2013 co, je\u015bli po\u017cyczka nie zostanie sp\u0142acona na czas?<\/h3>\n<p>Niesp\u0142acenie zad\u0142u\u017cenia w wyznaczonym terminie wi\u0105\u017ce si\u0119 z konsekwencjami, cho\u0107by takimi jak naliczenie ustawowych odsetek za op\u00f3\u017anienie. Na dalszym etapie mo\u017ce te\u017c doprowadzi\u0107 do windykacji, a \u2013 w wyj\u0105tkowo trudnych przypadkach \u2013 nawet do zaj\u0119cia komorniczego.<\/p>\n<h3>Windykacja w Szybka Got\u00f3wka<\/h3>\n<p>W przypadku braku terminowej sp\u0142aty po\u017cyczkodawca na pewno od razu upomni si\u0119 o uregulowanie nale\u017cno\u015bci. Na pocz\u0105tku prawdopodobnie podejmie pr\u00f3by wyj\u015bcia z sytuacji w postaci zaoferowania refinansowania lub roz\u0142o\u017cenia p\u0142atno\u015bci na wi\u0119cej rat, tak \u017ceby u\u0142atwi\u0107 d\u0142u\u017cnikowi sp\u0142at\u0119 nale\u017cno\u015bci.<\/p>\n<p>Jednak w razie gdyby kontakt z d\u0142u\u017cnikiem by\u0142 niemo\u017cliwy lub utrudniony (nie wykazywa\u0142by on ch\u0119ci wsp\u00f3\u0142pracy z po\u017cyczkodawc\u0105 w celu znalezienia rozwi\u0105zania pozwalaj\u0105cego odzyska\u0107 wierzytelno\u015b\u0107), kolejnym krokiem b\u0119dzie przekazanie sprawy firmie windykacyjnej, kt\u00f3ra wykorzysta w tym celu przys\u0142uguj\u0105ce jej \u015brodki zar\u00f3wno mi\u0119kkiej, jak i twardej windykacji.<\/p>\n<p>Ostatnim etapem windykacji jest zg\u0142oszenie wierzytelno\u015bci do s\u0105du i uzyskanie wyroku z klauzul\u0105 wykonalno\u015bci, na mocy kt\u00f3rego mo\u017cna wszcz\u0105\u0107 post\u0119powanie komornicze skutkuj\u0105ce zaj\u0119ciem sk\u0142adnik\u00f3w maj\u0105tku nierzetelnego d\u0142u\u017cnika.<\/p>\n<p>W tym miejscu koniecznie trzeba doda\u0107, \u017ce po\u017cyczkodawcy zawsze zale\u017cy na jak najszybszym i przede wszystkim polubownym rozwi\u0105zaniu problemu. Kolejne kroki zwi\u0105zane z windykacj\u0105 \u2013 opr\u00f3cz tego, \u017ce z pewno\u015bci\u0105 s\u0105 coraz bardziej stresuj\u0105ce dla d\u0142u\u017cnika \u2013 wyd\u0142u\u017caj\u0105 czas oczekiwania na sp\u0142at\u0119, a tego nie chce \u017cadna strona. Dlatego zawsze warto otwarcie m\u00f3wi\u0107, o pojawiaj\u0105cych si\u0119 problem\u00f3w ze sp\u0142at\u0105 zobowi\u0105zania.<\/p>\n<h2>Kolejna po\u017cyczka w Szybka Got\u00f3wka<\/h2>\n<p>Kiedy chce si\u0119 wzi\u0105\u0107 kolejn\u0105 po\u017cyczk\u0119 w Szybka Got\u00f3wka, mo\u017cna z\u0142o\u017cy\u0107 wniosek o maksymalnie 15.000 z\u0142. Wzrost g\u00f3rnego limitu to niejedyna korzy\u015b\u0107, jakiej mog\u0105 spodziewa\u0107 si\u0119 powracaj\u0105cy klienci. Z czasem, po kolejnych terminowych sp\u0142atach zaci\u0105ganych zobowi\u0105za\u0144, dostaj\u0105 r\u00f3wnie\u017c mo\u017cliwo\u015b\u0107 po\u017cyczenia \u015brodk\u00f3w na d\u0142u\u017cszy termin wynosz\u0105cy 65 dni. Dodatkowo warto na bie\u017c\u0105co \u015bledzi\u0107 aktualn\u0105 ofert\u0119 \u2013 na platformie cz\u0119sto pojawiaj\u0105 si\u0119 promocje w postaci kod\u00f3w rabatowych lub nagr\u00f3d pieni\u0119\u017cnych.<\/p>\n","protected":false},"excerpt":{"rendered":"<p>Obecna na rynku po\u017cyczek pozabankowych od 6 lat Szybka Got\u00f3wka to platforma, kt\u00f3rej tw\u00f3rcy postawili sobie za cel wprowadzania rozwi\u0105za\u0144, [&hellip;]<\/p>\n","protected":false},"author":60,"featured_media":8719,"parent":8676,"menu_order":0,"comment_status":"closed","ping_status":"closed","template":"page_lender.php","meta":{"_acf_changed":false,"yasr_overall_rating":0,"yasr_post_is_review":"","yasr_auto_insert_disabled":"","yasr_review_type":"","footnotes":""},"class_list":["post-8717","page","type-page","status-publish","has-post-thumbnail","hentry"],"acf":[],"yoast_head":"<!-- This site is optimized with the Yoast SEO plugin v27.1.1 - https:\/\/yoast.com\/product\/yoast-seo-wordpress\/ -->\n<title>Szybka Got\u00f3wka | Por\u00f3wnywarka finansowa Rankomat<\/title>\n<meta name=\"robots\" content=\"index, follow, max-snippet:-1, max-image-preview:large, max-video-preview:-1\" \/>\n<link rel=\"canonical\" href=\"https:\/\/rankomat.pl\/finanse\/chwilowki\/firma\/szybka-gotowka\/\" \/>\n<meta property=\"og:locale\" content=\"pl_PL\" \/>\n<meta property=\"og:type\" content=\"article\" \/>\n<meta property=\"og:title\" content=\"Szybka Got\u00f3wka | Por\u00f3wnywarka finansowa Rankomat\" \/>\n<meta property=\"og:description\" content=\"Obecna na rynku po\u017cyczek pozabankowych od 6 lat Szybka Got\u00f3wka to platforma, kt\u00f3rej tw\u00f3rcy postawili sobie za cel wprowadzania rozwi\u0105za\u0144, [&hellip;]\" \/>\n<meta property=\"og:url\" content=\"https:\/\/rankomat.pl\/finanse\/chwilowki\/firma\/szybka-gotowka\/\" \/>\n<meta property=\"og:site_name\" content=\"Por\u00f3wnywarka finansowa Rankomat\" \/>\n<meta property=\"article:publisher\" content=\"https:\/\/www.facebook.com\/rankomatpl\/\" \/>\n<meta property=\"article:modified_time\" content=\"2024-02-14T12:26:01+00:00\" \/>\n<meta property=\"og:image\" content=\"https:\/\/rankomat.pl\/finanse\/wp-content\/uploads\/2024\/02\/logo-szybkagotowka.png\" \/>\n\t<meta property=\"og:image:width\" content=\"250\" \/>\n\t<meta property=\"og:image:height\" content=\"75\" \/>\n\t<meta property=\"og:image:type\" content=\"image\/png\" \/>\n<meta name=\"twitter:card\" content=\"summary_large_image\" \/>\n<meta name=\"twitter:site\" content=\"@rankomat\" \/>\n<meta name=\"twitter:label1\" content=\"Szacowany czas czytania\" \/>\n\t<meta name=\"twitter:data1\" content=\"9 minut\" \/>\n<script type=\"application\/ld+json\" class=\"yoast-schema-graph\">{\"@context\":\"https:\/\/schema.org\",\"@graph\":[{\"@type\":\"ImageObject\",\"inLanguage\":\"pl-PL\",\"@id\":\"https:\/\/rankomat.pl\/finanse\/chwilowki\/firma\/szybka-gotowka\/#primaryimage\",\"url\":\"https:\/\/rankomat.pl\/finanse\/wp-content\/uploads\/2024\/02\/logo-szybkagotowka.png\",\"contentUrl\":\"https:\/\/rankomat.pl\/finanse\/wp-content\/uploads\/2024\/02\/logo-szybkagotowka.png\",\"width\":250,\"height\":75,\"caption\":\"logo szybkagotowka\"},{\"@type\":\"BreadcrumbList\",\"@id\":\"https:\/\/rankomat.pl\/finanse\/chwilowki\/firma\/szybka-gotowka\/#breadcrumb\",\"itemListElement\":[{\"@type\":\"ListItem\",\"position\":1,\"name\":\"Finanse\",\"item\":\"https:\/\/rankomat.pl\/finanse\/\"},{\"@type\":\"ListItem\",\"position\":2,\"name\":\"Chwil\u00f3wki\",\"item\":\"https:\/\/rankomat.pl\/finanse\/chwilowki\/\"},{\"@type\":\"ListItem\",\"position\":3,\"name\":\"Listing firm po\u017cyczkowych\",\"item\":\"https:\/\/rankomat.pl\/finanse\/chwilowki\/firma\/\"},{\"@type\":\"ListItem\",\"position\":4,\"name\":\"Szybka Got\u00f3wka\"}]}]}<\/script>\n<!-- \/ Yoast SEO plugin. -->","yoast_head_json":{"title":"Szybka Got\u00f3wka | Por\u00f3wnywarka finansowa Rankomat","robots":{"index":"index","follow":"follow","max-snippet":"max-snippet:-1","max-image-preview":"max-image-preview:large","max-video-preview":"max-video-preview:-1"},"canonical":"https:\/\/rankomat.pl\/finanse\/chwilowki\/firma\/szybka-gotowka\/","og_locale":"pl_PL","og_type":"article","og_title":"Szybka Got\u00f3wka | Por\u00f3wnywarka finansowa Rankomat","og_description":"Obecna na rynku po\u017cyczek pozabankowych od 6 lat Szybka Got\u00f3wka to platforma, kt\u00f3rej tw\u00f3rcy postawili sobie za cel wprowadzania rozwi\u0105za\u0144, [&hellip;]","og_url":"https:\/\/rankomat.pl\/finanse\/chwilowki\/firma\/szybka-gotowka\/","og_site_name":"Por\u00f3wnywarka finansowa Rankomat","article_publisher":"https:\/\/www.facebook.com\/rankomatpl\/","article_modified_time":"2024-02-14T12:26:01+00:00","og_image":[{"width":250,"height":75,"url":"https:\/\/rankomat.pl\/finanse\/wp-content\/uploads\/2024\/02\/logo-szybkagotowka.png","type":"image\/png"}],"twitter_card":"summary_large_image","twitter_site":"@rankomat","twitter_misc":{"Szacowany czas czytania":"9 minut"},"schema":{"@context":"https:\/\/schema.org","@graph":[{"@type":"ImageObject","inLanguage":"pl-PL","@id":"https:\/\/rankomat.pl\/finanse\/chwilowki\/firma\/szybka-gotowka\/#primaryimage","url":"https:\/\/rankomat.pl\/finanse\/wp-content\/uploads\/2024\/02\/logo-szybkagotowka.png","contentUrl":"https:\/\/rankomat.pl\/finanse\/wp-content\/uploads\/2024\/02\/logo-szybkagotowka.png","width":250,"height":75,"caption":"logo szybkagotowka"},{"@type":"BreadcrumbList","@id":"https:\/\/rankomat.pl\/finanse\/chwilowki\/firma\/szybka-gotowka\/#breadcrumb","itemListElement":[{"@type":"ListItem","position":1,"name":"Finanse","item":"https:\/\/rankomat.pl\/finanse\/"},{"@type":"ListItem","position":2,"name":"Chwil\u00f3wki","item":"https:\/\/rankomat.pl\/finanse\/chwilowki\/"},{"@type":"ListItem","position":3,"name":"Listing firm po\u017cyczkowych","item":"https:\/\/rankomat.pl\/finanse\/chwilowki\/firma\/"},{"@type":"ListItem","position":4,"name":"Szybka Got\u00f3wka"}]}]}},"yasr_visitor_votes":{"stars_attributes":{"read_only":false,"span_bottom":false},"number_of_votes":0,"sum_votes":0},"_links":{"self":[{"href":"https:\/\/rankomat.pl\/finanse\/wp-json\/wp\/v2\/pages\/8717","targetHints":{"allow":["GET"]}}],"collection":[{"href":"https:\/\/rankomat.pl\/finanse\/wp-json\/wp\/v2\/pages"}],"about":[{"href":"https:\/\/rankomat.pl\/finanse\/wp-json\/wp\/v2\/types\/page"}],"author":[{"embeddable":true,"href":"https:\/\/rankomat.pl\/finanse\/wp-json\/wp\/v2\/users\/60"}],"replies":[{"embeddable":true,"href":"https:\/\/rankomat.pl\/finanse\/wp-json\/wp\/v2\/comments?post=8717"}],"version-history":[{"count":0,"href":"https:\/\/rankomat.pl\/finanse\/wp-json\/wp\/v2\/pages\/8717\/revisions"}],"up":[{"embeddable":true,"href":"https:\/\/rankomat.pl\/finanse\/wp-json\/wp\/v2\/pages\/8676"}],"wp:featuredmedia":[{"embeddable":true,"href":"https:\/\/rankomat.pl\/finanse\/wp-json\/wp\/v2\/media\/8719"}],"wp:attachment":[{"href":"https:\/\/rankomat.pl\/finanse\/wp-json\/wp\/v2\/media?parent=8717"}],"curies":[{"name":"wp","href":"https:\/\/api.w.org\/{rel}","templated":true}]}}