{"id":923,"date":"2017-02-23T08:54:29","date_gmt":"2017-02-23T07:54:29","guid":{"rendered":"http:\/\/finanse.rankomat.pl\/banki\/citi-handlowy\/"},"modified":"2025-07-10T11:54:09","modified_gmt":"2025-07-10T09:54:09","slug":"citi-handlowy","status":"publish","type":"page","link":"https:\/\/rankomat.pl\/finanse\/banki\/citi-handlowy\/","title":{"rendered":"Citi Handlowy"},"content":{"rendered":"<p><a class=\"button btn-success\" href=\"https:\/\/rankomat.pl\/finanse\/lokaty\/\">Lokaty \u00bb<\/a> <a class=\"button btn-success\" href=\"https:\/\/rankomat.pl\/finanse\/poradniki\/zalozyc-konto-osobiste-30-bankow\/#citi\">Jak za\u0142o\u017cy\u0107 konto \u00bb<\/a> <a class=\"button btn-success\" href=\"https:\/\/rankomat.pl\/finanse\/poradniki\/zamknac-konto-osobiste-30-bankow\/#citi\">Jak zamkn\u0105\u0107 konto \u00bb<\/a> <a class=\"button btn-success\" href=\"https:\/\/rankomat.pl\/finanse\/kredyt-gotowkowy-citi-handlowy\/\">Kredyt got\u00f3wkowy \u00bb<\/a><\/p>\n<p><b><img loading=\"lazy\" decoding=\"async\" class=\"alignnone wp-image-7878\" style=\"float: left\" src=\"https:\/\/rankomat.pl\/finanse\/wp-content\/uploads\/thumbs\/entry\/2023\/10\/citi_handlowy_podstronaotowarzystwieubezpieczeniowym.webp\" alt=\"\" width=\"170\" height=\"109\" data-interchange=\"[https:\/\/rankomat.pl\/finanse\/wp-content\/uploads\/thumbs\/entry\/mobile\/2023\/10\/citi_handlowy_podstronaotowarzystwieubezpieczeniowym.webp, small], [https:\/\/rankomat.pl\/finanse\/wp-content\/uploads\/thumbs\/entry\/2023\/10\/citi_handlowy_podstronaotowarzystwieubezpieczeniowym.webp, medium]\" aria-hidden=\"true\"><\/b><\/p>\n<p style=\"text-align: justify\">Citi Handlowy <strong>powsta\u0142 w 2001 roku<\/strong> w wyniku po\u0142\u0105czenia Banku Handlowego w Warszawie S.A. i Citibank Poland S.A. Instytucja stanowi integraln\u0105 cz\u0119\u015b\u0107 grupy Citi, prowadz\u0105cej na \u015bwiecie <strong>oko\u0142o 200 milion\u00f3w rachunk\u00f3w<\/strong> i dzia\u0142aj\u0105cej w ponad 160 krajach. Bank buduje przewag\u0119 konkurencyjn\u0105 oferuj\u0105c swoim klientom <strong>innowacyjne rozwi\u0105zania<\/strong>, \u0142atw\u0105 dost\u0119pno\u015b\u0107 oraz \u015bwiatowe technologie. Celem nadrz\u0119dnym jest dostarczanie produkt\u00f3w i us\u0142ug wyprzedzaj\u0105cych oczekiwania klient\u00f3w. Realizacji zadania s\u0142u\u017cy\u0107 ma <strong>globalna obecno\u015b\u0107 i kadra najlepszych specjalist\u00f3w.<\/strong><\/p>\n<h2><b>Oferta dla klient\u00f3w indywidualnych<\/b><\/h2>\n<p style=\"text-align: justify\"><span style=\"font-weight: 400\">Citi Handlowy <strong>jest instytucj\u0105 uniwersaln\u0105<\/strong>, obs\u0142uguj\u0105c\u0105 klient\u00f3w indywidualnych, korporacyjnych i rz\u0105dowych. Bank proponuje <strong>szerokie spektrum us\u0142ug<\/strong> i produkt\u00f3w finansowych. Osoby fizyczne wybiera\u0107 mog\u0105 rozwi\u0105zania w obszarze <strong>kont osobistych, depozyt\u00f3w terminowych, kredyt\u00f3w i po\u017cyczek<\/strong>. Klienci zainteresowani wy\u017csz\u0105 stop\u0105 zwrotu powinni przyjrze\u0107 si\u0119 bogatej ofercie produkt\u00f3w inwestycyjnych, obejmuj\u0105cej fundusze inwestycyjne, konta emerytalne oraz obligacje. Citi Handlowy to tak\u017ce us\u0142ugi maklerskie, pozwalaj\u0105ce samodzielnie <strong>inwestowa\u0107 na Gie\u0142dzie Papier\u00f3w Warto\u015bciowych.<\/strong><br \/>\n<\/span><\/p>\n<h2 style=\"text-align: justify\"><b>Godziny ksi\u0119gowania przelew\u00f3w<\/b><\/h2>\n<p style=\"text-align: justify\"><span style=\"font-weight: 400\">Citi Handlowy nie pobiera op\u0142at za <strong>krajowe przelewy Elixir<\/strong>, kt\u00f3re realizowane s\u0105 za po\u015brednictwem systemu bankowo\u015bci elektronicznej. Osoby, kt\u00f3rym zale\u017cy na czasie, skorzysta\u0107 mog\u0105 z zalet <strong>przelew\u00f3w natychmiastowych<\/strong> Express Elixir. Wi\u0119ksze kwoty przekaza\u0107 mo\u017cna realizuj\u0105c polecenie przelewu <strong>w systemie SORBNET<\/strong>. Harmonogram sesji Elixir Citi Handlowego prezentuje poni\u017csza tabela:<br \/>\n<\/span><\/p>\n<table class=\"table table-bordered\">\n<tbody>\n<tr>\n<td><strong>Rodzaj sesji<\/strong><\/td>\n<td class=\"text-center\" colspan=\"3\"><strong>Godziny sesji<\/strong><\/td>\n<\/tr>\n<tr>\n<td>Sesje wychodz\u0105ce<\/td>\n<td class=\"text-center\">08:00<\/td>\n<td class=\"text-center\">12:15<\/td>\n<td class=\"text-center\">15:30<\/td>\n<\/tr>\n<tr>\n<td>Sesje przychodz\u0105ce<\/td>\n<td class=\"text-center\">10:30<\/td>\n<td class=\"text-center\">14:30<\/td>\n<td class=\"text-center\">17:30<\/td>\n<\/tr>\n<\/tbody>\n<\/table>\n<h2><strong>Przelewy zagraniczne &#8211; IBAN, SWIFT<\/strong><\/h2>\n<p style=\"text-align: justify\"><span style=\"font-weight: 400\">W przypadku <strong>realizacji przelew\u00f3w zagranicznych<\/strong> lub transferu \u015brodk\u00f3w finansowych z zagranicy na krajowe konto, wymagane jest pos\u0142ugiwanie si\u0119 kodem <strong>SWIFT (BIC)<\/strong>. Citi Handlowy oferuje r\u00f3wnie\u017c, realizowane w EUR, przelewy SEPA.<\/span><\/p>\n<ul>\n<li style=\"text-align: justify\"><span style=\"font-weight: 400\">Kod SWIFT\/BIC Citi Handlowego:<\/span><strong> CITIPLPX<\/strong><\/li>\n<li>Format IBAN: PL + numer rachunku (26 cyfr)<\/li>\n<\/ul>\n<h2><b>Dla poszukuj\u0105cych konta osobistego<\/b><\/h2>\n<p style=\"text-align: justify\"><span style=\"font-weight: 400\">Dla os\u00f3b ceni\u0105cych jako\u015b\u0107 codziennych us\u0142ug finansowych Citi Handlowy przygotowa\u0142 <strong>propozycj\u0119 kilku kont osobistych<\/strong>. Oferta bazowa to Citikonto z bezp\u0142atnymi przelewami krajowymi, realizowanymi przez internet. Konto Citi Priority dedykowane jest <strong>bardziej wymagaj\u0105cym klientom<\/strong>, oczekuj\u0105cym sta\u0142ego dost\u0119pu i priorytetowej obs\u0142ugi bez wzgl\u0119du na miejsce w kt\u00f3rym si\u0119 znajduj\u0105. Ofert\u0119 private banking reprezentuj\u0105 konta <strong>Citigold i Citigold Private Client<\/strong>, zapewniaj\u0105ce\u00a0wsparcie do\u015bwiadczonych ekspert\u00f3w i inne presti\u017cowe przywileje.<br \/>\n<\/span><\/p>\n<p style=\"text-align: center\"><a class=\"btn btn-success\" href=\"https:\/\/rankomat.pl\/finanse\/konta\/konta-bankowe\/\">Zobacz ranking kont osobistych<\/a><\/p>\n<h2><b>Dla p\u0142ac\u0105cych kart\u0105<\/b><\/h2>\n<p style=\"text-align: justify\"><span style=\"font-weight: 400\">Opr\u00f3cz wydawanej do konta <strong>karty debetowej MasterCard<\/strong> i naklejki zbli\u017ceniowej, Citi Handlowy mo\u017ce pochwali\u0107 si\u0119 szerok\u0105 gam\u0105 kart kredytowych. Podstawow\u0105, a zarazem najbardziej popularn\u0105 opcj\u0105 jest <strong>karta Citi Priority<\/strong>. Kolejne karta to PremierMiles, pozwalaj\u0105ca wymienia\u0107 zgromadzone Citi Mile na bilety lotnicze i noclegi w hotelach. Entuzja\u015bci program\u00f3w lojalno\u015bciowych doceni\u0105 <strong>zalety karty World MasterCard<\/strong>, a osoby tankuj\u0105ce na stacjach BP, powinny bli\u017cej przyjrze\u0107 si\u0119 atutom karty Citibank &#8211; BP PAYBACK. Warto nadmieni\u0107, \u017ce karta kredytowa Citibanku to aktualnie <strong>synonim promocji bankowych<\/strong>. Korzystaj\u0105c z plastiku\u00a0zgarnia\u0107 mo\u017cna\u00a0dodatkowe profity.<br \/>\n<\/span><\/p>\n<h2><b>Dla pomna\u017caj\u0105cych oszcz\u0119dno\u015bci<\/b><\/h2>\n<p style=\"text-align: justify\"><span style=\"font-weight: 400\">Citi Handlowy oferuje szerok\u0105 gam\u0119 rozwi\u0105za\u0144 pozwalaj\u0105cych <strong>skutecznie pomna\u017ca\u0107 zgromadzone oszcz\u0119dno\u015bci<\/strong>. W zale\u017cno\u015bci od sk\u0142onno\u015bci do ryzyka klienci wybiera\u0107 mog\u0105 pomi\u0119dzy standardowymi depozytami terminowymi i kontami oszcz\u0119dno\u015bciowymi, obligacjami, funduszami inwestycyjnymi i <strong>planami systematycznego inwestowania<\/strong>. Bardziej wprawieni gracze, poszukuj\u0105cy ponadprzeci\u0119tnej rentowno\u015bci, skorzysta\u0107 mog\u0105 z <strong>inwestycji walutowych oraz us\u0142ug maklerskich<\/strong> \u015bwiadczonych przez bank. Pami\u0119ta\u0107 nale\u017cy, \u017ce wraz ze wzrostem potencjalnego zysku, wzrasta r\u00f3wnie\u017c ryzyko samej transakcji.<br \/>\n<\/span><\/p>\n<p style=\"text-align: justify\"><\/p>\n<p style=\"text-align: center\"><a class=\"btn btn-success\" href=\"https:\/\/rankomat.pl\/finanse\/banki\/citi-handlowy\/lokaty\/\">Sprawd\u017a lokaty Citi Handlowego<\/a><\/p>\n<h2><b>Dla oczekuj\u0105cych finansowania<\/b><\/h2>\n<p style=\"text-align: justify\"><span style=\"font-weight: 400\">Citi Handlowy to nie tylko mo\u017cliwo\u015bci pomna\u017cania kapita\u0142u. Osoby poszukuj\u0105ce <strong>finansowania bie\u017c\u0105cych potrzeb<\/strong>, skorzysta\u0107 mog\u0105 linii kredytowej w koncie osobistym lub po\u017cyczki got\u00f3wkowej. To elastyczna forma finansowania pozwalaj\u0105ca <strong>wydatkowa\u0107 \u015brodki z kredytu na dowolny cel<\/strong>. Usatysfakcjonowani b\u0119d\u0105 r\u00f3wnie\u017c entuzja\u015bci kart kredytowych, kt\u00f3rych w ofercie banku znalaz\u0142o si\u0119 kilka. Do klient\u00f3w <strong>planuj\u0105cych zakup w\u0142asnego lokum<\/strong> skierowany zosta\u0142 kredyt hipoteczny, a w\u0142a\u015bciciele domu b\u0105d\u017a mieszkania doceni\u0105 <strong>zalety po\u017cyczki hipotecznej,<\/strong> pozwalaj\u0105cej uwolni\u0107 kapita\u0142 zamro\u017cony w posiadanej nieruchomo\u015bci.<br \/>\n<\/span><\/p>\n<p style=\"text-align: center\"><a class=\"btn btn-success\" href=\"https:\/\/rankomat.pl\/finanse\/kredyty-gotowkowe\/\">Sprawd\u017a oferty kredyt\u00f3w<\/a><\/p>\n<h2 style=\"text-align: justify\"><b>Citi Handlowy &#8211; kontakt<\/b><\/h2>\n<p><span style=\"font-weight: 400\">Adres centrali: ul. Senatorska 16, 00-923 Warszawa<\/span><\/p>\n<p><span style=\"font-weight: 400\">Infolinia: 1 9009 (dla zainteresowanych ofert\u0105), \u00a0(+48 22) 362 2484, (+48 22) 692 2484 (dla obecnych klient\u00f3w)<\/span><\/p>\n<p><span style=\"font-weight: 400\">Email: listybh@citi.com<\/span><\/p>\n<p><span style=\"font-weight: 400\">Adres strony kontaktowej: <\/span><span style=\"font-weight: 400\">http:\/\/www.citibank.pl\/poland\/homepage\/polish\/kontakt<\/span><\/p>\n","protected":false},"excerpt":{"rendered":"<p>Lokaty \u00bb Jak za\u0142o\u017cy\u0107 konto \u00bb Jak zamkn\u0105\u0107 konto \u00bb Kredyt got\u00f3wkowy \u00bb Citi Handlowy powsta\u0142 w 2001 roku w [&hellip;]<\/p>\n","protected":false},"author":32,"featured_media":0,"parent":11004,"menu_order":0,"comment_status":"closed","ping_status":"closed","template":"page_bank_new.php","meta":{"_acf_changed":false,"yasr_overall_rating":0,"yasr_post_is_review":"","yasr_auto_insert_disabled":"","yasr_review_type":"","footnotes":""},"class_list":["post-923","page","type-page","status-publish","hentry"],"acf":[],"yoast_head":"<!-- This site is optimized with the Yoast SEO plugin v27.1.1 - https:\/\/yoast.com\/product\/yoast-seo-wordpress\/ -->\n<title>Citi Handlowy - Por\u00f3wnaj z 16 innymi bankami | Finanse.rankomat.pl<\/title>\n<meta name=\"robots\" content=\"index, follow, max-snippet:-1, max-image-preview:large, max-video-preview:-1\" \/>\n<link rel=\"canonical\" href=\"https:\/\/rankomat.pl\/finanse\/banki\/citi-handlowy\/\" \/>\n<meta property=\"og:locale\" content=\"pl_PL\" \/>\n<meta property=\"og:type\" content=\"article\" \/>\n<meta property=\"og:title\" content=\"Citi Handlowy - Por\u00f3wnaj z 16 innymi bankami | Finanse.rankomat.pl\" \/>\n<meta property=\"og:description\" content=\"Lokaty \u00bb Jak za\u0142o\u017cy\u0107 konto \u00bb Jak zamkn\u0105\u0107 konto \u00bb Kredyt got\u00f3wkowy \u00bb Citi Handlowy powsta\u0142 w 2001 roku w [&hellip;]\" \/>\n<meta property=\"og:url\" content=\"https:\/\/rankomat.pl\/finanse\/banki\/citi-handlowy\/\" \/>\n<meta property=\"og:site_name\" content=\"Por\u00f3wnywarka finansowa Rankomat\" \/>\n<meta property=\"article:publisher\" content=\"https:\/\/www.facebook.com\/rankomatpl\/\" \/>\n<meta property=\"article:modified_time\" content=\"2025-07-10T09:54:09+00:00\" \/>\n<meta property=\"og:image\" content=\"https:\/\/rankomat.pl\/finanse\/wp-content\/uploads\/2023\/10\/citi_handlowy_podstronaotowarzystwieubezpieczeniowym.webp\" \/>\n\t<meta property=\"og:image:width\" content=\"250\" \/>\n\t<meta property=\"og:image:height\" content=\"160\" \/>\n\t<meta property=\"og:image:type\" content=\"image\/webp\" \/>\n<meta name=\"twitter:card\" content=\"summary_large_image\" \/>\n<meta name=\"twitter:site\" content=\"@rankomat\" \/>\n<meta name=\"twitter:label1\" content=\"Szacowany czas czytania\" \/>\n\t<meta name=\"twitter:data1\" content=\"4 minuty\" \/>\n<script type=\"application\/ld+json\" class=\"yoast-schema-graph\">{\"@context\":\"https:\/\/schema.org\",\"@graph\":[{\"@type\":\"ImageObject\",\"inLanguage\":\"pl-PL\",\"@id\":\"https:\/\/rankomat.pl\/finanse\/banki\/citi-handlowy\/#primaryimage\",\"url\":\"https:\/\/rankomat.pl\/finanse\/wp-content\/uploads\/2023\/10\/citi_handlowy_podstronaotowarzystwieubezpieczeniowym.webp\",\"contentUrl\":\"https:\/\/rankomat.pl\/finanse\/wp-content\/uploads\/2023\/10\/citi_handlowy_podstronaotowarzystwieubezpieczeniowym.webp\",\"width\":250,\"height\":160},{\"@type\":\"BreadcrumbList\",\"@id\":\"https:\/\/rankomat.pl\/finanse\/banki\/citi-handlowy\/#breadcrumb\",\"itemListElement\":[{\"@type\":\"ListItem\",\"position\":1,\"name\":\"Finanse\",\"item\":\"https:\/\/rankomat.pl\/finanse\/\"},{\"@type\":\"ListItem\",\"position\":2,\"name\":\"Banki\",\"item\":\"https:\/\/rankomat.pl\/finanse\/banki\/\"},{\"@type\":\"ListItem\",\"position\":3,\"name\":\"Citi Handlowy\"}]}]}<\/script>\n<!-- \/ Yoast SEO plugin. -->","yoast_head_json":{"title":"Citi Handlowy - Por\u00f3wnaj z 16 innymi bankami | Finanse.rankomat.pl","robots":{"index":"index","follow":"follow","max-snippet":"max-snippet:-1","max-image-preview":"max-image-preview:large","max-video-preview":"max-video-preview:-1"},"canonical":"https:\/\/rankomat.pl\/finanse\/banki\/citi-handlowy\/","og_locale":"pl_PL","og_type":"article","og_title":"Citi Handlowy - Por\u00f3wnaj z 16 innymi bankami | Finanse.rankomat.pl","og_description":"Lokaty \u00bb Jak za\u0142o\u017cy\u0107 konto \u00bb Jak zamkn\u0105\u0107 konto \u00bb Kredyt got\u00f3wkowy \u00bb Citi Handlowy powsta\u0142 w 2001 roku w [&hellip;]","og_url":"https:\/\/rankomat.pl\/finanse\/banki\/citi-handlowy\/","og_site_name":"Por\u00f3wnywarka finansowa Rankomat","article_publisher":"https:\/\/www.facebook.com\/rankomatpl\/","article_modified_time":"2025-07-10T09:54:09+00:00","og_image":[{"width":250,"height":160,"url":"https:\/\/rankomat.pl\/finanse\/wp-content\/uploads\/2023\/10\/citi_handlowy_podstronaotowarzystwieubezpieczeniowym.webp","type":"image\/webp"}],"twitter_card":"summary_large_image","twitter_site":"@rankomat","twitter_misc":{"Szacowany czas czytania":"4 minuty"},"schema":{"@context":"https:\/\/schema.org","@graph":[{"@type":"ImageObject","inLanguage":"pl-PL","@id":"https:\/\/rankomat.pl\/finanse\/banki\/citi-handlowy\/#primaryimage","url":"https:\/\/rankomat.pl\/finanse\/wp-content\/uploads\/2023\/10\/citi_handlowy_podstronaotowarzystwieubezpieczeniowym.webp","contentUrl":"https:\/\/rankomat.pl\/finanse\/wp-content\/uploads\/2023\/10\/citi_handlowy_podstronaotowarzystwieubezpieczeniowym.webp","width":250,"height":160},{"@type":"BreadcrumbList","@id":"https:\/\/rankomat.pl\/finanse\/banki\/citi-handlowy\/#breadcrumb","itemListElement":[{"@type":"ListItem","position":1,"name":"Finanse","item":"https:\/\/rankomat.pl\/finanse\/"},{"@type":"ListItem","position":2,"name":"Banki","item":"https:\/\/rankomat.pl\/finanse\/banki\/"},{"@type":"ListItem","position":3,"name":"Citi Handlowy"}]}]}},"yasr_visitor_votes":{"stars_attributes":{"read_only":false,"span_bottom":false},"number_of_votes":85,"sum_votes":404},"_links":{"self":[{"href":"https:\/\/rankomat.pl\/finanse\/wp-json\/wp\/v2\/pages\/923","targetHints":{"allow":["GET"]}}],"collection":[{"href":"https:\/\/rankomat.pl\/finanse\/wp-json\/wp\/v2\/pages"}],"about":[{"href":"https:\/\/rankomat.pl\/finanse\/wp-json\/wp\/v2\/types\/page"}],"author":[{"embeddable":true,"href":"https:\/\/rankomat.pl\/finanse\/wp-json\/wp\/v2\/users\/32"}],"replies":[{"embeddable":true,"href":"https:\/\/rankomat.pl\/finanse\/wp-json\/wp\/v2\/comments?post=923"}],"version-history":[{"count":0,"href":"https:\/\/rankomat.pl\/finanse\/wp-json\/wp\/v2\/pages\/923\/revisions"}],"up":[{"embeddable":true,"href":"https:\/\/rankomat.pl\/finanse\/wp-json\/wp\/v2\/pages\/11004"}],"wp:attachment":[{"href":"https:\/\/rankomat.pl\/finanse\/wp-json\/wp\/v2\/media?parent=923"}],"curies":[{"name":"wp","href":"https:\/\/api.w.org\/{rel}","templated":true}]}}