{"id":933,"date":"2017-02-23T08:54:38","date_gmt":"2017-02-23T07:54:38","guid":{"rendered":"http:\/\/finanse.rankomat.pl\/banki\/bank-pocztowy\/"},"modified":"2025-07-10T11:54:10","modified_gmt":"2025-07-10T09:54:10","slug":"bank-pocztowy","status":"publish","type":"page","link":"https:\/\/rankomat.pl\/finanse\/banki\/bank-pocztowy\/","title":{"rendered":"Bank Pocztowy"},"content":{"rendered":"<p><a class=\"button btn-success\" href=\"https:\/\/rankomat.pl\/finanse\/lokaty\/\">Lokaty \u00bb<\/a> <a class=\"button btn-success\" href=\"https:\/\/rankomat.pl\/finanse\/poradniki\/zalozyc-konto-osobiste-30-bankow\/#pocztowy\">Jak za\u0142o\u017cy\u0107 konto \u00bb<\/a> <a class=\"button btn-success\" href=\"https:\/\/rankomat.pl\/finanse\/poradniki\/zamknac-konto-osobiste-30-bankow\/#pocztowy\">Jak zamkn\u0105\u0107 konto \u00bb<\/a> <a class=\"button btn-success\" href=\"https:\/\/rankomat.pl\/finanse\/kredyt-gotowkowy-bank-pocztowy\/\">Kredyt got\u00f3wkowy \u00bb<\/a><\/p>\n<p><b><img loading=\"lazy\" decoding=\"async\" class=\"size-full wp-image-5673 alignleft\" src=\"https:\/\/rankomat.pl\/finanse\/wp-content\/uploads\/thumbs\/entry\/2022\/04\/bank_pocztowy1.png\" alt=\"\" width=\"170\" height=\"70\" data-interchange=\"[https:\/\/rankomat.pl\/finanse\/wp-content\/uploads\/thumbs\/entry\/mobile\/2022\/04\/bank_pocztowy1.png, small], [https:\/\/rankomat.pl\/finanse\/wp-content\/uploads\/thumbs\/entry\/2022\/04\/bank_pocztowy1.png, medium]\" aria-hidden=\"true\"><\/b><\/p>\n<p style=\"text-align: justify\">Bank Pocztowy powsta\u0142 w 1990 r. Jego akcjonariuszami s\u0105<strong> Poczta Polska i PKO Bank Polski<\/strong>, co gwarantuje wgl\u0105d\u00a0w najnowsze rozwi\u0105zania oraz zapewnia szerok\u0105 sie\u0107 dystrybucji. Dost\u0119p do us\u0142ug finansowych Banku Pocztowego <strong>zapewnia ponad 4 600 plac\u00f3wek i 5 000 bankomat\u00f3w<\/strong>. Misj\u0105 banku jest dostarczanie prostych i bezpiecznych rozwi\u0105za\u0144 w przyst\u0119pnej cenie. O sile marki \u015bwiadczy\u0107 ma tak\u017ce prosta i czytelna komunikacja marketingowa &#8211; \u017cadnych haczyk\u00f3w. Do ko\u0144ca 2018 roku bank zamierza obs\u0142ugiwa\u0107 <strong>2,4 mln klient\u00f3w detalicznych.<\/strong><\/p>\n<h2><b>Oferta dla klient\u00f3w indywidualnych<\/b><\/h2>\n<p style=\"text-align: justify\"><span style=\"font-weight: 400\">Oferta Banku Pocztowego skonstruowana zosta\u0142a z my\u015bl\u0105 o dostarczaniu <strong>najlepszych us\u0142ug finansowych<\/strong> dla klient\u00f3w indywidualnych, os\u00f3b fizycznych prowadz\u0105cych dzia\u0142alno\u015b\u0107 gospodarcz\u0105, wsp\u00f3lnot mieszkaniowych i du\u017cych firm. Klient detaliczny skorzysta\u0107 mo\u017ce z <strong>oferty kont osobistych<\/strong>, produkt\u00f3w kredytowych, a tak\u017ce pomna\u017ca\u0107 nadwy\u017cki finansowe przy pomocy <strong>lokat terminowych i funduszy inwestycyjnych<\/strong>. Bank Pocztowy to r\u00f3wnie\u017c bogaty wyb\u00f3r ubezpiecze\u0144 oraz szybkie wp\u0142aty i wyp\u0142aty zagraniczne &#8211; <strong>MoneyGram.<\/strong><br \/>\n<\/span><\/p>\n<h2 style=\"text-align: justify\"><b>Godziny ksi\u0119gowania przelew\u00f3w<\/b><\/h2>\n<p style=\"text-align: justify\"><span style=\"font-weight: 400\">Bank Pocztowy nie pobiera op\u0142at za przelewy krajowe, realizowane s\u0105 za po\u015brednictwem<strong> systemu bankowo\u015bci elektronicznej<\/strong>. Osoby, poszukuj\u0105ce metody na przyspieszony transfer \u015brodk\u00f3w finansowych, skorzysta\u0107 mog\u0105 z <strong>oferty przelewu natychmiastowego<\/strong>. Wysokie kwoty przekazywa\u0107 mo\u017cna realizuj\u0105c polecenie przelewu w systemie SORBNET. <strong>Harmonogram sesji Elixir<\/strong> Banku Pocztowego prezentuje poni\u017csze zestawienie:<br \/>\n<\/span><\/p>\n<table class=\"table table-bordered\">\n<tbody>\n<tr>\n<td><strong>Rodzaj sesji<\/strong><\/td>\n<td class=\"text-center\" colspan=\"3\"><strong>Godziny sesji<\/strong><\/td>\n<\/tr>\n<tr>\n<td>Sesje wychodz\u0105ce<\/td>\n<td class=\"text-center\">09:00<\/td>\n<td class=\"text-center\">13:00<\/td>\n<td class=\"text-center\">15:00<\/td>\n<\/tr>\n<tr>\n<td>Sesje przychodz\u0105ce<\/td>\n<td class=\"text-center\">11:00<\/td>\n<td class=\"text-center\">15:00<\/td>\n<td class=\"text-center\">17:30<\/td>\n<\/tr>\n<\/tbody>\n<\/table>\n<h2><strong>Przelewy zagraniczne &#8211; IBAN, SWIFT<\/strong><\/h2>\n<p style=\"text-align: justify\"><span style=\"font-weight: 400\">W przypadku realizacji przelew\u00f3w zagranicznych lub <strong>transferu \u015brodk\u00f3w finansowych z zagranicy<\/strong> na krajowe konto, wymagane jest pos\u0142ugiwanie si\u0119 kodem SWIFT (BIC). Klienci banku skorzysta\u0107 mog\u0105 r\u00f3wnie\u017c z przelew\u00f3w w systemie SEPA.<\/span><\/p>\n<ul>\n<li style=\"text-align: justify\"><span style=\"font-weight: 400\">Kod BIC\/SWIFT Banku Pocztowego:<\/span><strong> POCZPLP4<\/strong><\/li>\n<li>Format IBAN: PL + numer rachunku (26 cyfr)<span style=\"font-weight: 400\"><br \/>\n<\/span><\/li>\n<\/ul>\n<h2><b>Dla poszukuj\u0105cych konta osobistego<\/b><\/h2>\n<p style=\"text-align: justify\"><span style=\"font-weight: 400\">Bank Pocztowy oferuje <strong>dwa rachunki oszcz\u0119dno\u015bciowo-rozliczeniowe<\/strong>. Bliskie Konto Pocztowe zach\u0119ca darmowymi wyp\u0142atami got\u00f3wki z konta na ka\u017cdej poczcie. Do tego <strong>wydanie i korzystanie z karty p\u0142atniczej<\/strong> r\u00f3wnie\u017c jest bezp\u0142atne. Pocztowe Konto Bez Ogranicze\u0144 w ramach op\u0142aty w wysoko\u015bci 15 z\u0142 miesi\u0119cznie kusi m.in. bezp\u0142atnymi wyp\u0142atami ze wszystkich bankomat\u00f3w w Polsce i<strong> darmowymi przelewami natychmiastowymi<\/strong>. Z my\u015bl\u0105 o klientach starszych, oba rachunki dysponuj\u0105 us\u0142ug\u0105 dostarczenia got\u00f3wki pod wskazany adres.<br \/>\n<\/span><\/p>\n<p style=\"text-align: center\"><a class=\"btn btn-success\" href=\"https:\/\/rankomat.pl\/finanse\/konta\/konta-bankowe\/\">Zobacz ranking kont osobistych<\/a><\/p>\n<h2><b>Dla p\u0142ac\u0105cych kart\u0105<\/b><\/h2>\n<p style=\"text-align: justify\"><span style=\"font-weight: 400\"><strong>MasterCard i Visa z us\u0142ug\u0105 3D-Secure<\/strong> to karty, kt\u00f3re wyrobi\u0107 mo\u017cna do konta osobistego. \u201cPlastiki\u201d oferuj\u0105 us\u0142ug\u0119 Cash Back, p\u0142atno\u015bci zbli\u017ceniowe oraz pozwalaj\u0105 na dokonywanie <strong>bezpiecznych zakup\u00f3w w sieci<\/strong>. Osoby, kt\u00f3re regularnie zapominaj\u0105 portfela, skorzysta\u0107 mog\u0105 tak\u017ce z <strong>naklejki p\u0142atniczej<\/strong>, u\u0142atwiaj\u0105cej codzienne zakupy. W ofercie znalaz\u0142y si\u0119 r\u00f3wnie\u017c karty kredytowe z limitem do 20 000 z\u0142, sygnowane logo organizacji <strong>MasterCard lub Visa.<\/strong><br \/>\n<\/span><\/p>\n<h2><b>Dla pomna\u017caj\u0105cych oszcz\u0119dno\u015bci<\/b><\/h2>\n<p style=\"text-align: justify\"><span style=\"font-weight: 400\">Klienci <strong>poszukuj\u0105cy bezpiecznego miejsca<\/strong> do ulokowania swoich oszcz\u0119dno\u015bci, otrzymuj\u0105 od Banku pocztowego mo\u017cliwo\u015b\u0107 wyboru jednej z wielu opcji <strong>pomna\u017cania kapita\u0142u<\/strong>. Osoby ceni\u0105ce sobie w szczeg\u00f3lno\u015bci bezpiecze\u0144stwo, za\u0142o\u017cy\u0107 mog\u0105 konto oszcz\u0119dno\u015bciowe lub jedn\u0105 ze <strong>standardowych lokat terminowych<\/strong>. Dysponuj\u0105c kwot\u0105 100 000 z\u0142 lub wy\u017csz\u0105, mo\u017cna przyst\u0105pi\u0107 do negocjacji warunk\u00f3w potencjalnego depozytu. Osoby poszukuj\u0105ce <strong>wy\u017cszej stopy zwrotu,<\/strong> skorzysta\u0107 mog\u0105 z szerokiej gamy funduszy inwestycyjnych &#8211; od stabilnych funduszy got\u00f3wkowych do najbardziej <strong>ryzykownych funduszy akcyjnych.<\/strong><br \/>\n<\/span><\/p>\n<p style=\"text-align: justify\"><\/p>\n<p style=\"text-align: center\"><a class=\"btn btn-success\" href=\"https:\/\/rankomat.pl\/finanse\/banki\/bank-pocztowy\/lokaty\/\">Sprawd\u017a lokaty Banku Pocztowego<\/a><\/p>\n<h2><b>Dla oczekuj\u0105cych finansowania<\/b><\/h2>\n<p style=\"text-align: justify\"><span style=\"font-weight: 400\">W ofercie Banku Pocztowego znalaz\u0142y si\u0119 tak\u017ce rozwi\u0105zania pozwalaj\u0105ce <strong>sfinansowa\u0107 bie\u017c\u0105ce i d\u0142ugoterminowe potrzeby klient\u00f3w<\/strong>. Osoby poszukuj\u0105ce szybkiej got\u00f3wki, zaci\u0105gn\u0105\u0107 mog\u0105 zobowi\u0105zanie w postaci kredytu pocztowego. Dodatkowe \u015brodki, na dowolny cel, zapewni\u0107 mo\u017ce r\u00f3wnie\u017c kredyt w koncie osobistym, kt\u00f3ry stanowi\u0107 mo\u017ce<strong> r\u00f3wnowarto\u015b\u0107 nawet 6 pensji<\/strong>. Bank pami\u0119ta r\u00f3wnie\u017c o klientach planuj\u0105cych zakup mieszkania lub budow\u0119 domu, kieruj\u0105c do nich <strong>ofert\u0119 kredytu mieszkaniowego<\/strong>. Z kolei osoby gotowe zastawi\u0107 swoj\u0105 nieruchomo\u015b\u0107, skorzysta\u0107 mog\u0105 z po\u017cyczki hipotecznej na dowolny cel.<br \/>\n<\/span><\/p>\n<p style=\"text-align: center\"><a class=\"btn btn-success\" href=\"https:\/\/rankomat.pl\/finanse\/kredyty-gotowkowe\/\">Sprawd\u017a oferty kredyt\u00f3w<\/a><\/p>\n<h2 style=\"text-align: justify\"><b>Bank Pocztowy &#8211; kontakt<\/b><\/h2>\n<p><span style=\"font-weight: 400\">Adres centrali: ul. Pu\u0142awska 111 B, 02-707 Warszawa lub ul. Jagiello\u0144ska 17, 85-959 Bydgoszcz<\/span><\/p>\n<p><span style=\"font-weight: 400\">Infolinia: 801 100 500, 52 34 99 499<\/span><\/p>\n<p><span style=\"font-weight: 400\">Email: informacja@pocztowy.pl<\/span><\/p>\n<p><span style=\"font-weight: 400\">Adres strony kontaktowej: https:\/\/www.pocztowy.pl\/kontakt\/<\/span><\/p>\n<p><strong>Lokalizacja centrali w Warszawie<\/strong><\/p>\n<p><strong>Lokalizacja centrali w Bydgoszczy<\/strong><\/p>\n","protected":false},"excerpt":{"rendered":"<p>Lokaty \u00bb Jak za\u0142o\u017cy\u0107 konto \u00bb Jak zamkn\u0105\u0107 konto \u00bb Kredyt got\u00f3wkowy \u00bb Bank Pocztowy powsta\u0142 w 1990 r. Jego [&hellip;]<\/p>\n","protected":false},"author":66,"featured_media":0,"parent":11004,"menu_order":0,"comment_status":"closed","ping_status":"closed","template":"page_bank_new.php","meta":{"_acf_changed":false,"yasr_overall_rating":0,"yasr_post_is_review":"","yasr_auto_insert_disabled":"","yasr_review_type":"","footnotes":""},"class_list":["post-933","page","type-page","status-publish","hentry"],"acf":[],"yoast_head":"<!-- This site is optimized with the Yoast SEO plugin v27.1.1 - https:\/\/yoast.com\/product\/yoast-seo-wordpress\/ -->\n<title>Bank Pocztowy - Por\u00f3wnaj z 15 innymi bankami | Finanse.rankomat.pl<\/title>\n<meta name=\"robots\" content=\"index, follow, max-snippet:-1, max-image-preview:large, max-video-preview:-1\" \/>\n<link rel=\"canonical\" href=\"https:\/\/rankomat.pl\/finanse\/banki\/bank-pocztowy\/\" \/>\n<meta property=\"og:locale\" content=\"pl_PL\" \/>\n<meta property=\"og:type\" content=\"article\" \/>\n<meta property=\"og:title\" content=\"Bank Pocztowy - Por\u00f3wnaj z 15 innymi bankami | Finanse.rankomat.pl\" \/>\n<meta property=\"og:description\" content=\"Lokaty \u00bb Jak za\u0142o\u017cy\u0107 konto \u00bb Jak zamkn\u0105\u0107 konto \u00bb Kredyt got\u00f3wkowy \u00bb Bank Pocztowy powsta\u0142 w 1990 r. Jego [&hellip;]\" \/>\n<meta property=\"og:url\" content=\"https:\/\/rankomat.pl\/finanse\/banki\/bank-pocztowy\/\" \/>\n<meta property=\"og:site_name\" content=\"Por\u00f3wnywarka finansowa Rankomat\" \/>\n<meta property=\"article:publisher\" content=\"https:\/\/www.facebook.com\/rankomatpl\/\" \/>\n<meta property=\"article:modified_time\" content=\"2025-07-10T09:54:10+00:00\" \/>\n<meta property=\"og:image\" content=\"https:\/\/rankomat.pl\/finanse\/wp-content\/uploads\/2022\/04\/bank_pocztowy1.png\" \/>\n\t<meta property=\"og:image:width\" content=\"170\" \/>\n\t<meta property=\"og:image:height\" content=\"70\" \/>\n\t<meta property=\"og:image:type\" content=\"image\/png\" \/>\n<meta name=\"twitter:card\" content=\"summary_large_image\" \/>\n<meta name=\"twitter:site\" content=\"@rankomat\" \/>\n<meta name=\"twitter:label1\" content=\"Szacowany czas czytania\" \/>\n\t<meta name=\"twitter:data1\" content=\"4 minuty\" \/>\n<script type=\"application\/ld+json\" class=\"yoast-schema-graph\">{\"@context\":\"https:\/\/schema.org\",\"@graph\":[{\"@type\":\"ImageObject\",\"inLanguage\":\"pl-PL\",\"@id\":\"https:\/\/rankomat.pl\/finanse\/banki\/bank-pocztowy\/#primaryimage\",\"url\":\"https:\/\/rankomat.pl\/finanse\/wp-content\/uploads\/2022\/04\/bank_pocztowy1.png\",\"contentUrl\":\"https:\/\/rankomat.pl\/finanse\/wp-content\/uploads\/2022\/04\/bank_pocztowy1.png\",\"width\":170,\"height\":70},{\"@type\":\"BreadcrumbList\",\"@id\":\"https:\/\/rankomat.pl\/finanse\/banki\/bank-pocztowy\/#breadcrumb\",\"itemListElement\":[{\"@type\":\"ListItem\",\"position\":1,\"name\":\"Finanse\",\"item\":\"https:\/\/rankomat.pl\/finanse\/\"},{\"@type\":\"ListItem\",\"position\":2,\"name\":\"Banki\",\"item\":\"https:\/\/rankomat.pl\/finanse\/banki\/\"},{\"@type\":\"ListItem\",\"position\":3,\"name\":\"Bank Pocztowy\"}]}]}<\/script>\n<!-- \/ Yoast SEO plugin. -->","yoast_head_json":{"title":"Bank Pocztowy - Por\u00f3wnaj z 15 innymi bankami | Finanse.rankomat.pl","robots":{"index":"index","follow":"follow","max-snippet":"max-snippet:-1","max-image-preview":"max-image-preview:large","max-video-preview":"max-video-preview:-1"},"canonical":"https:\/\/rankomat.pl\/finanse\/banki\/bank-pocztowy\/","og_locale":"pl_PL","og_type":"article","og_title":"Bank Pocztowy - Por\u00f3wnaj z 15 innymi bankami | Finanse.rankomat.pl","og_description":"Lokaty \u00bb Jak za\u0142o\u017cy\u0107 konto \u00bb Jak zamkn\u0105\u0107 konto \u00bb Kredyt got\u00f3wkowy \u00bb Bank Pocztowy powsta\u0142 w 1990 r. Jego [&hellip;]","og_url":"https:\/\/rankomat.pl\/finanse\/banki\/bank-pocztowy\/","og_site_name":"Por\u00f3wnywarka finansowa Rankomat","article_publisher":"https:\/\/www.facebook.com\/rankomatpl\/","article_modified_time":"2025-07-10T09:54:10+00:00","og_image":[{"width":170,"height":70,"url":"https:\/\/rankomat.pl\/finanse\/wp-content\/uploads\/2022\/04\/bank_pocztowy1.png","type":"image\/png"}],"twitter_card":"summary_large_image","twitter_site":"@rankomat","twitter_misc":{"Szacowany czas czytania":"4 minuty"},"schema":{"@context":"https:\/\/schema.org","@graph":[{"@type":"ImageObject","inLanguage":"pl-PL","@id":"https:\/\/rankomat.pl\/finanse\/banki\/bank-pocztowy\/#primaryimage","url":"https:\/\/rankomat.pl\/finanse\/wp-content\/uploads\/2022\/04\/bank_pocztowy1.png","contentUrl":"https:\/\/rankomat.pl\/finanse\/wp-content\/uploads\/2022\/04\/bank_pocztowy1.png","width":170,"height":70},{"@type":"BreadcrumbList","@id":"https:\/\/rankomat.pl\/finanse\/banki\/bank-pocztowy\/#breadcrumb","itemListElement":[{"@type":"ListItem","position":1,"name":"Finanse","item":"https:\/\/rankomat.pl\/finanse\/"},{"@type":"ListItem","position":2,"name":"Banki","item":"https:\/\/rankomat.pl\/finanse\/banki\/"},{"@type":"ListItem","position":3,"name":"Bank Pocztowy"}]}]}},"yasr_visitor_votes":{"stars_attributes":{"read_only":false,"span_bottom":false},"number_of_votes":38,"sum_votes":190},"_links":{"self":[{"href":"https:\/\/rankomat.pl\/finanse\/wp-json\/wp\/v2\/pages\/933","targetHints":{"allow":["GET"]}}],"collection":[{"href":"https:\/\/rankomat.pl\/finanse\/wp-json\/wp\/v2\/pages"}],"about":[{"href":"https:\/\/rankomat.pl\/finanse\/wp-json\/wp\/v2\/types\/page"}],"author":[{"embeddable":true,"href":"https:\/\/rankomat.pl\/finanse\/wp-json\/wp\/v2\/users\/66"}],"replies":[{"embeddable":true,"href":"https:\/\/rankomat.pl\/finanse\/wp-json\/wp\/v2\/comments?post=933"}],"version-history":[{"count":0,"href":"https:\/\/rankomat.pl\/finanse\/wp-json\/wp\/v2\/pages\/933\/revisions"}],"up":[{"embeddable":true,"href":"https:\/\/rankomat.pl\/finanse\/wp-json\/wp\/v2\/pages\/11004"}],"wp:attachment":[{"href":"https:\/\/rankomat.pl\/finanse\/wp-json\/wp\/v2\/media?parent=933"}],"curies":[{"name":"wp","href":"https:\/\/api.w.org\/{rel}","templated":true}]}}